{"id":732709,"date":"2025-08-27T21:56:12","date_gmt":"2025-08-27T18:56:12","guid":{"rendered":"https:\/\/roveyayinevi.com.tr\/index.php\/urun\/istanbul-karasi\/"},"modified":"2026-04-16T02:40:26","modified_gmt":"2026-04-15T23:40:26","slug":"istanbul-karasi","status":"publish","type":"product","link":"https:\/\/roveyayinevi.com.tr\/index.php\/urun\/istanbul-karasi\/","title":{"rendered":"\u0130stanbul Karas\u0131"},"content":{"rendered":"<p>Taksi ve So\u011fuk A\u015fk adl\u0131 iki uzun \u00f6yk\u00fcden olu\u015fan \u0130stanbul Karas\u0131\u2019nda U\u011fur Ar\u0131k, daha ilk sayfalardan itibaren 1960\u2019lar\u0131n siyah beyaz polisiye filmlerini hat\u0131rlatan gerilim dolu kasvetli bir atmosfere sokuyo\u0131r bizi. Gece yar\u0131s\u0131 \u00e7alan telefonlar\u0131n, so\u011fuk ve karanl\u0131k kald\u0131r\u0131mlar\u0131n, izbe kenar mahalle evlerinin, b\u0131\u00e7k\u0131n delikanl\u0131lar\u0131n, yasad\u0131\u015f\u0131 i\u015fler yapan tabancal\u0131 adamlar\u0131n, v\u0131z\u0131ldayan ku\u015flar\u0131n d\u00fcnyas\u0131na, ba\u015fka bir deyi\u015fle \u0130stanbul\u2019un karanl\u0131k taraf\u0131na g\u00f6t\u00fcr\u00fcyor. Bu \u00fcrk\u00fct\u00fcc\u00fc ve ac\u0131mas\u0131z d\u00fcnyada i\u015flenen cinayetlerin faillerini arayan Ba\u015fkomiser C\u00fcneyt\u2019in i\u015fi hi\u00e7 de kolay de\u011fil. Her ne kadar zeki, g\u00f6z\u00fcpek ve kurallara fazla kafay\u0131 takmayan biri olsa da sonu\u00e7ta o da bir insan. \u00dcstelik bu kez, hem kendisinin hem karde\u015finin hayat\u0131 tehlikede.Son ana kadar gizlenmeyi ba\u015faran katil kim?Cinayetin sebebi ne?Sert polisiye tarz\u0131nda yaz\u0131lm\u0131\u015f, gerilim dozu olduk\u00e7a y\u00fcksek \u0130stanbul Karas\u0131\u2019n\u0131 keyifle okuyacaks\u0131n\u0131z.<\/p>\n","protected":false},"excerpt":{"rendered":"<p>Taksi ve So\u011fuk A\u015fk adl\u0131 iki uzun \u00f6yk\u00fcden olu\u015fan \u0130stanbul Karas\u0131\u2019nda U\u011fur Ar\u0131k, daha ilk sayfalardan itibaren 1960\u2019lar\u0131n siyah beyaz polisiye filmlerini hat\u0131rlatan gerilim dolu kasvetli<span class=\"excerpt-hellip\"> [\u2026]<\/span><\/p>\n","protected":false},"featured_media":0,"template":"","meta":{"_monsterinsights_skip_tracking":false,"_monsterinsights_sitenote_active":false,"_monsterinsights_sitenote_note":"","_monsterinsights_sitenote_category":0},"product_brand":[],"product_cat":[12291,12711],"product_tag":[],"class_list":{"0":"post-732709","1":"product","2":"type-product","3":"status-publish","5":"product_cat-edebiyat","6":"product_cat-roman-oyku","7":"pa_cilt-ciltsiz","8":"pa_tur-kitap","9":"pa_yayinevi-herdem-kitap","10":"pa_yazar-ugur-arik","12":"first","13":"instock","14":"sale","15":"shipping-taxable","16":"purchasable","17":"product-type-simple"},"_links":{"self":[{"href":"https:\/\/roveyayinevi.com.tr\/index.php\/wp-json\/wp\/v2\/product\/732709","targetHints":{"allow":["GET"]}}],"collection":[{"href":"https:\/\/roveyayinevi.com.tr\/index.php\/wp-json\/wp\/v2\/product"}],"about":[{"href":"https:\/\/roveyayinevi.com.tr\/index.php\/wp-json\/wp\/v2\/types\/product"}],"wp:attachment":[{"href":"https:\/\/roveyayinevi.com.tr\/index.php\/wp-json\/wp\/v2\/media?parent=732709"}],"wp:term":[{"taxonomy":"product_brand","embeddable":true,"href":"https:\/\/roveyayinevi.com.tr\/index.php\/wp-json\/wp\/v2\/product_brand?post=732709"},{"taxonomy":"product_cat","embeddable":true,"href":"https:\/\/roveyayinevi.com.tr\/index.php\/wp-json\/wp\/v2\/product_cat?post=732709"},{"taxonomy":"product_tag","embeddable":true,"href":"https:\/\/roveyayinevi.com.tr\/index.php\/wp-json\/wp\/v2\/product_tag?post=732709"}],"curies":[{"name":"wp","href":"https:\/\/api.w.org\/{rel}","templated":true}]}}