{"id":732705,"date":"2025-08-27T21:56:08","date_gmt":"2025-08-27T18:56:08","guid":{"rendered":"https:\/\/roveyayinevi.com.tr\/index.php\/urun\/erkek-cinselliginin-perde-arkasi\/"},"modified":"2026-04-16T02:40:25","modified_gmt":"2026-04-15T23:40:25","slug":"erkek-cinselliginin-perde-arkasi","status":"publish","type":"product","link":"https:\/\/roveyayinevi.com.tr\/index.php\/urun\/erkek-cinselliginin-perde-arkasi\/","title":{"rendered":"Erkek Cinselli\u011finin Perde Arkas\u0131"},"content":{"rendered":"<p>ERKEK C\u0130NSEL \u0130\u015eLEV BOZUKLUKLARINA ENTEGRAT\u0130F B\u0130R BAKI\u015e\u2026 Cinsel sa\u011fl\u0131k, multidisipliner bir \u00e7al\u0131\u015fmay\u0131 gerektiren \u00e7ok \u00f6zel bir aland\u0131r. \u00c7\u00fcnk\u00fc konunun biyo-psiko-sosyal son derece karma\u015f\u0131k ve etkile\u015fimsel bir arka plan\u0131 s\u00f6z konusudur. \u00d6rne\u011fin, bir erke\u011fin cinsel organlar\u0131n\u0131n sa\u011fl\u0131kl\u0131 olmas\u0131, kendisi ve partnerine doyum sa\u011flayacak kadar cinsel yeterlili\u011fe sahip olabilece\u011fi anlam\u0131na asla gelmemektedir. Cinsel bilgi ve cinsel deneyimin yan\u0131nda, erke\u011fin intrapsi\u015fik dengesi, seks s\u00fcrecini y\u00f6netebilmesi, kendini cinsel hislere ve bedensel duyumlara teslim edebilme becerisi de b\u00fcy\u00fck \u00f6nem ta\u015f\u0131r. Dolay\u0131s\u0131yla erkek cinsel i\u015flev bozukluklar\u0131n\u0131n tan\u0131 ve tedavisinde, erke\u011fin ya\u015fad\u0131\u011f\u0131 sorunun o erkek i\u00e7in anlam\u0131n\u0131 ke\u015ffetmek son derece \u00f6nemlidir. \u00c7ok farkl\u0131 pencerelerden ayn\u0131 anda bakabilmeyi gerektiren bu ke\u015fifte hem dan\u0131\u015fanlara hem de uzmanlara \u201cErkek Cinselli\u011finin Perde Arkas\u0131\u201d g\u00fcvenilir ve yetkin bir kaynak olarak rehberlik edecektir\u2026 Cinsel Sa\u011fl\u0131k Enstit\u00fcs\u00fc Derne\u011fi \u2013 C\u0130SEDERKKEK C\u0130NSELL\u0130\u011e\u0130N\u0130 KE\u015eFETMEYE DA\u0130R B\u0130R YOLCULU\u011eA VAR MISINIZ? \u201cErkek Cinselli\u011finin Perde Arkas\u0131\u201d, erkek cinsel i\u015flev sorunlar\u0131n\u0131 organik, psikojenik, ili\u015fkisel ve sosyal ba\u011flant\u0131lar\u0131 ile birlikte entegratif ve sistematik bi\u00e7imde ele alan ve erkek cinselli\u011finin perde arkas\u0131nda ger\u00e7ekte ya\u015fananlar\u0131 g\u00f6zler \u00f6n\u00fcne seren benzersiz bir eserdir. Erkeklerde bo\u015falma sorunlar\u0131n\u0131n tan\u0131 ve tedavisinin ayr\u0131nt\u0131lar\u0131yla anlat\u0131ld\u0131\u011f\u0131 \u201cKontrol Sende G\u00fc\u00e7 Sende\u201d adl\u0131 kitab\u0131m\u0131zla birlikte, eksiksiz ve kapsaml\u0131 bir kaynak seti olu\u015fturarak hem cinsel sa\u011fl\u0131k alan\u0131nda \u00e7al\u0131\u015fan hekimler ve ruh sa\u011fl\u0131\u011f\u0131 profesyonelleri hem de erkeklerin cinsel d\u00fcnyas\u0131n\u0131 anlamak isteyen herkes i\u00e7in yararl\u0131 olacakt\u0131r\u2026<\/p>\n","protected":false},"excerpt":{"rendered":"<p>ERKEK C\u0130NSEL \u0130\u015eLEV BOZUKLUKLARINA ENTEGRAT\u0130F B\u0130R BAKI\u015e\u2026 Cinsel sa\u011fl\u0131k, multidisipliner bir \u00e7al\u0131\u015fmay\u0131 gerektiren \u00e7ok \u00f6zel bir aland\u0131r. \u00c7\u00fcnk\u00fc konunun biyo-psiko-sosyal son derece karma\u015f\u0131k ve etkile\u015fimsel bir<span class=\"excerpt-hellip\"> [\u2026]<\/span><\/p>\n","protected":false},"featured_media":0,"template":"","meta":{"_monsterinsights_skip_tracking":false,"_monsterinsights_sitenote_active":false,"_monsterinsights_sitenote_note":"","_monsterinsights_sitenote_category":0},"product_brand":[],"product_cat":[35288,13365],"product_tag":[],"class_list":{"0":"post-732705","1":"product","2":"type-product","3":"status-publish","5":"product_cat-cinsellik-saglik","6":"product_cat-saglik","7":"pa_cilt-ciltsiz","8":"pa_tur-kitap","9":"pa_yayinevi-pusula-yayinevi-ankara","10":"pa_yazar-cem-kece-umut-ozdemir","12":"first","13":"instock","14":"sale","15":"shipping-taxable","16":"purchasable","17":"product-type-simple"},"_links":{"self":[{"href":"https:\/\/roveyayinevi.com.tr\/index.php\/wp-json\/wp\/v2\/product\/732705","targetHints":{"allow":["GET"]}}],"collection":[{"href":"https:\/\/roveyayinevi.com.tr\/index.php\/wp-json\/wp\/v2\/product"}],"about":[{"href":"https:\/\/roveyayinevi.com.tr\/index.php\/wp-json\/wp\/v2\/types\/product"}],"wp:attachment":[{"href":"https:\/\/roveyayinevi.com.tr\/index.php\/wp-json\/wp\/v2\/media?parent=732705"}],"wp:term":[{"taxonomy":"product_brand","embeddable":true,"href":"https:\/\/roveyayinevi.com.tr\/index.php\/wp-json\/wp\/v2\/product_brand?post=732705"},{"taxonomy":"product_cat","embeddable":true,"href":"https:\/\/roveyayinevi.com.tr\/index.php\/wp-json\/wp\/v2\/product_cat?post=732705"},{"taxonomy":"product_tag","embeddable":true,"href":"https:\/\/roveyayinevi.com.tr\/index.php\/wp-json\/wp\/v2\/product_tag?post=732705"}],"curies":[{"name":"wp","href":"https:\/\/api.w.org\/{rel}","templated":true}]}}