{"id":732703,"date":"2025-08-27T21:56:06","date_gmt":"2025-08-27T18:56:06","guid":{"rendered":"https:\/\/roveyayinevi.com.tr\/index.php\/urun\/obezite-ve-beslenme-stratejileri\/"},"modified":"2026-04-16T02:40:25","modified_gmt":"2026-04-15T23:40:25","slug":"obezite-ve-beslenme-stratejileri","status":"publish","type":"product","link":"https:\/\/roveyayinevi.com.tr\/index.php\/urun\/obezite-ve-beslenme-stratejileri\/","title":{"rendered":"Obezite ve Beslenme Stratejileri"},"content":{"rendered":"<p>Laparoskopik bariatrik ve metabolik cerrahi alan\u0131nda uzun y\u0131llara dayal\u0131 deneyimleri ve yetkinli\u011fi ulusal ve uluslararas\u0131 bir\u00e7ok \u00f6d\u00fclle takdir edilmi\u015f olan Dr. \u00d6\u011fr. \u00dcyesi Muzaffer Al taraf\u0131ndan kaleme al\u0131nan bu eser, obezite ile m\u00fccadelede s\u00fcrekli geli\u015fen bariatrik cerrahi ile ilgili temel bilgiler, kullan\u0131lmakta olan cerrahi y\u00f6ntemler, bariatrik cerrahi sonras\u0131nda beslenme ilkeleri ve ya\u015fam kalitesinde iyile\u015fme konular\u0131nda kapsaml\u0131 bir bilgi k\u0131lavuzu olarak literat\u00fcre katk\u0131 sa\u011flayan \u00f6nemli bir kaynak eserdir. Ayr\u0131ca obezite ve beslenme ile ilgili verdi\u011fi ayr\u0131nt\u0131l\u0131 bilgilerle obezite hastal\u0131\u011f\u0131na kar\u015f\u0131 korunma yollar\u0131n\u0131 arayan herkes i\u00e7in pratik bir rehber olacakt\u0131r.<\/p>\n","protected":false},"excerpt":{"rendered":"<p>Laparoskopik bariatrik ve metabolik cerrahi alan\u0131nda uzun y\u0131llara dayal\u0131 deneyimleri ve yetkinli\u011fi ulusal ve uluslararas\u0131 bir\u00e7ok \u00f6d\u00fclle takdir edilmi\u015f olan Dr. \u00d6\u011fr. \u00dcyesi Muzaffer Al taraf\u0131ndan<span class=\"excerpt-hellip\"> [\u2026]<\/span><\/p>\n","protected":false},"featured_media":0,"template":"","meta":{"_monsterinsights_skip_tracking":false,"_monsterinsights_sitenote_active":false,"_monsterinsights_sitenote_note":"","_monsterinsights_sitenote_category":0},"product_brand":[],"product_cat":[13402,13365],"product_tag":[],"class_list":{"0":"post-732703","1":"product","2":"type-product","3":"status-publish","5":"product_cat-beslenme-ve-diyet","6":"product_cat-saglik","7":"pa_cilt-ciltsiz","8":"pa_tur-kitap","9":"pa_yayinevi-pusula-yayinevi-ankara","10":"pa_yazar-muzaffer-albayrak","12":"first","13":"instock","14":"sale","15":"shipping-taxable","16":"purchasable","17":"product-type-simple"},"_links":{"self":[{"href":"https:\/\/roveyayinevi.com.tr\/index.php\/wp-json\/wp\/v2\/product\/732703","targetHints":{"allow":["GET"]}}],"collection":[{"href":"https:\/\/roveyayinevi.com.tr\/index.php\/wp-json\/wp\/v2\/product"}],"about":[{"href":"https:\/\/roveyayinevi.com.tr\/index.php\/wp-json\/wp\/v2\/types\/product"}],"wp:attachment":[{"href":"https:\/\/roveyayinevi.com.tr\/index.php\/wp-json\/wp\/v2\/media?parent=732703"}],"wp:term":[{"taxonomy":"product_brand","embeddable":true,"href":"https:\/\/roveyayinevi.com.tr\/index.php\/wp-json\/wp\/v2\/product_brand?post=732703"},{"taxonomy":"product_cat","embeddable":true,"href":"https:\/\/roveyayinevi.com.tr\/index.php\/wp-json\/wp\/v2\/product_cat?post=732703"},{"taxonomy":"product_tag","embeddable":true,"href":"https:\/\/roveyayinevi.com.tr\/index.php\/wp-json\/wp\/v2\/product_tag?post=732703"}],"curies":[{"name":"wp","href":"https:\/\/api.w.org\/{rel}","templated":true}]}}