{"id":732696,"date":"2025-08-27T21:56:00","date_gmt":"2025-08-27T18:56:00","guid":{"rendered":"https:\/\/roveyayinevi.com.tr\/index.php\/urun\/neden-geldim-amerikaya\/"},"modified":"2026-04-16T02:40:25","modified_gmt":"2026-04-15T23:40:25","slug":"neden-geldim-amerikaya","status":"publish","type":"product","link":"https:\/\/roveyayinevi.com.tr\/index.php\/urun\/neden-geldim-amerikaya\/","title":{"rendered":"Neden Geldim Amerika&#8217;ya?"},"content":{"rendered":"<p>Uzun y\u0131llar Amerika\u2019da gazetecilik yapan An\u0131l Sural, bu \u00e7al\u0131\u015fma sayesinde ABD&#8217;de yerle\u015fik bulunan ancak hayat hik\u00e2yeleri yak\u0131n \u00e7evreleri d\u0131\u015f\u0131nda pek fazla bilinmeyen \u00f6nemli isimlerin dikkat \u00e7eken hayatlar\u0131n\u0131 okurla bulu\u015fturuyor. Bir anlamda T\u00fcrkiye\u2019nin k\u00fclt\u00fcr el\u00e7isi olan, bilim insanlar\u0131ndan ba\u015far\u0131l\u0131 sporculara, \u00f6nemli m\u00fczisyenlerden farkl\u0131 meslek erbaplar\u0131na pek \u00e7ok insan\u0131n ABD\u2019deki hayat\u0131n\u0131 konu eden Sural\u2019\u0131n ortaya koydu\u011fu bu eserle, hem bilinmeyen hik\u00e2yeleri \u00f6\u011frenecek hem de g\u00f6\u00e7menlerin d\u00fcnyas\u0131yla tan\u0131\u015facaks\u0131n\u0131z. Bir bak\u0131ma ar\u015fiv niteli\u011fi ta\u015f\u0131yan bu kitap, gelecek \u00e7al\u0131\u015fmalar i\u00e7in \u00f6nemli bir kaynak niteli\u011findedir. <\/p>\n","protected":false},"excerpt":{"rendered":"<p>Uzun y\u0131llar Amerika\u2019da gazetecilik yapan An\u0131l Sural, bu \u00e7al\u0131\u015fma sayesinde ABD&#8217;de yerle\u015fik bulunan ancak hayat hik\u00e2yeleri yak\u0131n \u00e7evreleri d\u0131\u015f\u0131nda pek fazla bilinmeyen \u00f6nemli isimlerin dikkat \u00e7eken<span class=\"excerpt-hellip\"> [\u2026]<\/span><\/p>\n","protected":false},"featured_media":0,"template":"","meta":{"_monsterinsights_skip_tracking":false,"_monsterinsights_sitenote_active":false,"_monsterinsights_sitenote_note":"","_monsterinsights_sitenote_category":0},"product_brand":[],"product_cat":[12291,30969],"product_tag":[],"class_list":{"0":"post-732696","1":"product","2":"type-product","3":"status-publish","5":"product_cat-edebiyat","6":"product_cat-soylesi-edebiyat","7":"pa_cilt-ciltsiz","8":"pa_tur-kitap","9":"pa_yayinevi-kopernik-kitap","10":"pa_yazar-anil-sural","12":"first","13":"instock","14":"sale","15":"shipping-taxable","16":"purchasable","17":"product-type-simple"},"_links":{"self":[{"href":"https:\/\/roveyayinevi.com.tr\/index.php\/wp-json\/wp\/v2\/product\/732696","targetHints":{"allow":["GET"]}}],"collection":[{"href":"https:\/\/roveyayinevi.com.tr\/index.php\/wp-json\/wp\/v2\/product"}],"about":[{"href":"https:\/\/roveyayinevi.com.tr\/index.php\/wp-json\/wp\/v2\/types\/product"}],"wp:attachment":[{"href":"https:\/\/roveyayinevi.com.tr\/index.php\/wp-json\/wp\/v2\/media?parent=732696"}],"wp:term":[{"taxonomy":"product_brand","embeddable":true,"href":"https:\/\/roveyayinevi.com.tr\/index.php\/wp-json\/wp\/v2\/product_brand?post=732696"},{"taxonomy":"product_cat","embeddable":true,"href":"https:\/\/roveyayinevi.com.tr\/index.php\/wp-json\/wp\/v2\/product_cat?post=732696"},{"taxonomy":"product_tag","embeddable":true,"href":"https:\/\/roveyayinevi.com.tr\/index.php\/wp-json\/wp\/v2\/product_tag?post=732696"}],"curies":[{"name":"wp","href":"https:\/\/api.w.org\/{rel}","templated":true}]}}