{"id":732677,"date":"2025-08-27T21:55:41","date_gmt":"2025-08-27T18:55:41","guid":{"rendered":"https:\/\/roveyayinevi.com.tr\/index.php\/urun\/kepler62-yeni-dunya-ada\/"},"modified":"2026-04-16T02:40:25","modified_gmt":"2026-04-15T23:40:25","slug":"kepler62-yeni-dunya-ada","status":"publish","type":"product","link":"https:\/\/roveyayinevi.com.tr\/index.php\/urun\/kepler62-yeni-dunya-ada\/","title":{"rendered":"Kepler62 &#8211; Yeni D\u00fcnya \/ Ada"},"content":{"rendered":"<p>Kepler62 gezegenindeki \u00e7ocuklar\u0131n maceralar\u0131 devam ediyor! Lisa\u2019n\u0131n ba\u015f\u0131n\u0131 \u00e7ekti\u011fi grup, Vallvik\u2019in liderleri olmas\u0131 gerekti\u011fine iyice ikna olmu\u015ftur. Bu da, Vallvik\u2019in k\u0131z\u0131 Marie\u2019nin babas\u0131n\u0131n yoklu\u011funda devreye girmesi demektir. Marie, di\u011ferleri taraf\u0131ndan sayg\u0131 ve hayranl\u0131kla kar\u015f\u0131lan\u0131r ve bu ilgiden ho\u015fland\u0131\u011f\u0131n\u0131 \u015fa\u015f\u0131rarak fark eder. Hi\u00e7 istemedi\u011fi halde babas\u0131na m\u0131 benzemektedir? Babas\u0131n\u0131n gezegenin gelece\u011fi i\u00e7in bir tehdit olu\u015fturdu\u011funu d\u00fc\u015f\u00fcnen Marie, onu durdurman\u0131n kendi sorumlulu\u011fu oldu\u011funa inan\u0131r ve kar\u015f\u0131la\u015faca\u011f\u0131 t\u00fcm tehlikelere ra\u011fmen onunla y\u00fczle\u015fmeye karar verir. Peki Marie\u2019yi neler beklemektedir?<\/p>\n","protected":false},"excerpt":{"rendered":"<p>Kepler62 gezegenindeki \u00e7ocuklar\u0131n maceralar\u0131 devam ediyor! Lisa\u2019n\u0131n ba\u015f\u0131n\u0131 \u00e7ekti\u011fi grup, Vallvik\u2019in liderleri olmas\u0131 gerekti\u011fine iyice ikna olmu\u015ftur. Bu da, Vallvik\u2019in k\u0131z\u0131 Marie\u2019nin babas\u0131n\u0131n yoklu\u011funda devreye girmesi<span class=\"excerpt-hellip\"> [\u2026]<\/span><\/p>\n","protected":false},"featured_media":0,"template":"","meta":{"_monsterinsights_skip_tracking":false,"_monsterinsights_sitenote_active":false,"_monsterinsights_sitenote_note":"","_monsterinsights_sitenote_category":0},"product_brand":[],"product_cat":[12275,12274],"product_tag":[],"class_list":{"0":"post-732677","1":"product","2":"type-product","3":"status-publish","5":"product_cat-6-12-yas-kitaplari","6":"product_cat-cocuk-ve-genclik-kitaplari","7":"pa_cilt-ciltsiz","8":"pa_tur-kitap","9":"pa_yayinevi-can-cocuk-yayinlari","10":"pa_yazar-bjorn-sortland","12":"first","13":"instock","14":"sale","15":"shipping-taxable","16":"purchasable","17":"product-type-simple"},"_links":{"self":[{"href":"https:\/\/roveyayinevi.com.tr\/index.php\/wp-json\/wp\/v2\/product\/732677","targetHints":{"allow":["GET"]}}],"collection":[{"href":"https:\/\/roveyayinevi.com.tr\/index.php\/wp-json\/wp\/v2\/product"}],"about":[{"href":"https:\/\/roveyayinevi.com.tr\/index.php\/wp-json\/wp\/v2\/types\/product"}],"wp:attachment":[{"href":"https:\/\/roveyayinevi.com.tr\/index.php\/wp-json\/wp\/v2\/media?parent=732677"}],"wp:term":[{"taxonomy":"product_brand","embeddable":true,"href":"https:\/\/roveyayinevi.com.tr\/index.php\/wp-json\/wp\/v2\/product_brand?post=732677"},{"taxonomy":"product_cat","embeddable":true,"href":"https:\/\/roveyayinevi.com.tr\/index.php\/wp-json\/wp\/v2\/product_cat?post=732677"},{"taxonomy":"product_tag","embeddable":true,"href":"https:\/\/roveyayinevi.com.tr\/index.php\/wp-json\/wp\/v2\/product_tag?post=732677"}],"curies":[{"name":"wp","href":"https:\/\/api.w.org\/{rel}","templated":true}]}}