{"id":732670,"date":"2025-08-27T21:55:34","date_gmt":"2025-08-27T18:55:34","guid":{"rendered":"https:\/\/roveyayinevi.com.tr\/index.php\/urun\/falaka-12\/"},"modified":"2026-04-08T02:49:20","modified_gmt":"2026-04-07T23:49:20","slug":"falaka-12","status":"publish","type":"product","link":"https:\/\/roveyayinevi.com.tr\/index.php\/urun\/falaka-12\/","title":{"rendered":"Falaka"},"content":{"rendered":"<p>\u015eimdi ben kimi hap\u015f\u0131r\u0131rken g\u00f6rsem, pek k\u00fc\u00e7\u00fckken yapt\u0131\u011f\u0131m bu tuhaf muzipli\u011fi hat\u0131rlar\u0131m. G\u00fcl\u00fcmserim. Kalbimde belirsiz bir ac\u0131 s\u0131zlar. Benim sebebime hocal\u0131ktan kovulan, ihtimal a\u00e7 kalan bu aksakall\u0131, fakir ihtiyar\u0131n zavall\u0131 hayali kar\u015f\u0131ma dikilir. Zaman ge\u00e7tik\u00e7e hafifleyecek yerde, daha ziyade a\u011f\u0131rla\u015fan bir vicdan azab\u0131 duyar\u0131m.Fakat\u2026Fakat bunun gibi, hayattaki her g\u00fcl\u00fcn\u00e7 \u015feyin alt\u0131nda g\u00f6r\u00fcnmez bir facia yok mudur?T\u00fcrk edebiyat\u0131n\u0131n \u00f6l\u00fcms\u00fcz isimlerinden biri olan \u00d6mer Seyfettin, yer yer g\u00fcld\u00fcren, \u00e7ok\u00e7a d\u00fc\u015f\u00fcnd\u00fcren, her biri birbirinden \u00f6nemli \u00f6yk\u00fcleriyle, her ya\u015fta ve her zamanda okunmas\u0131 gereken g\u00f6rkemli bir hazine\u2026<\/p>\n","protected":false},"excerpt":{"rendered":"<p>\u015eimdi ben kimi hap\u015f\u0131r\u0131rken g\u00f6rsem, pek k\u00fc\u00e7\u00fckken yapt\u0131\u011f\u0131m bu tuhaf muzipli\u011fi hat\u0131rlar\u0131m. G\u00fcl\u00fcmserim. Kalbimde belirsiz bir ac\u0131 s\u0131zlar. Benim sebebime hocal\u0131ktan kovulan, ihtimal a\u00e7 kalan bu<span class=\"excerpt-hellip\"> [\u2026]<\/span><\/p>\n","protected":false},"featured_media":0,"template":"","meta":{"_monsterinsights_skip_tracking":false,"_monsterinsights_sitenote_active":false,"_monsterinsights_sitenote_note":"","_monsterinsights_sitenote_category":0},"product_brand":[],"product_cat":[12274,12284],"product_tag":[],"class_list":{"0":"post-732670","1":"product","2":"type-product","3":"status-publish","5":"product_cat-cocuk-ve-genclik-kitaplari","6":"product_cat-hikayeler","7":"pa_cilt-ciltsiz","8":"pa_tur-kitap","9":"pa_yayinevi-turkuvaz-kitap","10":"pa_yazar-omer-seyfettin","12":"first","13":"instock","14":"sale","15":"shipping-taxable","16":"purchasable","17":"product-type-simple"},"_links":{"self":[{"href":"https:\/\/roveyayinevi.com.tr\/index.php\/wp-json\/wp\/v2\/product\/732670","targetHints":{"allow":["GET"]}}],"collection":[{"href":"https:\/\/roveyayinevi.com.tr\/index.php\/wp-json\/wp\/v2\/product"}],"about":[{"href":"https:\/\/roveyayinevi.com.tr\/index.php\/wp-json\/wp\/v2\/types\/product"}],"wp:attachment":[{"href":"https:\/\/roveyayinevi.com.tr\/index.php\/wp-json\/wp\/v2\/media?parent=732670"}],"wp:term":[{"taxonomy":"product_brand","embeddable":true,"href":"https:\/\/roveyayinevi.com.tr\/index.php\/wp-json\/wp\/v2\/product_brand?post=732670"},{"taxonomy":"product_cat","embeddable":true,"href":"https:\/\/roveyayinevi.com.tr\/index.php\/wp-json\/wp\/v2\/product_cat?post=732670"},{"taxonomy":"product_tag","embeddable":true,"href":"https:\/\/roveyayinevi.com.tr\/index.php\/wp-json\/wp\/v2\/product_tag?post=732670"}],"curies":[{"name":"wp","href":"https:\/\/api.w.org\/{rel}","templated":true}]}}