{"id":732668,"date":"2025-08-27T21:55:33","date_gmt":"2025-08-27T18:55:33","guid":{"rendered":"https:\/\/roveyayinevi.com.tr\/index.php\/urun\/atiksiz-yasam\/"},"modified":"2026-04-16T02:40:25","modified_gmt":"2026-04-15T23:40:25","slug":"atiksiz-yasam","status":"publish","type":"product","link":"https:\/\/roveyayinevi.com.tr\/index.php\/urun\/atiksiz-yasam\/","title":{"rendered":"At\u0131ks\u0131z Ya\u015fam"},"content":{"rendered":"<p>\u0130klim kriziyle m\u00fccadelede at\u0131ks\u0131z ya\u015fam \u00f6nemlidir. At\u0131ks\u0131z ya\u015fam gezegenle bar\u0131\u015f\u0131k, zarars\u0131zve sade ya\u015fam pratiklerinden ge\u00e7er.T\u00fcketim al\u0131\u015fkanl\u0131klar\u0131m\u0131z\u0131 de\u011fi\u015ftirmek, kullan-at k\u00fclt\u00fcr\u00fcn\u00fc terk etmek ve at\u0131k biriktirmedenya\u015famak m\u00fcmk\u00fcn! Bu, hep beraber yap\u0131ld\u0131\u011f\u0131nda ise daha anlaml\u0131. Ceren \u00d6zcan Tatar,at\u0131ks\u0131z ya\u015fama ge\u00e7i\u015fte ilk ad\u0131m\u0131n \u00f6nemini vurguluyor ve okurlar\u0131n\u0131 d\u00f6n\u00fc\u015f\u00fcme davet ediyor.Peki, nas\u0131l at\u0131ks\u0131z ya\u015far\u0131z?Yazar; yeniden kullanmay\u0131, t\u00fcketimi azaltmay\u0131, ayr\u0131\u015ft\u0131rmay\u0131 ve d\u00f6n\u00fc\u015ft\u00fcrmeyi kendideneyimlerinden yola \u00e7\u0131karak okurlar\u0131yla payla\u015f\u0131yor. Ki\u015fisel bak\u0131m \u00fcr\u00fcnlerinden mutfakal\u0131\u015fveri\u015fine, kompost yap\u0131m\u0131ndan plastik t\u00fcketimine kadar olan meseleler, a\u00e7\u0131klay\u0131c\u0131 vedetayl\u0131 bir anlat\u0131mla \u201cat\u0131ks\u0131z ya\u015fama rehberine\u201d d\u00f6n\u00fc\u015f\u00fcyor.Bu kitap, \u201cBir ki\u015fi tek ba\u015f\u0131na neyi de\u011fi\u015ftirebilir ki?\u201d diyenler i\u00e7in ger\u00e7ek bir yol g\u00f6sterici.<\/p>\n","protected":false},"excerpt":{"rendered":"<p>\u0130klim kriziyle m\u00fccadelede at\u0131ks\u0131z ya\u015fam \u00f6nemlidir. At\u0131ks\u0131z ya\u015fam gezegenle bar\u0131\u015f\u0131k, zarars\u0131zve sade ya\u015fam pratiklerinden ge\u00e7er.T\u00fcketim al\u0131\u015fkanl\u0131klar\u0131m\u0131z\u0131 de\u011fi\u015ftirmek, kullan-at k\u00fclt\u00fcr\u00fcn\u00fc terk etmek ve at\u0131k biriktirmedenya\u015famak m\u00fcmk\u00fcn! Bu,<span class=\"excerpt-hellip\"> [\u2026]<\/span><\/p>\n","protected":false},"featured_media":0,"template":"","meta":{"_monsterinsights_skip_tracking":false,"_monsterinsights_sitenote_active":false,"_monsterinsights_sitenote_note":"","_monsterinsights_sitenote_category":0},"product_brand":[],"product_cat":[23323,12364],"product_tag":[],"class_list":{"0":"post-732668","1":"product","2":"type-product","3":"status-publish","5":"product_cat-ekoloji","6":"product_cat-genel-konular","7":"pa_cilt-ciltsiz","8":"pa_tur-kitap","9":"pa_yayinevi-yeni-insan-yayinlari","10":"pa_yazar-ceren-ozcan-tatar","12":"first","13":"instock","14":"sale","15":"shipping-taxable","16":"purchasable","17":"product-type-simple"},"_links":{"self":[{"href":"https:\/\/roveyayinevi.com.tr\/index.php\/wp-json\/wp\/v2\/product\/732668","targetHints":{"allow":["GET"]}}],"collection":[{"href":"https:\/\/roveyayinevi.com.tr\/index.php\/wp-json\/wp\/v2\/product"}],"about":[{"href":"https:\/\/roveyayinevi.com.tr\/index.php\/wp-json\/wp\/v2\/types\/product"}],"wp:attachment":[{"href":"https:\/\/roveyayinevi.com.tr\/index.php\/wp-json\/wp\/v2\/media?parent=732668"}],"wp:term":[{"taxonomy":"product_brand","embeddable":true,"href":"https:\/\/roveyayinevi.com.tr\/index.php\/wp-json\/wp\/v2\/product_brand?post=732668"},{"taxonomy":"product_cat","embeddable":true,"href":"https:\/\/roveyayinevi.com.tr\/index.php\/wp-json\/wp\/v2\/product_cat?post=732668"},{"taxonomy":"product_tag","embeddable":true,"href":"https:\/\/roveyayinevi.com.tr\/index.php\/wp-json\/wp\/v2\/product_tag?post=732668"}],"curies":[{"name":"wp","href":"https:\/\/api.w.org\/{rel}","templated":true}]}}