{"id":732667,"date":"2025-08-27T21:55:32","date_gmt":"2025-08-27T18:55:32","guid":{"rendered":"https:\/\/roveyayinevi.com.tr\/index.php\/urun\/kuplerin-savasi-gizemli-matematik-hikayeleri-1\/"},"modified":"2026-04-16T02:40:25","modified_gmt":"2026-04-15T23:40:25","slug":"kuplerin-savasi-gizemli-matematik-hikayeleri-1","status":"publish","type":"product","link":"https:\/\/roveyayinevi.com.tr\/index.php\/urun\/kuplerin-savasi-gizemli-matematik-hikayeleri-1\/","title":{"rendered":"K\u00fcplerin Sava\u015f\u0131 &#8211; Gizemli Matematik Hikayeleri 1"},"content":{"rendered":"<p>Matematik, binlerce y\u0131ld\u0131r evrenin bilinmeyenlerini \u00e7\u00f6zmeye \u00e7al\u0131\u015fan insano\u011flunun en b\u00fcy\u00fck yard\u0131mc\u0131s\u0131 olmu\u015ftur. Medeniyetler, bayrak yar\u0131\u015flar\u0131ndaki gibi, yorulduklar\u0131nda bu g\u00f6revi ba\u015fka medeniyetlere teslim etmi\u015ftir. 1000 y\u0131ld\u0131r uykuda olan Avrupa&#8217;da ortaya \u00e7\u0131kan iki matematik\u00e7i uzun s\u00fcredir cevab\u0131 aranan denklemlerin pe\u015fine d\u00fc\u015ft\u00fcler.K\u00fcplerin Sava\u015f\u0131, matematik \u00e2\u015f\u0131\u011f\u0131 Tartaglia ve Cardano\u2019nun \u00fc\u00e7\u00fcnc\u00fc derece denklemleri \u00e7\u00f6zme m\u00fccadelesi matematik tarihine b\u00fcy\u00fck bir miras olarak kald\u0131. Say\u0131lar\u0131n \u0130zinde serisinin yazar\u0131 Ahmet Baki Yerli\u2019nin ger\u00e7ek bir hik\u00e2yeden uyarlad\u0131\u011f\u0131 bu kitap matemati\u011fe bak\u0131\u015f\u0131n\u0131z\u0131 de\u011fi\u015ftirecek.<\/p>\n","protected":false},"excerpt":{"rendered":"<p>Matematik, binlerce y\u0131ld\u0131r evrenin bilinmeyenlerini \u00e7\u00f6zmeye \u00e7al\u0131\u015fan insano\u011flunun en b\u00fcy\u00fck yard\u0131mc\u0131s\u0131 olmu\u015ftur. Medeniyetler, bayrak yar\u0131\u015flar\u0131ndaki gibi, yorulduklar\u0131nda bu g\u00f6revi ba\u015fka medeniyetlere teslim etmi\u015ftir. 1000 y\u0131ld\u0131r uykuda<span class=\"excerpt-hellip\"> [\u2026]<\/span><\/p>\n","protected":false},"featured_media":0,"template":"","meta":{"_monsterinsights_skip_tracking":false,"_monsterinsights_sitenote_active":false,"_monsterinsights_sitenote_note":"","_monsterinsights_sitenote_category":0},"product_brand":[],"product_cat":[12275,12274],"product_tag":[],"class_list":{"0":"post-732667","1":"product","2":"type-product","3":"status-publish","5":"product_cat-6-12-yas-kitaplari","6":"product_cat-cocuk-ve-genclik-kitaplari","7":"pa_cilt-ciltsiz","8":"pa_tur-kitap","9":"pa_yayinevi-acayip-kitaplar","10":"pa_yazar-ahmet-baki-yerli","12":"first","13":"instock","14":"sale","15":"shipping-taxable","16":"purchasable","17":"product-type-simple"},"_links":{"self":[{"href":"https:\/\/roveyayinevi.com.tr\/index.php\/wp-json\/wp\/v2\/product\/732667","targetHints":{"allow":["GET"]}}],"collection":[{"href":"https:\/\/roveyayinevi.com.tr\/index.php\/wp-json\/wp\/v2\/product"}],"about":[{"href":"https:\/\/roveyayinevi.com.tr\/index.php\/wp-json\/wp\/v2\/types\/product"}],"wp:attachment":[{"href":"https:\/\/roveyayinevi.com.tr\/index.php\/wp-json\/wp\/v2\/media?parent=732667"}],"wp:term":[{"taxonomy":"product_brand","embeddable":true,"href":"https:\/\/roveyayinevi.com.tr\/index.php\/wp-json\/wp\/v2\/product_brand?post=732667"},{"taxonomy":"product_cat","embeddable":true,"href":"https:\/\/roveyayinevi.com.tr\/index.php\/wp-json\/wp\/v2\/product_cat?post=732667"},{"taxonomy":"product_tag","embeddable":true,"href":"https:\/\/roveyayinevi.com.tr\/index.php\/wp-json\/wp\/v2\/product_tag?post=732667"}],"curies":[{"name":"wp","href":"https:\/\/api.w.org\/{rel}","templated":true}]}}