{"id":732665,"date":"2025-08-27T21:55:31","date_gmt":"2025-08-27T18:55:31","guid":{"rendered":"https:\/\/roveyayinevi.com.tr\/index.php\/urun\/kerbelada\/"},"modified":"2026-04-16T02:40:24","modified_gmt":"2026-04-15T23:40:24","slug":"kerbelada","status":"publish","type":"product","link":"https:\/\/roveyayinevi.com.tr\/index.php\/urun\/kerbelada\/","title":{"rendered":"Kerbela\u2019da"},"content":{"rendered":"<p>\u201cLakin, gece-g\u00fcnd\u00fcz demeden bu yolda y\u00fcr\u00fcyen canlar\u0131n H\u00fcseyin sevgisini hala \u00e7\u00f6zemedim. Bu gidi\u015fle\u00e7\u00f6zece\u011fimi de sanm\u0131yorum. Neden mi? \u00c7\u00fcnk\u00fc, Kerbela 680 y\u0131l\u0131nda oldu. O g\u00fcnden bug\u00fcne kimse \u00e7\u00f6zemediyse,bu canlar\u0131n a\u00e7, susuz, yorgun, uykusuz neden ve ni\u00e7in gittiklerini \u00e7\u00f6zece\u011fimi sanm\u0131yorum. Bu bir s\u0131rd\u0131r. Bu s\u0131rraereyim dersen, y\u00fcr\u00fcyerek \u00e7\u00f6zeceksin; oturmakla de\u011fil. \u00c7\u00f6z\u00fcm her daim sokaktad\u0131r. Hak almakta. Hak al\u0131n\u0131r,verilmez. Almak i\u00e7in de haks\u0131z\u0131n \u00fcst\u00fcne \u00fcst\u00fcne gideceksin. \u00d6lsen de yitsen de&#8230; \u0130\u015fte buradakilerin y\u00fcz\u00fcne bak\u0131ncao ifadeyi anl\u0131yorum. Burada bu canlar da o y\u00fczden y\u00fcr\u00fcyorlar&#8230; S\u0131rr\u0131 if\u015fa etmemek u\u011fruna. Ki \u00f6yle g\u00fcn gelir ki,H\u00fcseyin davas\u0131 bu s\u0131rla ancak \u00e7\u00f6z\u00fcl\u00fcr&#8230; \u00dcst\u00fcne \u00fcst\u00fcne gideceksin unutma!..<\/p>\n","protected":false},"excerpt":{"rendered":"<p>\u201cLakin, gece-g\u00fcnd\u00fcz demeden bu yolda y\u00fcr\u00fcyen canlar\u0131n H\u00fcseyin sevgisini hala \u00e7\u00f6zemedim. Bu gidi\u015fle\u00e7\u00f6zece\u011fimi de sanm\u0131yorum. Neden mi? \u00c7\u00fcnk\u00fc, Kerbela 680 y\u0131l\u0131nda oldu. O g\u00fcnden bug\u00fcne kimse<span class=\"excerpt-hellip\"> [\u2026]<\/span><\/p>\n","protected":false},"featured_media":0,"template":"","meta":{"_monsterinsights_skip_tracking":false,"_monsterinsights_sitenote_active":false,"_monsterinsights_sitenote_note":"","_monsterinsights_sitenote_category":0},"product_brand":[],"product_cat":[13055,13054],"product_tag":[],"class_list":{"0":"post-732665","1":"product","2":"type-product","3":"status-publish","5":"product_cat-gezi-rehberi","6":"product_cat-gezi-ve-rehber-kitaplari","7":"pa_cilt-ciltsiz","8":"pa_tur-kitap","9":"pa_yayinevi-elpis-yayinlari","10":"pa_yazar-gurbuz-simsek","12":"first","13":"instock","14":"sale","15":"shipping-taxable","16":"purchasable","17":"product-type-simple"},"_links":{"self":[{"href":"https:\/\/roveyayinevi.com.tr\/index.php\/wp-json\/wp\/v2\/product\/732665","targetHints":{"allow":["GET"]}}],"collection":[{"href":"https:\/\/roveyayinevi.com.tr\/index.php\/wp-json\/wp\/v2\/product"}],"about":[{"href":"https:\/\/roveyayinevi.com.tr\/index.php\/wp-json\/wp\/v2\/types\/product"}],"wp:attachment":[{"href":"https:\/\/roveyayinevi.com.tr\/index.php\/wp-json\/wp\/v2\/media?parent=732665"}],"wp:term":[{"taxonomy":"product_brand","embeddable":true,"href":"https:\/\/roveyayinevi.com.tr\/index.php\/wp-json\/wp\/v2\/product_brand?post=732665"},{"taxonomy":"product_cat","embeddable":true,"href":"https:\/\/roveyayinevi.com.tr\/index.php\/wp-json\/wp\/v2\/product_cat?post=732665"},{"taxonomy":"product_tag","embeddable":true,"href":"https:\/\/roveyayinevi.com.tr\/index.php\/wp-json\/wp\/v2\/product_tag?post=732665"}],"curies":[{"name":"wp","href":"https:\/\/api.w.org\/{rel}","templated":true}]}}