{"id":732656,"date":"2025-08-27T21:55:24","date_gmt":"2025-08-27T18:55:24","guid":{"rendered":"https:\/\/roveyayinevi.com.tr\/index.php\/urun\/komunizm-sonrasi-donemde-orta-asyada-islamcilik\/"},"modified":"2026-04-16T02:40:24","modified_gmt":"2026-04-15T23:40:24","slug":"komunizm-sonrasi-donemde-orta-asyada-islamcilik","status":"publish","type":"product","link":"https:\/\/roveyayinevi.com.tr\/index.php\/urun\/komunizm-sonrasi-donemde-orta-asyada-islamcilik\/","title":{"rendered":"Kom\u00fcnizm Sonras\u0131 D\u00f6nemde Orta Asya&#8217;da \u0130slamc\u0131l\u0131k"},"content":{"rendered":"<p>B\u0130R\u0130NC\u0130 B\u00d6L\u00dcM 1.Metodolojik, Kuramsal ve Kavramsal \u00c7er\u00e7eve 1.1Metodolojik \u00c7er\u00e7eve 1.2.Kuramsal \u00c7er\u00e7eve 1.3.Kavramsal \u00c7er\u00e7eve \u0130K\u0130NC\u0130 B\u00d6L\u00dcM 2.Orta Asya\u2019da \u0130slam ve Orta Asya Toplumlar\u0131nda M\u00fcsl\u00fcmanl\u0131k 2.1.Sovyetler Birli\u011fi D\u00f6neminden \u00d6nce Orta Asya 2.2.Bol\u015fevik Devrimi\u2019nden II. D\u00fcnya Sava\u015f\u0131\u2019na Kadar Orta Asya\u2019da \u0130slami Yap\u0131 ve Dini Kurumlar 2.3.II. D\u00fcnya Sava\u015f\u0131\u2019ndan Sovyetler Birli\u011fi\u2019nin Da\u011f\u0131lmas\u0131na Kadar Orta Asya\u2019da Dini Yap\u0131 \u00dc\u00c7\u00dcNC\u00dc B\u00d6L\u00dcM 3.Sovyetler Birli\u011fi Sonras\u0131 D\u00f6nemde Orta Asya\u2019da Toplum, Devlet ve Uluslararas\u0131 \u0130li\u015fkiler A\u00e7\u0131s\u0131ndan \u0130slamc\u0131 \u00d6rg\u00fctler ve \u0130slamc\u0131l\u0131k 3.1.Ba\u011f\u0131ms\u0131zl\u0131\u011f\u0131n Ard\u0131ndan Orta Asya Cumhuriyetlerinde Ya\u015fanan Siyasal Geli\u015fmeler ve \u0130slamc\u0131l\u0131\u011f\u0131n Toplumsal Hayata ve Politikaya Etkileri 3.2.Orta Asya\u2019daki \u0130slamc\u0131 \u00d6rg\u00fctler 3.3.Kom\u00fcnist Rejimin Miras\u0131 ile \u0130slami Uyan\u0131\u015f \u0130kileminde ve Uluslararas\u0131 \u0130li\u015fkiler G\u00fcndemi Olarak Orta Asya\u2019da \u0130slamc\u0131l\u0131k <\/p>\n","protected":false},"excerpt":{"rendered":"<p>B\u0130R\u0130NC\u0130 B\u00d6L\u00dcM 1.Metodolojik, Kuramsal ve Kavramsal \u00c7er\u00e7eve 1.1Metodolojik \u00c7er\u00e7eve 1.2.Kuramsal \u00c7er\u00e7eve 1.3.Kavramsal \u00c7er\u00e7eve \u0130K\u0130NC\u0130 B\u00d6L\u00dcM 2.Orta Asya\u2019da \u0130slam ve Orta Asya Toplumlar\u0131nda M\u00fcsl\u00fcmanl\u0131k 2.1.Sovyetler Birli\u011fi D\u00f6neminden<span class=\"excerpt-hellip\"> [\u2026]<\/span><\/p>\n","protected":false},"featured_media":0,"template":"","meta":{"_monsterinsights_skip_tracking":false,"_monsterinsights_sitenote_active":false,"_monsterinsights_sitenote_note":"","_monsterinsights_sitenote_category":0},"product_brand":[],"product_cat":[12337,17225],"product_tag":[],"class_list":{"0":"post-732656","1":"product","2":"type-product","3":"status-publish","5":"product_cat-politika-siyaset","6":"product_cat-uluslararasi-iliskiler","7":"pa_cilt-ciltsiz","8":"pa_tur-kitap","9":"pa_yayinevi-gazi-kitabevi","10":"pa_yazar-fatih-demircioglu","12":"first","13":"instock","14":"sale","15":"shipping-taxable","16":"purchasable","17":"product-type-simple"},"_links":{"self":[{"href":"https:\/\/roveyayinevi.com.tr\/index.php\/wp-json\/wp\/v2\/product\/732656","targetHints":{"allow":["GET"]}}],"collection":[{"href":"https:\/\/roveyayinevi.com.tr\/index.php\/wp-json\/wp\/v2\/product"}],"about":[{"href":"https:\/\/roveyayinevi.com.tr\/index.php\/wp-json\/wp\/v2\/types\/product"}],"wp:attachment":[{"href":"https:\/\/roveyayinevi.com.tr\/index.php\/wp-json\/wp\/v2\/media?parent=732656"}],"wp:term":[{"taxonomy":"product_brand","embeddable":true,"href":"https:\/\/roveyayinevi.com.tr\/index.php\/wp-json\/wp\/v2\/product_brand?post=732656"},{"taxonomy":"product_cat","embeddable":true,"href":"https:\/\/roveyayinevi.com.tr\/index.php\/wp-json\/wp\/v2\/product_cat?post=732656"},{"taxonomy":"product_tag","embeddable":true,"href":"https:\/\/roveyayinevi.com.tr\/index.php\/wp-json\/wp\/v2\/product_tag?post=732656"}],"curies":[{"name":"wp","href":"https:\/\/api.w.org\/{rel}","templated":true}]}}