{"id":732653,"date":"2025-08-27T21:55:21","date_gmt":"2025-08-27T18:55:21","guid":{"rendered":"https:\/\/roveyayinevi.com.tr\/index.php\/urun\/hicligin-kralicesi-ciltli\/"},"modified":"2026-04-16T02:40:24","modified_gmt":"2026-04-15T23:40:24","slug":"hicligin-kralicesi-ciltli","status":"publish","type":"product","link":"https:\/\/roveyayinevi.com.tr\/index.php\/urun\/hicligin-kralicesi-ciltli\/","title":{"rendered":"Hi\u00e7li\u011fin Krali\u00e7esi (Ciltli)"},"content":{"rendered":"<p>Tac\u0131n y\u0131k\u0131m\u0131 ve taht\u0131n mahvolmas\u0131 onun elinden olacak&#8230;Yaln\u0131zca onun kan\u0131 d\u00f6k\u00fcl\u00fcnce y\u00fcce bir h\u00fck\u00fcmdar y\u00fckselecek.   Jude, Periler Diyar\u0131\u2019n\u0131n Krali\u00e7esi olarak faniler d\u00fcnyas\u0131nda s\u00fcrg\u00fcnde ve hi\u00e7bir g\u00fcc\u00fc yok ama kaybetti\u011fi her \u015feyi geri kazanmaya kararl\u0131. Hayat\u0131 tehlikede olan ikiz karde\u015fi Taryn sayesinde \u015fans y\u00fcz\u00fcne g\u00fcler. Periler Diyar\u0131\u2019na geri d\u00f6nmeli ve Cardan\u2019a olan hisleriyle y\u00fczle\u015fmelidir. Ama Elfhame b\u0131rakt\u0131\u011f\u0131ndan \u00e7ok farkl\u0131d\u0131r, sava\u015f kap\u0131dad\u0131r ve eski d\u00fc\u015fmanlar\u0131 hi\u00e7 olmad\u0131\u011f\u0131 kadar g\u00fc\u00e7l\u00fcd\u00fcr.   Ancak karanl\u0131k bir kehanet ortaya \u00e7\u0131kt\u0131\u011f\u0131nda Jude ilk fani Y\u00fcce Krali\u00e7e olarak Periler Diyar\u0131\u2019n\u0131 ve sevdiklerini kurtarmak i\u00e7in can\u0131 pahas\u0131na sava\u015fmak zorundad\u0131r!   \u00c7oksatan yazar Holly Black, merakla beklenen Peri Halk\u0131 Serisi\u2019ne son noktay\u0131 muhte\u015fem bir \u015fekilde koyarken Jude\u2019u korkun\u00e7 bir se\u00e7im yapmaya zorluyor. <\/p>\n","protected":false},"excerpt":{"rendered":"<p>Tac\u0131n y\u0131k\u0131m\u0131 ve taht\u0131n mahvolmas\u0131 onun elinden olacak&#8230;Yaln\u0131zca onun kan\u0131 d\u00f6k\u00fcl\u00fcnce y\u00fcce bir h\u00fck\u00fcmdar y\u00fckselecek. Jude, Periler Diyar\u0131\u2019n\u0131n Krali\u00e7esi olarak faniler d\u00fcnyas\u0131nda s\u00fcrg\u00fcnde ve hi\u00e7bir g\u00fcc\u00fc<span class=\"excerpt-hellip\"> [\u2026]<\/span><\/p>\n","protected":false},"featured_media":0,"template":"","meta":{"_monsterinsights_skip_tracking":false,"_monsterinsights_sitenote_active":false,"_monsterinsights_sitenote_note":"","_monsterinsights_sitenote_category":0},"product_brand":[],"product_cat":[12291,14777],"product_tag":[],"class_list":{"0":"post-732653","1":"product","2":"type-product","3":"status-publish","5":"product_cat-edebiyat","6":"product_cat-fantastik","7":"pa_cilt-ciltli","8":"pa_tur-kitap","9":"pa_yayinevi-dex-yayinevi","10":"pa_yazar-holly-black","12":"first","13":"instock","14":"sale","15":"shipping-taxable","16":"purchasable","17":"product-type-simple"},"_links":{"self":[{"href":"https:\/\/roveyayinevi.com.tr\/index.php\/wp-json\/wp\/v2\/product\/732653","targetHints":{"allow":["GET"]}}],"collection":[{"href":"https:\/\/roveyayinevi.com.tr\/index.php\/wp-json\/wp\/v2\/product"}],"about":[{"href":"https:\/\/roveyayinevi.com.tr\/index.php\/wp-json\/wp\/v2\/types\/product"}],"wp:attachment":[{"href":"https:\/\/roveyayinevi.com.tr\/index.php\/wp-json\/wp\/v2\/media?parent=732653"}],"wp:term":[{"taxonomy":"product_brand","embeddable":true,"href":"https:\/\/roveyayinevi.com.tr\/index.php\/wp-json\/wp\/v2\/product_brand?post=732653"},{"taxonomy":"product_cat","embeddable":true,"href":"https:\/\/roveyayinevi.com.tr\/index.php\/wp-json\/wp\/v2\/product_cat?post=732653"},{"taxonomy":"product_tag","embeddable":true,"href":"https:\/\/roveyayinevi.com.tr\/index.php\/wp-json\/wp\/v2\/product_tag?post=732653"}],"curies":[{"name":"wp","href":"https:\/\/api.w.org\/{rel}","templated":true}]}}