{"id":732651,"date":"2025-08-27T21:55:19","date_gmt":"2025-08-27T18:55:19","guid":{"rendered":"https:\/\/roveyayinevi.com.tr\/index.php\/urun\/cilgin-bir-devinimdir-yasamak\/"},"modified":"2026-04-16T02:40:24","modified_gmt":"2026-04-15T23:40:24","slug":"cilgin-bir-devinimdir-yasamak","status":"publish","type":"product","link":"https:\/\/roveyayinevi.com.tr\/index.php\/urun\/cilgin-bir-devinimdir-yasamak\/","title":{"rendered":"\u00c7\u0131lg\u0131n Bir Devinimdir Ya\u015famak"},"content":{"rendered":"<p>Zaman kar\u015f\u0131s\u0131nda diri kalman\u0131n yolu kendini yenilemekten, d\u00fcnyaya a\u00e7\u0131k g\u00f6zlerle bakmaktan yani okumaktan ge\u00e7iyor. Hi\u00e7 \u015f\u00fcphesiz sizin de bir okuma zaman\u0131n\u0131z vard\u0131r. Bazen ans\u0131z\u0131n hayat a\u011f\u0131r gelmeye ba\u015flar, sanki ba\u015faramam\u0131\u015f, sanki yenilmi\u015fsiniz  gibi gelir&#8230;   Hayata k\u00fcsk\u00fcn olmaya yakla\u015fm\u0131\u015fs\u0131n\u0131zd\u0131r; a\u015fa\u011f\u0131lara savruldu\u011funuz, ruhunuzun derinliklerinden size n\u00fcfuz eden bir h\u00fcz\u00fcn dalgas\u0131na yakalanm\u0131\u015fs\u0131n\u0131zd\u0131r. B\u00f6yle anlarda bir kitaba sar\u0131l\u0131rs\u0131n\u0131z; bilirsiniz ki okuyaca\u011f\u0131n\u0131z yazar kendinizi korunakl\u0131, g\u00fcvende hissetmenizi sa\u011flayacakt\u0131r.   Ra\u015fel Rakella Asal, \u00c7\u0131lg\u0131n Bir Devinimdir Ya\u015famak\u2019ta edebiyat d\u00fcnyas\u0131nda ola\u011fan\u00fcst\u00fc bir yolculu\u011fa \u00e7\u0131kar\u0131yor bizi. Virginia Woolf ile Nezihe Meri\u00e7\u2019in benze\u015fen d\u00fcnyalar\u0131ndan insan\u0131 g\u00f6r\u00fcnmeyen gizleriyle ortaya \u00e7\u0131karan Tar\u0131k Dursun K\u2019ya; T\u00fcrk \u00f6yk\u00fcc\u00fcl\u00fc\u011f\u00fcne yeni bir soluk getiren Bilge Karasu\u2019dan metinlerini geleneksel malzemeden yararlanarak \u00f6ren Emine Sevgi \u00d6zdamar\u2019a; insan\u0131n insanl\u0131\u011f\u0131n\u0131 yitiri\u015fini, nesneye d\u00f6n\u00fc\u015fmesini kimsenin yapmad\u0131\u011f\u0131 bi\u00e7imde betimleyen Kafka\u2019dan eserlerinde ebedi bir gece ve ebedi bir \u0131\u015f\u0131k h\u00fck\u00fcm s\u00fcren Dostoyevski\u2019ye; ki\u015finin yerine \u201cnesne\u201d odakl\u0131 bir d\u00fcnya yaratan Alain Robbe-Grillet\u2019den yazarak \u00f6l\u00fcme kar\u015f\u0131 duran Marcel Proust\u2019a; ilk ger\u00e7ek\u00e7i roman\u0131 yazan Gustave Flaubert\u2019den ger\u00e7ek bir olaydan yola \u00e7\u0131karak insano\u011flunun tarihte ya\u015fad\u0131\u011f\u0131 kolektif travmalara i\u015faret eden Colum McCann\u2019e pek \u00e7ok yazar\u0131 merce\u011fine al\u0131yor ve edebiyat\u0131n haz vaat eden zengin d\u00fcnyas\u0131na davet ediyor okuru. <\/p>\n","protected":false},"excerpt":{"rendered":"<p>Zaman kar\u015f\u0131s\u0131nda diri kalman\u0131n yolu kendini yenilemekten, d\u00fcnyaya a\u00e7\u0131k g\u00f6zlerle bakmaktan yani okumaktan ge\u00e7iyor. Hi\u00e7 \u015f\u00fcphesiz sizin de bir okuma zaman\u0131n\u0131z vard\u0131r. Bazen ans\u0131z\u0131n hayat a\u011f\u0131r<span class=\"excerpt-hellip\"> [\u2026]<\/span><\/p>\n","protected":false},"featured_media":0,"template":"","meta":{"_monsterinsights_skip_tracking":false,"_monsterinsights_sitenote_active":false,"_monsterinsights_sitenote_note":"","_monsterinsights_sitenote_category":0},"product_brand":[],"product_cat":[12777,12291],"product_tag":[],"class_list":{"0":"post-732651","1":"product","2":"type-product","3":"status-publish","5":"product_cat-deneme","6":"product_cat-edebiyat","7":"pa_cilt-ciltsiz","8":"pa_tur-kitap","9":"pa_yayinevi-dogan-kitap","10":"pa_yazar-rasel-rakella-asal","12":"first","13":"instock","14":"sale","15":"shipping-taxable","16":"purchasable","17":"product-type-simple"},"_links":{"self":[{"href":"https:\/\/roveyayinevi.com.tr\/index.php\/wp-json\/wp\/v2\/product\/732651","targetHints":{"allow":["GET"]}}],"collection":[{"href":"https:\/\/roveyayinevi.com.tr\/index.php\/wp-json\/wp\/v2\/product"}],"about":[{"href":"https:\/\/roveyayinevi.com.tr\/index.php\/wp-json\/wp\/v2\/types\/product"}],"wp:attachment":[{"href":"https:\/\/roveyayinevi.com.tr\/index.php\/wp-json\/wp\/v2\/media?parent=732651"}],"wp:term":[{"taxonomy":"product_brand","embeddable":true,"href":"https:\/\/roveyayinevi.com.tr\/index.php\/wp-json\/wp\/v2\/product_brand?post=732651"},{"taxonomy":"product_cat","embeddable":true,"href":"https:\/\/roveyayinevi.com.tr\/index.php\/wp-json\/wp\/v2\/product_cat?post=732651"},{"taxonomy":"product_tag","embeddable":true,"href":"https:\/\/roveyayinevi.com.tr\/index.php\/wp-json\/wp\/v2\/product_tag?post=732651"}],"curies":[{"name":"wp","href":"https:\/\/api.w.org\/{rel}","templated":true}]}}