{"id":732647,"date":"2025-08-27T21:55:14","date_gmt":"2025-08-27T18:55:14","guid":{"rendered":"https:\/\/roveyayinevi.com.tr\/index.php\/urun\/guvercin-hirsizi\/"},"modified":"2026-04-16T02:40:24","modified_gmt":"2026-04-15T23:40:24","slug":"guvercin-hirsizi","status":"publish","type":"product","link":"https:\/\/roveyayinevi.com.tr\/index.php\/urun\/guvercin-hirsizi\/","title":{"rendered":"G\u00fcvercin H\u0131rs\u0131z\u0131"},"content":{"rendered":"<p>Kitab\u0131m\u0131z\u0131n kahraman\u0131 Beken, \u00e7ok zor bir karar vermekle kar\u015f\u0131 kar\u015f\u0131yad\u0131r. Kanunda h\u00fckm\u00fc a\u00e7\u0131k\u00e7a belli olsa da ve su\u00e7luyu hi\u00e7 tan\u0131masa da ya\u015fad\u0131\u011f\u0131 ikilem onun karar\u0131n\u0131 zorla\u015ft\u0131r\u0131r. Daha yolun ba\u015f\u0131ndayken sanki i\u00e7ine do\u011fmu\u015f gibi Huysuz \u00c7\u0131nar\u2019a sorar: \u201cH\u00e2kim ya da savc\u0131 olursam ve sen bir su\u00e7la kar\u015f\u0131ma gelirsen ne yapmal\u0131y\u0131m?\u201d \u201cHi\u00e7 teredd\u00fcts\u00fcz kanundaki su\u00e7un kar\u015f\u0131l\u0131\u011f\u0131 ne ise onu vermelisin!\u201d \u201cAma ben sana ceza veremem ki!\u201d \u201cHay\u0131r! Vermen gerekir \u00e7\u00fcnk\u00fc bir devleti y\u0131kmak iki kurumun dokusunun bozulmas\u0131 ile meydana gelir. Birisi e\u011fitim sistemi di\u011feri ise hukuk sistemi.\u201d \u201cPeki avukat olursam Huysuz \u00c7\u0131nar?\u201d \u201cAvukat olursan beni savunabilirsin ama savc\u0131 ya da h\u00e2kim oldu\u011fun takdirde kanunda ne yaz\u0131yorsa onu uygulaman gerekecek, \u00e7\u00fcnk\u00fc e\u011fitimsizlik e\u011fitimsizli\u011fi, adaletsizlik adaletsizli\u011fi do\u011furur.\u201d \u201cPeki bunun ikilemini ya\u015farsam ne olacak?\u201d \u201cO zaman yapt\u0131\u011f\u0131n i\u015fi derhal b\u0131rakmal\u0131s\u0131n \u00e7\u00fcnk\u00fc kanunu uygulayacak cesaretin yoksa orada olmay\u0131 da hak etmiyorsun demektir.\u201d Beken\u2019in yokluk y\u00fcz\u00fcnden hayat\u0131n d\u0131\u015f\u0131na at\u0131lmak \u00fczereyken hatta su\u00e7lular kervan\u0131na kat\u0131lmak \u00fczereyken de\u011fi\u015fen hayat\u0131n\u0131 okurken sanki o, hemen yan\u0131n\u0131zdaym\u0131\u015f gibi hissedeceksiniz. \u0130\u015fte bu his, hik\u00e2yenin sonunda Beken\u2019in vermekte zorland\u0131\u011f\u0131 kararla ilgili sizi de derin d\u00fc\u015f\u00fcncelere dald\u0131racak. \u201cPeki \u015fimdi Beken ne yapmal\u0131?\u201d<\/p>\n","protected":false},"excerpt":{"rendered":"<p>Kitab\u0131m\u0131z\u0131n kahraman\u0131 Beken, \u00e7ok zor bir karar vermekle kar\u015f\u0131 kar\u015f\u0131yad\u0131r. Kanunda h\u00fckm\u00fc a\u00e7\u0131k\u00e7a belli olsa da ve su\u00e7luyu hi\u00e7 tan\u0131masa da ya\u015fad\u0131\u011f\u0131 ikilem onun karar\u0131n\u0131 zorla\u015ft\u0131r\u0131r.<span class=\"excerpt-hellip\"> [\u2026]<\/span><\/p>\n","protected":false},"featured_media":0,"template":"","meta":{"_monsterinsights_skip_tracking":false,"_monsterinsights_sitenote_active":false,"_monsterinsights_sitenote_note":"","_monsterinsights_sitenote_category":0},"product_brand":[],"product_cat":[12291,12711],"product_tag":[],"class_list":{"0":"post-732647","1":"product","2":"type-product","3":"status-publish","5":"product_cat-edebiyat","6":"product_cat-roman-oyku","7":"pa_cilt-ciltsiz","8":"pa_tur-kitap","9":"pa_yayinevi-yade-yayinlari","10":"pa_yazar-umit-ercan","12":"first","13":"instock","14":"sale","15":"shipping-taxable","16":"purchasable","17":"product-type-simple"},"_links":{"self":[{"href":"https:\/\/roveyayinevi.com.tr\/index.php\/wp-json\/wp\/v2\/product\/732647","targetHints":{"allow":["GET"]}}],"collection":[{"href":"https:\/\/roveyayinevi.com.tr\/index.php\/wp-json\/wp\/v2\/product"}],"about":[{"href":"https:\/\/roveyayinevi.com.tr\/index.php\/wp-json\/wp\/v2\/types\/product"}],"wp:attachment":[{"href":"https:\/\/roveyayinevi.com.tr\/index.php\/wp-json\/wp\/v2\/media?parent=732647"}],"wp:term":[{"taxonomy":"product_brand","embeddable":true,"href":"https:\/\/roveyayinevi.com.tr\/index.php\/wp-json\/wp\/v2\/product_brand?post=732647"},{"taxonomy":"product_cat","embeddable":true,"href":"https:\/\/roveyayinevi.com.tr\/index.php\/wp-json\/wp\/v2\/product_cat?post=732647"},{"taxonomy":"product_tag","embeddable":true,"href":"https:\/\/roveyayinevi.com.tr\/index.php\/wp-json\/wp\/v2\/product_tag?post=732647"}],"curies":[{"name":"wp","href":"https:\/\/api.w.org\/{rel}","templated":true}]}}