{"id":732642,"date":"2025-08-27T21:55:09","date_gmt":"2025-08-27T18:55:09","guid":{"rendered":"https:\/\/roveyayinevi.com.tr\/index.php\/urun\/kutahya-eskisehir\/"},"modified":"2026-04-16T02:40:24","modified_gmt":"2026-04-15T23:40:24","slug":"kutahya-eskisehir","status":"publish","type":"product","link":"https:\/\/roveyayinevi.com.tr\/index.php\/urun\/kutahya-eskisehir\/","title":{"rendered":"K\u00fctahya-Eski\u015fehir"},"content":{"rendered":"<p>1921 y\u0131l\u0131 Mill\u00ee M\u00fccadele d\u00f6nemimiz i\u00e7inde \u00e7ok \u00f6nemli bir yer tutar. T\u00fcrk Milleti, 1921 y\u0131l\u0131nda varolu\u015f ve yok olu\u015f aras\u0131ndaki ince \u00e7izgi \u00fczerinde adeta gidip gelmi\u015ftir. \u0130\u00e7 isyanlar, Birinci ve \u0130kinci \u0130n\u00f6n\u00fc Muharebeleri, Asl\u0131hanlar ve Dumlup\u0131nar Muharebeleri, K\u00fctahya-Eski\u015fehir Muharebeleri ve Sakarya Meydan Muharebesi hep bu y\u0131l i\u00e7erisinde cereyan etmi\u015ftir. T\u00fcm bu muharebeler i\u00e7erisinde sonucu ve etkisi bak\u0131m\u0131ndan en y\u0131k\u0131c\u0131 olan\u0131 ise K\u00fctahya-Eski\u015fehir Muharebeleridir. Bu muharebeler sonucunda binlerce Mehmet\u00e7ik \u015fehit olmu\u015f, yaralanm\u0131\u015f ve esir d\u00fc\u015fm\u00fc\u015ft\u00fcr.  Elinizdeki \u00e7al\u0131\u015fma, K\u00fctahya-Eski\u015fehir Muharebeleri sonucunda yenilen ve Sakarya Nehri do\u011fusuna \u00e7ekilmek zorunda kalan bir ordunun Yunan \u00e7emberinden nas\u0131l \u00e7\u0131kt\u0131\u011f\u0131n\u0131n ve mutlak bir yok olu\u015ftan nas\u0131l kurtuldu\u011funun \u00f6yk\u00fcs\u00fcn\u00fc anlat\u0131yor.  Milli tarihimiz a\u00e7\u0131s\u0131ndan uzun y\u0131llar g\u00f6rmezden gelinen K\u00fctahya-Eski\u015fehir Muharebeleri, S\u00fcleyman Duman\u2019\u0131n muharebe sahas\u0131n\u0131 bizzat ara\u015ft\u0131rmas\u0131, T\u00fcrk ve Yunan askeri ve sivil kaynaklar\u0131n\u0131 taramas\u0131 neticesinde b\u00fcy\u00fck bir titizlikle yeniden kaleme al\u0131n\u0131yor.  Kitapta anlat\u0131lan muharebelerin ya\u015fand\u0131\u011f\u0131 harp sahas\u0131ndaki b\u00fct\u00fcn da\u011f ve tepeler, mevziler, pusu noktalar\u0131, ge\u00e7itler ve bo\u011fazlar\u0131n; yazar taraf\u0131ndan arazide dola\u015f\u0131larak foto\u011fraflanmas\u0131 okuyucular\u0131n an be an muharebelerin hissiyat\u0131n\u0131 ya\u015famas\u0131n\u0131 sa\u011fl\u0131yor. Yine bu maksatla o d\u00f6nemde Mehmet\u00e7i\u011fin sava\u015ft\u0131\u011f\u0131 yerler ve uzun y\u00fcr\u00fcy\u00fc\u015flerinin g\u00fczerg\u00e2hlar\u0131 da rota olarak \u00e7iziliyor. \u00c7arp\u0131\u015fmalar\u0131n ya\u015fand\u0131\u011f\u0131 yerlerin koordinatlar\u0131n\u0131n da yer ald\u0131\u011f\u0131 bu \u00e7al\u0131\u015fmada okuyucular muharebeleri harita \u00fczerinden g\u00f6rebiliyor ve hatta araziye gittiklerinde navigasyon cihazlar\u0131na verilen koordinatlar\u0131 girerek ula\u015facaklar\u0131 hedeflerde siperleri ve \u015fehit mezarlar\u0131n\u0131 g\u00f6rebiliyor. K\u00fctahya-Eski\u015fehir: Kurtulu\u015f Sava\u015f\u0131\u2019n\u0131n Unutulan Muharebeleri, bir milletin yeniden \u015fahlanma yolunda cephe hatt\u0131ndaki m\u00fccadelesini t\u00fcm heyecan\u0131yla anlatan bir ba\u015fucu eseri\u2026 <\/p>\n","protected":false},"excerpt":{"rendered":"<p>1921 y\u0131l\u0131 Mill\u00ee M\u00fccadele d\u00f6nemimiz i\u00e7inde \u00e7ok \u00f6nemli bir yer tutar. T\u00fcrk Milleti, 1921 y\u0131l\u0131nda varolu\u015f ve yok olu\u015f aras\u0131ndaki ince \u00e7izgi \u00fczerinde adeta gidip gelmi\u015ftir.<span class=\"excerpt-hellip\"> [\u2026]<\/span><\/p>\n","protected":false},"featured_media":0,"template":"","meta":{"_monsterinsights_skip_tracking":false,"_monsterinsights_sitenote_active":false,"_monsterinsights_sitenote_note":"","_monsterinsights_sitenote_category":0},"product_brand":[],"product_cat":[12304,13650],"product_tag":[],"class_list":{"0":"post-732642","1":"product","2":"type-product","3":"status-publish","5":"product_cat-tarih","6":"product_cat-turk-tarihi-arastirmalari","7":"pa_cilt-ciltsiz","8":"pa_tur-kitap","9":"pa_yayinevi-kronik-kitap","10":"pa_yazar-suleyman-duman","12":"first","13":"instock","14":"sale","15":"shipping-taxable","16":"purchasable","17":"product-type-simple"},"_links":{"self":[{"href":"https:\/\/roveyayinevi.com.tr\/index.php\/wp-json\/wp\/v2\/product\/732642","targetHints":{"allow":["GET"]}}],"collection":[{"href":"https:\/\/roveyayinevi.com.tr\/index.php\/wp-json\/wp\/v2\/product"}],"about":[{"href":"https:\/\/roveyayinevi.com.tr\/index.php\/wp-json\/wp\/v2\/types\/product"}],"wp:attachment":[{"href":"https:\/\/roveyayinevi.com.tr\/index.php\/wp-json\/wp\/v2\/media?parent=732642"}],"wp:term":[{"taxonomy":"product_brand","embeddable":true,"href":"https:\/\/roveyayinevi.com.tr\/index.php\/wp-json\/wp\/v2\/product_brand?post=732642"},{"taxonomy":"product_cat","embeddable":true,"href":"https:\/\/roveyayinevi.com.tr\/index.php\/wp-json\/wp\/v2\/product_cat?post=732642"},{"taxonomy":"product_tag","embeddable":true,"href":"https:\/\/roveyayinevi.com.tr\/index.php\/wp-json\/wp\/v2\/product_tag?post=732642"}],"curies":[{"name":"wp","href":"https:\/\/api.w.org\/{rel}","templated":true}]}}