{"id":732634,"date":"2025-08-27T21:55:01","date_gmt":"2025-08-27T18:55:01","guid":{"rendered":"https:\/\/roveyayinevi.com.tr\/index.php\/urun\/karakambur\/"},"modified":"2026-04-16T02:40:24","modified_gmt":"2026-04-15T23:40:24","slug":"karakambur","status":"publish","type":"product","link":"https:\/\/roveyayinevi.com.tr\/index.php\/urun\/karakambur\/","title":{"rendered":"Karakambur"},"content":{"rendered":"<p>Ba\u015fka insanlar da var. Bilmedi\u011fimiz i\u00e7in \u00f6teki ilan edemedi\u011fimiz, yak\u0131n, uzak, b\u00fcy\u00fcl\u00fc, karanl\u0131k ama ger\u00e7ek insanlar. Herkesinki gibi de\u011fil elbet onlar\u0131n hik\u00e2yeleri. Yan\u0131 ba\u015f\u0131m\u0131zda vuku bulan, bize de\u011fen, i\u015fitti\u011fimiz, tekinsiz hik\u00e2yeler bunlar. D\u00fcn\u00fc \u015fimdiyle, \u015fimdiyi yar\u0131nla karan, ak\u0131lla sava\u015fan, kimi akla s\u0131\u011fan ama kimi de ak\u0131ldan ta\u015fan insanlar\u0131n hik\u00e2yeleri.   \u00d6mer \u0130zge\u00e7, Karakambur\u2019daki \u00f6yk\u00fclerle yeni bir kap\u0131 a\u00e7\u0131p ba\u015fka d\u00fcnyalara davet ediyor okuru. Masals\u0131 anlat\u0131m\u0131n, kadim s\u00f6ylencelerin elinden tutup, \u00f6zenli bir dille zenginle\u015ftirerek yan\u0131m\u0131za getiriyor. Karakambur, atmosferi ve karakterleriyle uzun s\u00fcre ak\u0131ldan \u00e7\u0131kmayacak bir kitap.   \u201cI\u015f\u0131klar a\u011fa\u00e7lar\u0131 ayd\u0131nlat\u0131yor, dev birer b\u00f6cek gibi orman\u0131n \u00fczerinde dola\u015f\u0131yordu. Dizlerimi kendime \u00e7ektim, kollar\u0131mla sard\u0131m. Islak k\u0131yafetlerimden yere su daml\u0131yordu. Elimi cebime soktum, ufak bir odun par\u00e7as\u0131 \u00e7\u0131kar\u0131p emmeye ba\u015flad\u0131m. O s\u0131rada ilerideki tepelerde bir \u0131\u015f\u0131k s\u00f6nd\u00fc, tekrar yand\u0131. Sanki bana g\u00f6z k\u0131rpm\u0131\u015ft\u0131. Bazen y\u0131ld\u0131zlar\u0131n yapt\u0131\u011f\u0131 gibi. Do\u011fruldum, ni\u015fan al\u0131p elimdeki par\u00e7ay\u0131 var g\u00fcc\u00fcmle helikopterlere f\u0131rlatt\u0131m. Tepeler yine g\u00f6z k\u0131rpt\u0131. Damdan indim, ayaklar\u0131m\u0131 yere sert\u00e7e vurarak ko\u015fmaya ba\u015flad\u0131m. I\u015f\u0131klara do\u011fru.   Pat pat pat&#8230;\u201d <\/p>\n","protected":false},"excerpt":{"rendered":"<p>Ba\u015fka insanlar da var. Bilmedi\u011fimiz i\u00e7in \u00f6teki ilan edemedi\u011fimiz, yak\u0131n, uzak, b\u00fcy\u00fcl\u00fc, karanl\u0131k ama ger\u00e7ek insanlar. Herkesinki gibi de\u011fil elbet onlar\u0131n hik\u00e2yeleri. Yan\u0131 ba\u015f\u0131m\u0131zda vuku bulan,<span class=\"excerpt-hellip\"> [\u2026]<\/span><\/p>\n","protected":false},"featured_media":0,"template":"","meta":{"_monsterinsights_skip_tracking":false,"_monsterinsights_sitenote_active":false,"_monsterinsights_sitenote_note":"","_monsterinsights_sitenote_category":0},"product_brand":[],"product_cat":[12291,14777],"product_tag":[],"class_list":{"0":"post-732634","1":"product","2":"type-product","3":"status-publish","5":"product_cat-edebiyat","6":"product_cat-fantastik","7":"pa_cilt-ciltsiz","8":"pa_tur-kitap","9":"pa_yayinevi-ithaki-yayinlari","10":"pa_yazar-omer-izgec","12":"first","13":"instock","14":"sale","15":"shipping-taxable","16":"purchasable","17":"product-type-simple"},"_links":{"self":[{"href":"https:\/\/roveyayinevi.com.tr\/index.php\/wp-json\/wp\/v2\/product\/732634","targetHints":{"allow":["GET"]}}],"collection":[{"href":"https:\/\/roveyayinevi.com.tr\/index.php\/wp-json\/wp\/v2\/product"}],"about":[{"href":"https:\/\/roveyayinevi.com.tr\/index.php\/wp-json\/wp\/v2\/types\/product"}],"wp:attachment":[{"href":"https:\/\/roveyayinevi.com.tr\/index.php\/wp-json\/wp\/v2\/media?parent=732634"}],"wp:term":[{"taxonomy":"product_brand","embeddable":true,"href":"https:\/\/roveyayinevi.com.tr\/index.php\/wp-json\/wp\/v2\/product_brand?post=732634"},{"taxonomy":"product_cat","embeddable":true,"href":"https:\/\/roveyayinevi.com.tr\/index.php\/wp-json\/wp\/v2\/product_cat?post=732634"},{"taxonomy":"product_tag","embeddable":true,"href":"https:\/\/roveyayinevi.com.tr\/index.php\/wp-json\/wp\/v2\/product_tag?post=732634"}],"curies":[{"name":"wp","href":"https:\/\/api.w.org\/{rel}","templated":true}]}}