{"id":732617,"date":"2025-08-27T21:53:59","date_gmt":"2025-08-27T18:53:59","guid":{"rendered":"https:\/\/roveyayinevi.com.tr\/index.php\/urun\/kalbim-sende-kalmis\/"},"modified":"2026-04-16T02:40:23","modified_gmt":"2026-04-15T23:40:23","slug":"kalbim-sende-kalmis","status":"publish","type":"product","link":"https:\/\/roveyayinevi.com.tr\/index.php\/urun\/kalbim-sende-kalmis\/","title":{"rendered":"Kalbim Sende Kalm\u0131\u015f"},"content":{"rendered":"<p>Birbirlerini \u00e7ocukluklar\u0131ndan beri tan\u0131yan iki gen\u00e7tir Ali ve Arya. Babalar\u0131n\u0131n s\u0131k\u0131 dost olmas\u0131, ikisinin de hayat\u0131n\u0131 \u00e7\u00f6z\u00fclemeyecek bir d\u00fc\u011f\u00fcmle birbirine ba\u011flam\u0131\u015ft\u0131r. \u00d6nce zorunluluktan ba\u015flam\u0131\u015ft\u0131r bu ili\u015fki. Ali, kendisine emanet edilen ba\u015f belas\u0131yla vakit ge\u00e7irmekten pek memnun de\u011fildir. Arya da kendisine g\u00f6z kulak olma i\u015fini fazlas\u0131yla abartan bay ukalayla.Sonra her \u015fey de\u011fi\u015fir. Didi\u015fmeler arkada\u015fl\u0131\u011fa, zorunluluklar vazge\u00e7ilmeze d\u00f6n\u00fc\u015fm\u00fc\u015ft\u00fcr fark\u0131nda olmadan. Birbirlerinin en yak\u0131n arkada\u015f\u0131 hatta s\u0131rda\u015f\u0131 olmu\u015ftur art\u0131k Ali ve Arya.Zaman ge\u00e7er, kendileri gibi duygular\u0131 da b\u00fcy\u00fcr. \u0130mk\u00e2ns\u0131zd\u0131r istenen ama vazge\u00e7mek, istenenden daha da imkans\u0131zd\u0131r.Evet, belki zordur onlar i\u00e7in\u2026ama ayn\u0131 ritimle at\u0131yorsa iki kalp, belki de her \u015fey m\u00fcmk\u00fcnd\u00fcr.<\/p>\n","protected":false},"excerpt":{"rendered":"<p>Birbirlerini \u00e7ocukluklar\u0131ndan beri tan\u0131yan iki gen\u00e7tir Ali ve Arya. Babalar\u0131n\u0131n s\u0131k\u0131 dost olmas\u0131, ikisinin de hayat\u0131n\u0131 \u00e7\u00f6z\u00fclemeyecek bir d\u00fc\u011f\u00fcmle birbirine ba\u011flam\u0131\u015ft\u0131r. \u00d6nce zorunluluktan ba\u015flam\u0131\u015ft\u0131r bu ili\u015fki.<span class=\"excerpt-hellip\"> [\u2026]<\/span><\/p>\n","protected":false},"featured_media":0,"template":"","meta":{"_monsterinsights_skip_tracking":false,"_monsterinsights_sitenote_active":false,"_monsterinsights_sitenote_note":"","_monsterinsights_sitenote_category":0},"product_brand":[],"product_cat":[14643,12291],"product_tag":[],"class_list":{"0":"post-732617","1":"product","2":"type-product","3":"status-publish","5":"product_cat-ask","6":"product_cat-edebiyat","7":"pa_cilt-ciltsiz","8":"pa_tur-kitap","9":"pa_yayinevi-nemesis-kitap","10":"pa_yazar-selvi-atici","12":"first","13":"instock","14":"sale","15":"shipping-taxable","16":"purchasable","17":"product-type-simple"},"_links":{"self":[{"href":"https:\/\/roveyayinevi.com.tr\/index.php\/wp-json\/wp\/v2\/product\/732617","targetHints":{"allow":["GET"]}}],"collection":[{"href":"https:\/\/roveyayinevi.com.tr\/index.php\/wp-json\/wp\/v2\/product"}],"about":[{"href":"https:\/\/roveyayinevi.com.tr\/index.php\/wp-json\/wp\/v2\/types\/product"}],"wp:attachment":[{"href":"https:\/\/roveyayinevi.com.tr\/index.php\/wp-json\/wp\/v2\/media?parent=732617"}],"wp:term":[{"taxonomy":"product_brand","embeddable":true,"href":"https:\/\/roveyayinevi.com.tr\/index.php\/wp-json\/wp\/v2\/product_brand?post=732617"},{"taxonomy":"product_cat","embeddable":true,"href":"https:\/\/roveyayinevi.com.tr\/index.php\/wp-json\/wp\/v2\/product_cat?post=732617"},{"taxonomy":"product_tag","embeddable":true,"href":"https:\/\/roveyayinevi.com.tr\/index.php\/wp-json\/wp\/v2\/product_tag?post=732617"}],"curies":[{"name":"wp","href":"https:\/\/api.w.org\/{rel}","templated":true}]}}