{"id":732615,"date":"2025-08-27T21:53:57","date_gmt":"2025-08-27T18:53:57","guid":{"rendered":"https:\/\/roveyayinevi.com.tr\/index.php\/urun\/eski-istanbul-aksamcilari\/"},"modified":"2026-04-16T02:40:23","modified_gmt":"2026-04-15T23:40:23","slug":"eski-istanbul-aksamcilari","status":"publish","type":"product","link":"https:\/\/roveyayinevi.com.tr\/index.php\/urun\/eski-istanbul-aksamcilari\/","title":{"rendered":"Eski \u0130stanbul Ak\u015famc\u0131lar\u0131"},"content":{"rendered":"<p>\u201c\u2018Bey o\u011flum, ni\u00e7in i\u00e7ti\u011fimi, sarho\u015fluktan ne buldu\u011fumu, ne bekledi\u011fimi soruyorsunuz. Eski gen\u00e7lik hat\u0131ralar\u0131m\u0131 unutmamak, daima onlar\u0131 g\u00f6z\u00fcm\u00fcn \u00f6n\u00fcnde canland\u0131rmak, gen\u00e7lik hayat\u0131m\u0131, hayalen olsun \u015fimdi de ya\u015famak i\u00e7in i\u00e7iyorum.\u2019 \u2018\u0130\u00e7ince demek kendinizi hayale kapt\u0131r\u0131yorsunuz?\u2019 \u2018Kim kapt\u0131rm\u0131yor ki? \u0130\u00e7enlerin hepsi de kapt\u0131r\u0131r.\u2019 \u2018Demek g\u00f6z\u00fcn\u00fcz g\u00f6nl\u00fcn\u00fcz h\u00e2l\u00e2 gen\u00e7likte?\u2019 \u2018Kimin de\u011fil ki, i\u00e7enlerin hangisinin de\u011fil ki\u2026\u2019\u201d   Meyhane masalar\u0131, \u00e2lemler, \u00e2lemciler, kabaday\u0131lar&#8230; Osman Cemal Kayg\u0131l\u0131, ge\u00e7mi\u015fte kalm\u0131\u015f bir \u0130stanbul&#8217;un farkl\u0131 y\u00fczlerini anlat\u0131yor.   Ku\u015faklar\u0131 etkilemi\u015f romanlar, ufuk a\u00e7\u0131c\u0131 \u00f6yk\u00fcler, ezberlere kaz\u0131nm\u0131\u015f \u015fiirler\u2026 Gazetelerde kalm\u0131\u015f s\u00f6yle\u015filer, gezi yaz\u0131lar\u0131, denemeler, makaleler\u2026 Edebiyat\u0131m\u0131z\u0131n farkl\u0131 d\u00f6nemlerinden, iz b\u0131rakan metinler K\u0131sa Miras\u2019la bir araya geliyor<\/p>\n","protected":false},"excerpt":{"rendered":"<p>\u201c\u2018Bey o\u011flum, ni\u00e7in i\u00e7ti\u011fimi, sarho\u015fluktan ne buldu\u011fumu, ne bekledi\u011fimi soruyorsunuz. Eski gen\u00e7lik hat\u0131ralar\u0131m\u0131 unutmamak, daima onlar\u0131 g\u00f6z\u00fcm\u00fcn \u00f6n\u00fcnde canland\u0131rmak, gen\u00e7lik hayat\u0131m\u0131, hayalen olsun \u015fimdi de ya\u015famak<span class=\"excerpt-hellip\"> [\u2026]<\/span><\/p>\n","protected":false},"featured_media":0,"template":"","meta":{"_monsterinsights_skip_tracking":false,"_monsterinsights_sitenote_active":false,"_monsterinsights_sitenote_note":"","_monsterinsights_sitenote_category":0},"product_brand":[],"product_cat":[12291,30969],"product_tag":[],"class_list":{"0":"post-732615","1":"product","2":"type-product","3":"status-publish","5":"product_cat-edebiyat","6":"product_cat-soylesi-edebiyat","7":"pa_cilt-ciltsiz","8":"pa_tur-kitap","9":"pa_yayinevi-can-yayinlari","10":"pa_yazar-osman-cemal-kaygili","12":"first","13":"instock","14":"sale","15":"shipping-taxable","16":"purchasable","17":"product-type-simple"},"_links":{"self":[{"href":"https:\/\/roveyayinevi.com.tr\/index.php\/wp-json\/wp\/v2\/product\/732615","targetHints":{"allow":["GET"]}}],"collection":[{"href":"https:\/\/roveyayinevi.com.tr\/index.php\/wp-json\/wp\/v2\/product"}],"about":[{"href":"https:\/\/roveyayinevi.com.tr\/index.php\/wp-json\/wp\/v2\/types\/product"}],"wp:attachment":[{"href":"https:\/\/roveyayinevi.com.tr\/index.php\/wp-json\/wp\/v2\/media?parent=732615"}],"wp:term":[{"taxonomy":"product_brand","embeddable":true,"href":"https:\/\/roveyayinevi.com.tr\/index.php\/wp-json\/wp\/v2\/product_brand?post=732615"},{"taxonomy":"product_cat","embeddable":true,"href":"https:\/\/roveyayinevi.com.tr\/index.php\/wp-json\/wp\/v2\/product_cat?post=732615"},{"taxonomy":"product_tag","embeddable":true,"href":"https:\/\/roveyayinevi.com.tr\/index.php\/wp-json\/wp\/v2\/product_tag?post=732615"}],"curies":[{"name":"wp","href":"https:\/\/api.w.org\/{rel}","templated":true}]}}