{"id":732606,"date":"2025-08-27T21:53:47","date_gmt":"2025-08-27T18:53:47","guid":{"rendered":"https:\/\/roveyayinevi.com.tr\/index.php\/urun\/iceriden-biri\/"},"modified":"2026-04-16T02:40:23","modified_gmt":"2026-04-15T23:40:23","slug":"iceriden-biri","status":"publish","type":"product","link":"https:\/\/roveyayinevi.com.tr\/index.php\/urun\/iceriden-biri\/","title":{"rendered":"\u0130\u00e7eriden Biri"},"content":{"rendered":"<p>Lise y\u0131llar\u0131ndan beri zihninde yaratt\u0131\u011f\u0131 ill\u00fczyon ile ger\u00e7ek benli\u011fi aras\u0131nda bir \u00e7\u0131kmaza s\u00fcr\u00fcklenen Deniz\u2019in kendisiyle sava\u015f\u0131, g\u00f6rd\u00fc\u011f\u00fc hal\u00fcsinasyonlara art\u0131k dayanamay\u0131p annesine anlatmas\u0131yla ba\u015flam\u0131\u015ft\u0131. Ard\u0131ndan gelen psikolog seanslar\u0131 ve hipnoz ise ona bamba\u015fka bir d\u00fcnyan\u0131n kap\u0131lar\u0131n\u0131 aralam\u0131\u015ft\u0131\u2026\u201cBazen kendimi iki ayr\u0131 insan san\u0131yorum. Birbirine kar\u015f\u0131 vaziyet alm\u0131\u015f iki ayr\u0131 insan. Birinin yapt\u0131\u011f\u0131n\u0131 \u00f6b\u00fcr\u00fc bozuyor gibi geliyor bana.\u201d\u015eimdiki zamanla ge\u00e7mi\u015f aras\u0131nda kurulan pamuk ipli\u011fine ba\u011fl\u0131 bu k\u00f6pr\u00fcde travmatik olaylarla ya\u015famak, Deniz Avukat\u2019\u0131n hayat\u0131n\u0131 nas\u0131l etkileyecekti? Bu bilin\u00e7alt\u0131 yans\u0131malar\u0131 ve hal\u00fcsinasyonlar, ger\u00e7ek hayatta neye mal olacakt\u0131? Deniz\u2019in kendisiyle olan sava\u015f\u0131nda kazanan hangi taraf olacakt\u0131? Kendisi mi yoksa bilin\u00e7alt\u0131n\u0131n do\u011furdu\u011fu yeni bir \u201cben\u201d mi?Travmay\u0131 ke\u015ffetme ve \u00e7\u00f6z\u00fcm s\u00fcrecinde her karakterin kendi a\u011fz\u0131ndan anlatt\u0131\u011f\u0131 olaylarla bamba\u015fka bak\u0131\u015f a\u00e7\u0131lar\u0131 yakalayabilece\u011finiz serinin bu ilk kitab\u0131nda, her zaferin i\u00e7inde bir yenilgi, her yenilginin i\u00e7inde de bir zafer oldu\u011funu g\u00f6receksiniz.<\/p>\n","protected":false},"excerpt":{"rendered":"<p>Lise y\u0131llar\u0131ndan beri zihninde yaratt\u0131\u011f\u0131 ill\u00fczyon ile ger\u00e7ek benli\u011fi aras\u0131nda bir \u00e7\u0131kmaza s\u00fcr\u00fcklenen Deniz\u2019in kendisiyle sava\u015f\u0131, g\u00f6rd\u00fc\u011f\u00fc hal\u00fcsinasyonlara art\u0131k dayanamay\u0131p annesine anlatmas\u0131yla ba\u015flam\u0131\u015ft\u0131. Ard\u0131ndan gelen psikolog<span class=\"excerpt-hellip\"> [\u2026]<\/span><\/p>\n","protected":false},"featured_media":0,"template":"","meta":{"_monsterinsights_skip_tracking":false,"_monsterinsights_sitenote_active":false,"_monsterinsights_sitenote_note":"","_monsterinsights_sitenote_category":0},"product_brand":[],"product_cat":[12291,12711],"product_tag":[],"class_list":{"0":"post-732606","1":"product","2":"type-product","3":"status-publish","5":"product_cat-edebiyat","6":"product_cat-roman-oyku","7":"pa_cilt-ciltsiz","8":"pa_tur-kitap","9":"pa_yayinevi-perseus","10":"pa_yazar-alparslan-yilmaz","12":"first","13":"instock","14":"sale","15":"shipping-taxable","16":"purchasable","17":"product-type-simple"},"_links":{"self":[{"href":"https:\/\/roveyayinevi.com.tr\/index.php\/wp-json\/wp\/v2\/product\/732606","targetHints":{"allow":["GET"]}}],"collection":[{"href":"https:\/\/roveyayinevi.com.tr\/index.php\/wp-json\/wp\/v2\/product"}],"about":[{"href":"https:\/\/roveyayinevi.com.tr\/index.php\/wp-json\/wp\/v2\/types\/product"}],"wp:attachment":[{"href":"https:\/\/roveyayinevi.com.tr\/index.php\/wp-json\/wp\/v2\/media?parent=732606"}],"wp:term":[{"taxonomy":"product_brand","embeddable":true,"href":"https:\/\/roveyayinevi.com.tr\/index.php\/wp-json\/wp\/v2\/product_brand?post=732606"},{"taxonomy":"product_cat","embeddable":true,"href":"https:\/\/roveyayinevi.com.tr\/index.php\/wp-json\/wp\/v2\/product_cat?post=732606"},{"taxonomy":"product_tag","embeddable":true,"href":"https:\/\/roveyayinevi.com.tr\/index.php\/wp-json\/wp\/v2\/product_tag?post=732606"}],"curies":[{"name":"wp","href":"https:\/\/api.w.org\/{rel}","templated":true}]}}