{"id":732604,"date":"2025-08-27T21:53:45","date_gmt":"2025-08-27T18:53:45","guid":{"rendered":"https:\/\/roveyayinevi.com.tr\/index.php\/urun\/kurt-edebiyatina-giris\/"},"modified":"2026-04-16T02:40:23","modified_gmt":"2026-04-15T23:40:23","slug":"kurt-edebiyatina-giris","status":"publish","type":"product","link":"https:\/\/roveyayinevi.com.tr\/index.php\/urun\/kurt-edebiyatina-giris\/","title":{"rendered":"K\u00fcrt Edebiyat\u0131na Giri\u015f"},"content":{"rendered":"<p>Mehmed Uzun&#8217;un K\u00fcrt Edebiyat\u0131na Giri\u015f \u00e7al\u0131\u015fmas\u0131, ge\u00e7mi\u015ften bug\u00fcne \u00e7e\u015fitli politik gerek\u00e7elerle ortak bir leh\u00e7eye, hatta alfabeye kavu\u015famam\u0131\u015f K\u00fcrt\u00e7eye ve geli\u015fimi kesintiye u\u011fram\u0131\u015f K\u00fcrt edebiyat\u0131na dair bir ba\u015fvuru kayna\u011f\u0131 niteli\u011finde&#8230;Uzun, yasaklanm\u0131\u015f ancak yok edilememi\u015f bir dilin s\u00f6zl\u00fc k\u00fclt\u00fcrden yaz\u0131l\u0131 edebiyata ge\u00e7i\u015f d\u00f6nemine, K\u00fcrt\u00e7eye y\u00f6nelik Sovyetler Birli\u011fi&#8217;ndeki kurucu giri\u015fimlerden Irak, \u0130ran, Suriye ve T\u00fcrkiye co\u011frafyas\u0131nda filizlenen eserlere yolculu\u011funu, siyasal ve sosyopolitik ba\u011flamlardan koparmaks\u0131z\u0131n sergilerken, K\u00fcrt dili ve edebiyat\u0131n\u0131n geldi\u011fi noktay\u0131 anlayabilmek i\u00e7in ge\u00e7mi\u015fe dair de bir projeksiyon tutuyor.<\/p>\n","protected":false},"excerpt":{"rendered":"<p>Mehmed Uzun&#8217;un K\u00fcrt Edebiyat\u0131na Giri\u015f \u00e7al\u0131\u015fmas\u0131, ge\u00e7mi\u015ften bug\u00fcne \u00e7e\u015fitli politik gerek\u00e7elerle ortak bir leh\u00e7eye, hatta alfabeye kavu\u015famam\u0131\u015f K\u00fcrt\u00e7eye ve geli\u015fimi kesintiye u\u011fram\u0131\u015f K\u00fcrt edebiyat\u0131na dair bir<span class=\"excerpt-hellip\"> [\u2026]<\/span><\/p>\n","protected":false},"featured_media":0,"template":"","meta":{"_monsterinsights_skip_tracking":false,"_monsterinsights_sitenote_active":false,"_monsterinsights_sitenote_note":"","_monsterinsights_sitenote_category":0},"product_brand":[],"product_cat":[12291,18576],"product_tag":[],"class_list":{"0":"post-732604","1":"product","2":"type-product","3":"status-publish","5":"product_cat-edebiyat","6":"product_cat-kurt-edebiyati","7":"pa_cilt-ciltsiz","8":"pa_tur-kitap","9":"pa_yayinevi-sel-yayincilik","10":"pa_yazar-mehmed-uzun","12":"first","13":"instock","14":"sale","15":"shipping-taxable","16":"purchasable","17":"product-type-simple"},"_links":{"self":[{"href":"https:\/\/roveyayinevi.com.tr\/index.php\/wp-json\/wp\/v2\/product\/732604","targetHints":{"allow":["GET"]}}],"collection":[{"href":"https:\/\/roveyayinevi.com.tr\/index.php\/wp-json\/wp\/v2\/product"}],"about":[{"href":"https:\/\/roveyayinevi.com.tr\/index.php\/wp-json\/wp\/v2\/types\/product"}],"wp:attachment":[{"href":"https:\/\/roveyayinevi.com.tr\/index.php\/wp-json\/wp\/v2\/media?parent=732604"}],"wp:term":[{"taxonomy":"product_brand","embeddable":true,"href":"https:\/\/roveyayinevi.com.tr\/index.php\/wp-json\/wp\/v2\/product_brand?post=732604"},{"taxonomy":"product_cat","embeddable":true,"href":"https:\/\/roveyayinevi.com.tr\/index.php\/wp-json\/wp\/v2\/product_cat?post=732604"},{"taxonomy":"product_tag","embeddable":true,"href":"https:\/\/roveyayinevi.com.tr\/index.php\/wp-json\/wp\/v2\/product_tag?post=732604"}],"curies":[{"name":"wp","href":"https:\/\/api.w.org\/{rel}","templated":true}]}}