{"id":732589,"date":"2025-08-27T21:53:31","date_gmt":"2025-08-27T18:53:31","guid":{"rendered":"https:\/\/roveyayinevi.com.tr\/index.php\/urun\/buyulu-nisan-ciltli\/"},"modified":"2026-04-16T02:40:23","modified_gmt":"2026-04-15T23:40:23","slug":"buyulu-nisan-ciltli","status":"publish","type":"product","link":"https:\/\/roveyayinevi.com.tr\/index.php\/urun\/buyulu-nisan-ciltli\/","title":{"rendered":"B\u00fcy\u00fcl\u00fc Nisan (Ciltli)"},"content":{"rendered":"<p>Kocalar\u0131 taraf\u0131ndan belirli kal\u0131plara sokulan, s\u0131kl\u0131kla ihmal edilen ve i\u00e7selle\u015ftirdikleri toplum bask\u0131s\u0131yla ba\u015f etmeye \u00e7al\u0131\u015fan Bayan Wilkins ile Bayan Arbuthnot, gazetede g\u00f6rd\u00fckleri \u201ckiral\u0131k \u015fato\u201d ilan\u0131n\u0131n verdi\u011fi ilhamla c\u00fcretk\u00e2r bir plan yaparlar: Birlikte tatile \u00e7\u0131kacaklard\u0131r. Kasvetli ve ya\u011fmurlu bir Londra\u2019dan ayr\u0131l\u0131p Akdeniz k\u0131y\u0131lar\u0131ndaki bu orta\u00e7a\u011f \u015fatosuna vard\u0131klar\u0131nda kar\u015f\u0131lar\u0131nda denizin ve t\u00fcrl\u00fc t\u00fcrl\u00fc \u00e7i\u00e7eklerin kokusuyla sarmalanacaklar\u0131 bir cennet bulurlar. Kiray\u0131 g\u00fczeller g\u00fczeli Leydi Caroline ve otoriter Bayan Fisher ile b\u00f6l\u00fc\u015feceklerdir. G\u00fcnl\u00fck hayatlar\u0131n\u0131n y\u00fcklerinden ka\u00e7an bu d\u00f6rt kad\u0131n, kendilerini yeniden ke\u015ffetmenin ve hayattan beklentilerini d\u00f6n\u00fc\u015ft\u00fcrmenin e\u015fi\u011findedir. 1922 y\u0131l\u0131nda yay\u0131mlanan B\u00fcy\u00fcl\u00fc Nisan, d\u00f6nemin toplumsal ve ekonomik ko\u015fullar\u0131na ili\u015fkin bir bak\u0131\u015f a\u00e7\u0131s\u0131 da sunar. G\u00fc\u00e7l\u00fc tasvirleri ve renkli karakterleriyle, ilk olarak 1935\u2019te Harry Beaumont ve daha sonra 1992\u2019de Mike Newell y\u00f6netmenli\u011finde beyazperdeye uyarlanan roman, nerede olursan\u0131z olun sizi San Salvatore\u2019nin morsalk\u0131mlar\u0131na ve g\u00fcne\u015f \u0131\u015f\u0131\u011f\u0131na davet ediyor. <\/p>\n","protected":false},"excerpt":{"rendered":"<p>Kocalar\u0131 taraf\u0131ndan belirli kal\u0131plara sokulan, s\u0131kl\u0131kla ihmal edilen ve i\u00e7selle\u015ftirdikleri toplum bask\u0131s\u0131yla ba\u015f etmeye \u00e7al\u0131\u015fan Bayan Wilkins ile Bayan Arbuthnot, gazetede g\u00f6rd\u00fckleri \u201ckiral\u0131k \u015fato\u201d ilan\u0131n\u0131n verdi\u011fi<span class=\"excerpt-hellip\"> [\u2026]<\/span><\/p>\n","protected":false},"featured_media":0,"template":"","meta":{"_monsterinsights_skip_tracking":false,"_monsterinsights_sitenote_active":false,"_monsterinsights_sitenote_note":"","_monsterinsights_sitenote_category":0},"product_brand":[],"product_cat":[12291,26797],"product_tag":[],"class_list":{"0":"post-732589","1":"product","2":"type-product","3":"status-publish","5":"product_cat-edebiyat","6":"product_cat-modern-klasikler","7":"pa_cilt-ciltli","8":"pa_tur-kitap","9":"pa_yayinevi-is-bankasi-kultur-yayinlari","10":"pa_yazar-elizabeth-von-arnim","12":"first","13":"instock","14":"sale","15":"shipping-taxable","16":"purchasable","17":"product-type-simple"},"_links":{"self":[{"href":"https:\/\/roveyayinevi.com.tr\/index.php\/wp-json\/wp\/v2\/product\/732589","targetHints":{"allow":["GET"]}}],"collection":[{"href":"https:\/\/roveyayinevi.com.tr\/index.php\/wp-json\/wp\/v2\/product"}],"about":[{"href":"https:\/\/roveyayinevi.com.tr\/index.php\/wp-json\/wp\/v2\/types\/product"}],"wp:attachment":[{"href":"https:\/\/roveyayinevi.com.tr\/index.php\/wp-json\/wp\/v2\/media?parent=732589"}],"wp:term":[{"taxonomy":"product_brand","embeddable":true,"href":"https:\/\/roveyayinevi.com.tr\/index.php\/wp-json\/wp\/v2\/product_brand?post=732589"},{"taxonomy":"product_cat","embeddable":true,"href":"https:\/\/roveyayinevi.com.tr\/index.php\/wp-json\/wp\/v2\/product_cat?post=732589"},{"taxonomy":"product_tag","embeddable":true,"href":"https:\/\/roveyayinevi.com.tr\/index.php\/wp-json\/wp\/v2\/product_tag?post=732589"}],"curies":[{"name":"wp","href":"https:\/\/api.w.org\/{rel}","templated":true}]}}