{"id":732562,"date":"2025-08-27T21:53:04","date_gmt":"2025-08-27T18:53:04","guid":{"rendered":"https:\/\/roveyayinevi.com.tr\/index.php\/urun\/cinarin-festival-gunlugu\/"},"modified":"2026-04-16T02:40:22","modified_gmt":"2026-04-15T23:40:22","slug":"cinarin-festival-gunlugu","status":"publish","type":"product","link":"https:\/\/roveyayinevi.com.tr\/index.php\/urun\/cinarin-festival-gunlugu\/","title":{"rendered":"\u00c7\u0131nar&#8217;\u0131n Festival G\u00fcnl\u00fc\u011f\u00fc"},"content":{"rendered":"<p>\u00c7\u0131nar ba\u015f\u0131nda kasket \u015fapkas\u0131, \u00e7ok sevdi\u011fi k\u0131rm\u0131z\u0131 topu (di\u011fer ad\u0131yla arkada\u015f m\u0131knat\u0131s\u0131) ve yan\u0131ndan hi\u00e7 ay\u0131rmad\u0131\u011f\u0131 s\u0131rt \u00e7antas\u0131yla art\u0131k tam bir gezgindi.Kat\u0131ld\u0131\u011f\u0131 ilk festival olan H\u0131d\u0131rellez\u2019de \u00f6yle \u00e7ok e\u011flenmi\u015fti ki, du\u0308nyan\u0131n di\u011fer tu\u0308m festivallerine de kat\u0131lmak istedi ve macera da b\u00f6ylece ba\u015flad\u0131. Gemi kaptan\u0131 olan babas\u0131n\u0131n son seferinde, annesi ve babas\u0131yla birlikte kendini du\u0308nyan\u0131n her yerindeki festivallerde e\u011flenirken buldu \u00c7\u0131nar. Kasketi, k\u0131rm\u0131z\u0131 topu ve tabii ki art\u0131k u\u0308lkelerden hat\u0131ra olarak ald\u0131\u011f\u0131 rozetlerle dolu olan s\u0131rt \u00e7antas\u0131yla birlikte\u2026<\/p>\n","protected":false},"excerpt":{"rendered":"<p>\u00c7\u0131nar ba\u015f\u0131nda kasket \u015fapkas\u0131, \u00e7ok sevdi\u011fi k\u0131rm\u0131z\u0131 topu (di\u011fer ad\u0131yla arkada\u015f m\u0131knat\u0131s\u0131) ve yan\u0131ndan hi\u00e7 ay\u0131rmad\u0131\u011f\u0131 s\u0131rt \u00e7antas\u0131yla art\u0131k tam bir gezgindi.Kat\u0131ld\u0131\u011f\u0131 ilk festival olan H\u0131d\u0131rellez\u2019de<span class=\"excerpt-hellip\"> [\u2026]<\/span><\/p>\n","protected":false},"featured_media":0,"template":"","meta":{"_monsterinsights_skip_tracking":false,"_monsterinsights_sitenote_active":false,"_monsterinsights_sitenote_note":"","_monsterinsights_sitenote_category":0},"product_brand":[],"product_cat":[12274,12284],"product_tag":[],"class_list":{"0":"post-732562","1":"product","2":"type-product","3":"status-publish","5":"product_cat-cocuk-ve-genclik-kitaplari","6":"product_cat-hikayeler","7":"pa_cilt-ciltsiz","8":"pa_tur-kitap","9":"pa_yayinevi-dinozor-cocuk","10":"pa_yazar-hazal-uzuner-ozlem-isiyel-yalcinkaya","12":"first","13":"instock","14":"sale","15":"shipping-taxable","16":"purchasable","17":"product-type-simple"},"_links":{"self":[{"href":"https:\/\/roveyayinevi.com.tr\/index.php\/wp-json\/wp\/v2\/product\/732562","targetHints":{"allow":["GET"]}}],"collection":[{"href":"https:\/\/roveyayinevi.com.tr\/index.php\/wp-json\/wp\/v2\/product"}],"about":[{"href":"https:\/\/roveyayinevi.com.tr\/index.php\/wp-json\/wp\/v2\/types\/product"}],"wp:attachment":[{"href":"https:\/\/roveyayinevi.com.tr\/index.php\/wp-json\/wp\/v2\/media?parent=732562"}],"wp:term":[{"taxonomy":"product_brand","embeddable":true,"href":"https:\/\/roveyayinevi.com.tr\/index.php\/wp-json\/wp\/v2\/product_brand?post=732562"},{"taxonomy":"product_cat","embeddable":true,"href":"https:\/\/roveyayinevi.com.tr\/index.php\/wp-json\/wp\/v2\/product_cat?post=732562"},{"taxonomy":"product_tag","embeddable":true,"href":"https:\/\/roveyayinevi.com.tr\/index.php\/wp-json\/wp\/v2\/product_tag?post=732562"}],"curies":[{"name":"wp","href":"https:\/\/api.w.org\/{rel}","templated":true}]}}