{"id":732553,"date":"2025-08-27T21:52:55","date_gmt":"2025-08-27T18:52:55","guid":{"rendered":"https:\/\/roveyayinevi.com.tr\/index.php\/urun\/haclilar\/"},"modified":"2026-04-16T02:40:22","modified_gmt":"2026-04-15T23:40:22","slug":"haclilar","status":"publish","type":"product","link":"https:\/\/roveyayinevi.com.tr\/index.php\/urun\/haclilar\/","title":{"rendered":"Ha\u00e7l\u0131lar"},"content":{"rendered":"<p>Farkl\u0131 cephelerden, farkl\u0131 bak\u0131\u015f a\u00e7\u0131lar\u0131yla, farkl\u0131 \u00fcsluplarla anlat\u0131ld\u0131 \u0130kinci D\u00fcnya Sava\u015f\u0131\u2026 \u015eolohov ba\u015fka anlatt\u0131 Hemingway ba\u015fka, Remarque, Ehrenburg, Malraux, Heller, Grossman, Vonnegut, Orwell, Bek, Ondaatje, Aleksiyevi\u00e7 ba\u015fka\u2026 S\u0131rada Stefan Heym\u2019in anlat\u0131m\u0131 var\u2026 Bamba\u015fka! Farkl\u0131 cephelerine, farkl\u0131 ve\u00e7helerine gidiyoruz sava\u015f\u0131n\u2026 Normandiya cephesi, \u00c7\u0131k\u0131nt\u0131 Muharebesi, sava\u015fa ra\u011fmen g\u00fczelli\u011fiyle dikkat \u00e7eken Paris, ard\u0131ndan Almanya, Ren k\u0131y\u0131lar\u0131, Paula Toplama Kamp\u0131 ve nihayetinde Kremmen adl\u0131 kasvetli ve harabeye d\u00f6nm\u00fc\u015f bir \u00e7elik \u00fcretim \u015fehri\u2026 Sars\u0131c\u0131 bir \u00fcslupla ve \u00e7ok y\u00f6nl\u00fc bak\u0131\u015f a\u00e7\u0131lar\u0131yla u\u011fruyoruz buralara\u2026 Ha\u00e7l\u0131 seferine soyunan Amerikal\u0131lar ba\u015fta olmak \u00fczere, Almanlar, Frans\u0131zlar ve arada herkesle anla\u015farak ticari i\u015flerini \u00e7evirmeye \u00e7al\u0131\u015fan bir Rus giri\u015fimci bile var. Avukatl\u0131k, akademisyenlik gibi farkl\u0131 mesleklerden gelip subay k\u0131yafetlerine b\u00fcr\u00fcnen Amerikal\u0131lar, profesyonel askerler, i\u015fadamlar\u0131, din adamlar\u0131, profes\u00f6rler, gazeteciler ve s\u0131radan halk\u2026 Evet, s\u0131radan halk\u0131n s\u0131radan fa\u015fizmi de d\u00e2hil bu sava\u015fa! Her t\u00fcr asker \u00e7\u0131k\u0131yor kar\u015f\u0131m\u0131za\u2026 inananlar, inan\u00e7s\u0131zlar, ganimet toplay\u0131p kesesini doldurmaya bakanlar, cepheye s\u00fcr\u00fclenler, cepheden ka\u00e7anlar, sistemi sorgulayanlar, yolunu bulanlar\u2026 Hepsinin psikolojisini derinlemesine irdeliyor Stefan Heym. Ha\u00e7l\u0131lar gibi yola koyulup fa\u015fizmi ma\u011flup etmeye gelen Amerikan ordusunun planl\u0131 de\u011fil de do\u011fa\u00e7lama hareket etmesinin sonu\u00e7lar\u0131 ve kendi i\u00e7indeki\/\u00e7evresindeki fa\u015fistlerle hesapla\u015famamas\u0131 da var bu e\u015fsiz romanda. \u201cKurtulu\u015f\u201dun \u201ckapitalist d\u00fczen\u201de gelip dayanan s\u0131n\u0131rlar\u0131 ya da. Marksist ele\u015ftirinin mimarlar\u0131ndan Gy\u00f6rgy Luk\u00e1cs\u2019\u0131n Avrupa Ger\u00e7ek\u00e7ili\u011fi\u2019nde \u00f6rnek bir yap\u0131t olarak \u00f6ne \u00e7\u0131kard\u0131\u011f\u0131 Ha\u00e7l\u0131lar \u015fimdi T\u00fcrk\u00e7ede. P\u0131r\u0131l p\u0131r\u0131l bir \u00e7eviriyle<\/p>\n","protected":false},"excerpt":{"rendered":"<p>Farkl\u0131 cephelerden, farkl\u0131 bak\u0131\u015f a\u00e7\u0131lar\u0131yla, farkl\u0131 \u00fcsluplarla anlat\u0131ld\u0131 \u0130kinci D\u00fcnya Sava\u015f\u0131\u2026 \u015eolohov ba\u015fka anlatt\u0131 Hemingway ba\u015fka, Remarque, Ehrenburg, Malraux, Heller, Grossman, Vonnegut, Orwell, Bek, Ondaatje, Aleksiyevi\u00e7<span class=\"excerpt-hellip\"> [\u2026]<\/span><\/p>\n","protected":false},"featured_media":0,"template":"","meta":{"_monsterinsights_skip_tracking":false,"_monsterinsights_sitenote_active":false,"_monsterinsights_sitenote_note":"","_monsterinsights_sitenote_category":0},"product_brand":[],"product_cat":[12291,12711],"product_tag":[],"class_list":{"0":"post-732553","1":"product","2":"type-product","3":"status-publish","5":"product_cat-edebiyat","6":"product_cat-roman-oyku","7":"pa_cilt-ciltsiz","8":"pa_tur-kitap","9":"pa_yayinevi-yordam-kitap","10":"pa_yazar-stefan-heym","12":"first","13":"instock","14":"sale","15":"shipping-taxable","16":"purchasable","17":"product-type-simple"},"_links":{"self":[{"href":"https:\/\/roveyayinevi.com.tr\/index.php\/wp-json\/wp\/v2\/product\/732553","targetHints":{"allow":["GET"]}}],"collection":[{"href":"https:\/\/roveyayinevi.com.tr\/index.php\/wp-json\/wp\/v2\/product"}],"about":[{"href":"https:\/\/roveyayinevi.com.tr\/index.php\/wp-json\/wp\/v2\/types\/product"}],"wp:attachment":[{"href":"https:\/\/roveyayinevi.com.tr\/index.php\/wp-json\/wp\/v2\/media?parent=732553"}],"wp:term":[{"taxonomy":"product_brand","embeddable":true,"href":"https:\/\/roveyayinevi.com.tr\/index.php\/wp-json\/wp\/v2\/product_brand?post=732553"},{"taxonomy":"product_cat","embeddable":true,"href":"https:\/\/roveyayinevi.com.tr\/index.php\/wp-json\/wp\/v2\/product_cat?post=732553"},{"taxonomy":"product_tag","embeddable":true,"href":"https:\/\/roveyayinevi.com.tr\/index.php\/wp-json\/wp\/v2\/product_tag?post=732553"}],"curies":[{"name":"wp","href":"https:\/\/api.w.org\/{rel}","templated":true}]}}