{"id":732546,"date":"2025-08-27T21:52:48","date_gmt":"2025-08-27T18:52:48","guid":{"rendered":"https:\/\/roveyayinevi.com.tr\/index.php\/urun\/turkiye-orgutsel-yasaminda-islami-sosyal-sermayenin-degisimi-1980-2015\/"},"modified":"2026-04-16T02:40:22","modified_gmt":"2026-04-15T23:40:22","slug":"turkiye-orgutsel-yasaminda-islami-sosyal-sermayenin-degisimi-1980-2015","status":"publish","type":"product","link":"https:\/\/roveyayinevi.com.tr\/index.php\/urun\/turkiye-orgutsel-yasaminda-islami-sosyal-sermayenin-degisimi-1980-2015\/","title":{"rendered":"T\u00fcrkiye \u00d6rg\u00fctsel Ya\u015fam\u0131nda \u0130slami Sosyal Sermayenin De\u011fi\u015fimi: 1980 &#8211; 2015"},"content":{"rendered":"<p>\u0130\u00e7indekiler 1.B\u00d6L\u00dcM: Giri\u015f 2.B\u00d6L\u00dcM: Sosyal Sermaye ve Sosyal A\u011f Kuram\u0131 2.1.Sosyal Sermaye Kavram\u0131 ve \u0130\u00e7eri\u011fi 2.2.Yap\u0131-Akt\u00f6r Ayr\u0131m\u0131nda Sosyal Sermaye 2.3. Sosyal A\u011f Kuram\u0131   3.B\u00d6L\u00dcM: Sosyal A\u011flarda \u201cDe\u011fi\u015fim\u201d 3.1.A\u011f De\u011fi\u015fim Kuram\u0131 Temel Yakla\u015f\u0131mlar\u0131 3.2.Kapal\u0131 ve G\u00fc\u00e7l\u00fc A\u011flarda De\u011fi\u015fim 3.3.Klasik Sosyoloji Perspektifinde Sosyal \u0130li\u015fkilerde De\u011fi\u015fim 3.4.1980 ve Sonraki S\u00fcre\u00e7te Sosyal \u0130li\u015fkilerde De\u011fi\u015fim   4.B\u00d6L\u00dcM: Y\u00f6ntem ve Analiz 4.1.Ara\u015ft\u0131rma Evreni ve \u00d6rnek Se\u00e7imi 4.2.A\u011f \u00d6l\u00e7\u00fcm Y\u00f6ntemleri 4.3.Veri Toplama Y\u00f6ntemi 4.4.Veri Giri\u015fi, A\u011f Verilerinin S\u0131n\u0131flanmas\u0131 ve Test Y\u00f6ntemi 4.5.Analiz B\u00d6L\u00dcM: Sonu\u00e7 ve De\u011ferlendirme<\/p>\n","protected":false},"excerpt":{"rendered":"<p>\u0130\u00e7indekiler 1.B\u00d6L\u00dcM: Giri\u015f 2.B\u00d6L\u00dcM: Sosyal Sermaye ve Sosyal A\u011f Kuram\u0131 2.1.Sosyal Sermaye Kavram\u0131 ve \u0130\u00e7eri\u011fi 2.2.Yap\u0131-Akt\u00f6r Ayr\u0131m\u0131nda Sosyal Sermaye 2.3. Sosyal A\u011f Kuram\u0131 3.B\u00d6L\u00dcM: Sosyal A\u011flarda<span class=\"excerpt-hellip\"> [\u2026]<\/span><\/p>\n","protected":false},"featured_media":0,"template":"","meta":{"_monsterinsights_skip_tracking":false,"_monsterinsights_sitenote_active":false,"_monsterinsights_sitenote_note":"","_monsterinsights_sitenote_category":0},"product_brand":[],"product_cat":[13005,40995],"product_tag":[],"class_list":{"0":"post-732546","1":"product","2":"type-product","3":"status-publish","5":"product_cat-bilim-muhendislik","6":"product_cat-sosyal-bilimler","7":"pa_cilt-ciltsiz","8":"pa_tur-kitap","9":"pa_yayinevi-gazi-kitabevi","10":"pa_yazar-ayse-funda-kilic","12":"first","13":"instock","14":"sale","15":"shipping-taxable","16":"purchasable","17":"product-type-simple"},"_links":{"self":[{"href":"https:\/\/roveyayinevi.com.tr\/index.php\/wp-json\/wp\/v2\/product\/732546","targetHints":{"allow":["GET"]}}],"collection":[{"href":"https:\/\/roveyayinevi.com.tr\/index.php\/wp-json\/wp\/v2\/product"}],"about":[{"href":"https:\/\/roveyayinevi.com.tr\/index.php\/wp-json\/wp\/v2\/types\/product"}],"wp:attachment":[{"href":"https:\/\/roveyayinevi.com.tr\/index.php\/wp-json\/wp\/v2\/media?parent=732546"}],"wp:term":[{"taxonomy":"product_brand","embeddable":true,"href":"https:\/\/roveyayinevi.com.tr\/index.php\/wp-json\/wp\/v2\/product_brand?post=732546"},{"taxonomy":"product_cat","embeddable":true,"href":"https:\/\/roveyayinevi.com.tr\/index.php\/wp-json\/wp\/v2\/product_cat?post=732546"},{"taxonomy":"product_tag","embeddable":true,"href":"https:\/\/roveyayinevi.com.tr\/index.php\/wp-json\/wp\/v2\/product_tag?post=732546"}],"curies":[{"name":"wp","href":"https:\/\/api.w.org\/{rel}","templated":true}]}}