{"id":732534,"date":"2025-08-27T21:52:38","date_gmt":"2025-08-27T18:52:38","guid":{"rendered":"https:\/\/roveyayinevi.com.tr\/index.php\/urun\/kapitalist-sehirli-adamlar\/"},"modified":"2026-04-16T02:40:21","modified_gmt":"2026-04-15T23:40:21","slug":"kapitalist-sehirli-adamlar","status":"publish","type":"product","link":"https:\/\/roveyayinevi.com.tr\/index.php\/urun\/kapitalist-sehirli-adamlar\/","title":{"rendered":"Kapitalist \u015eehirli Adamlar"},"content":{"rendered":"<p>\u201cS\u00f6ylediklerinizden hi\u00e7 biriyim ben, salt bir zavall\u0131, yerine yurduna s\u0131\u011fmayan bi\u00e7are bir be\u015fer\u00ee, sevgiyi uzaklarda arayan bir \u00e2\u015f\u0131k, a\u015fk\u0131 uzaklarda b\u0131rakmak isteyen bir deli. Tu\u0308m duygular\u0131ndan sar\u0131p sarmalayan, bu\u0308tu\u0308n kederlerinden debelenmek isteyen bir delikanl\u0131. Kurtulu\u015fu yollarda arayan bir sevdal\u0131, kaybetti\u011finin pe\u015fine du\u0308\u015fen bir ser\u00e7eyim. Kimim ben? Hi\u00e7biri!\u201d <\/p>\n","protected":false},"excerpt":{"rendered":"<p>\u201cS\u00f6ylediklerinizden hi\u00e7 biriyim ben, salt bir zavall\u0131, yerine yurduna s\u0131\u011fmayan bi\u00e7are bir be\u015fer\u00ee, sevgiyi uzaklarda arayan bir \u00e2\u015f\u0131k, a\u015fk\u0131 uzaklarda b\u0131rakmak isteyen bir deli. Tu\u0308m duygular\u0131ndan<span class=\"excerpt-hellip\"> [\u2026]<\/span><\/p>\n","protected":false},"featured_media":0,"template":"","meta":{"_monsterinsights_skip_tracking":false,"_monsterinsights_sitenote_active":false,"_monsterinsights_sitenote_note":"","_monsterinsights_sitenote_category":0},"product_brand":[],"product_cat":[12291,12711],"product_tag":[],"class_list":{"0":"post-732534","1":"product","2":"type-product","3":"status-publish","5":"product_cat-edebiyat","6":"product_cat-roman-oyku","7":"pa_cilt-ciltsiz","8":"pa_tur-kitap","9":"pa_yayinevi-luna-yayinlari","10":"pa_yazar-enver-turan","12":"first","13":"instock","14":"sale","15":"shipping-taxable","16":"purchasable","17":"product-type-simple"},"_links":{"self":[{"href":"https:\/\/roveyayinevi.com.tr\/index.php\/wp-json\/wp\/v2\/product\/732534","targetHints":{"allow":["GET"]}}],"collection":[{"href":"https:\/\/roveyayinevi.com.tr\/index.php\/wp-json\/wp\/v2\/product"}],"about":[{"href":"https:\/\/roveyayinevi.com.tr\/index.php\/wp-json\/wp\/v2\/types\/product"}],"wp:attachment":[{"href":"https:\/\/roveyayinevi.com.tr\/index.php\/wp-json\/wp\/v2\/media?parent=732534"}],"wp:term":[{"taxonomy":"product_brand","embeddable":true,"href":"https:\/\/roveyayinevi.com.tr\/index.php\/wp-json\/wp\/v2\/product_brand?post=732534"},{"taxonomy":"product_cat","embeddable":true,"href":"https:\/\/roveyayinevi.com.tr\/index.php\/wp-json\/wp\/v2\/product_cat?post=732534"},{"taxonomy":"product_tag","embeddable":true,"href":"https:\/\/roveyayinevi.com.tr\/index.php\/wp-json\/wp\/v2\/product_tag?post=732534"}],"curies":[{"name":"wp","href":"https:\/\/api.w.org\/{rel}","templated":true}]}}