{"id":732523,"date":"2025-08-27T21:52:27","date_gmt":"2025-08-27T18:52:27","guid":{"rendered":"https:\/\/roveyayinevi.com.tr\/index.php\/urun\/iyi-evlat\/"},"modified":"2026-04-16T02:40:21","modified_gmt":"2026-04-15T23:40:21","slug":"iyi-evlat","status":"publish","type":"product","link":"https:\/\/roveyayinevi.com.tr\/index.php\/urun\/iyi-evlat\/","title":{"rendered":"\u0130yi Evlat"},"content":{"rendered":"<p>Kan kokusu beni uyand\u0131rd\u0131. Ba\u015f\u0131m\u0131n \u00fczerinde bir yerlerde bir \u015fark\u0131 \u00e7al\u0131yordu. Neler oldu\u011funu idrak etmem uzun s\u00fcrmedi. Bu, ger\u00e7ek de\u011fildi. Elbette bir r\u00fcyadan geriye kalan bir hayal de de\u011fildi.   Yirmi be\u015finci kattaki dairede, a\u011fabeyi Hecin\u2019in telefonuyla uyanan Yucin, \u00f6nceki geceyi hat\u0131rlamaya \u00e7al\u0131\u015ft\u0131. Annesiyle ne konu\u015fmu\u015ftu? Hecin ne zaman d\u00f6necekti? Burnuna gelen koku ger\u00e7ek miydi? Yoksa yine \u00e7ocuklu\u011fundan beri ge\u00e7irdi\u011fi bildik n\u00f6betlerden birinin habercisi miydi?   \u0130yi Evlat, G\u00fcney Kore\u2019nin uluslararas\u0131 alanda \u00f6ne \u00e7\u0131kan yazarlar\u0131ndan Jeong You Jeong\u2019dan edebiyat ile gerilimi ustal\u0131kla harmanlayan bir roman.  <\/p>\n","protected":false},"excerpt":{"rendered":"<p>Kan kokusu beni uyand\u0131rd\u0131. Ba\u015f\u0131m\u0131n \u00fczerinde bir yerlerde bir \u015fark\u0131 \u00e7al\u0131yordu. Neler oldu\u011funu idrak etmem uzun s\u00fcrmedi. Bu, ger\u00e7ek de\u011fildi. Elbette bir r\u00fcyadan geriye kalan bir<span class=\"excerpt-hellip\"> [\u2026]<\/span><\/p>\n","protected":false},"featured_media":0,"template":"","meta":{"_monsterinsights_skip_tracking":false,"_monsterinsights_sitenote_active":false,"_monsterinsights_sitenote_note":"","_monsterinsights_sitenote_category":0},"product_brand":[],"product_cat":[12291,12711],"product_tag":[],"class_list":{"0":"post-732523","1":"product","2":"type-product","3":"status-publish","5":"product_cat-edebiyat","6":"product_cat-roman-oyku","7":"pa_cilt-ciltsiz","8":"pa_tur-kitap","9":"pa_yayinevi-dogan-kitap","10":"pa_yazar-jeong-you-jeong","12":"first","13":"instock","14":"sale","15":"shipping-taxable","16":"purchasable","17":"product-type-simple"},"_links":{"self":[{"href":"https:\/\/roveyayinevi.com.tr\/index.php\/wp-json\/wp\/v2\/product\/732523","targetHints":{"allow":["GET"]}}],"collection":[{"href":"https:\/\/roveyayinevi.com.tr\/index.php\/wp-json\/wp\/v2\/product"}],"about":[{"href":"https:\/\/roveyayinevi.com.tr\/index.php\/wp-json\/wp\/v2\/types\/product"}],"wp:attachment":[{"href":"https:\/\/roveyayinevi.com.tr\/index.php\/wp-json\/wp\/v2\/media?parent=732523"}],"wp:term":[{"taxonomy":"product_brand","embeddable":true,"href":"https:\/\/roveyayinevi.com.tr\/index.php\/wp-json\/wp\/v2\/product_brand?post=732523"},{"taxonomy":"product_cat","embeddable":true,"href":"https:\/\/roveyayinevi.com.tr\/index.php\/wp-json\/wp\/v2\/product_cat?post=732523"},{"taxonomy":"product_tag","embeddable":true,"href":"https:\/\/roveyayinevi.com.tr\/index.php\/wp-json\/wp\/v2\/product_tag?post=732523"}],"curies":[{"name":"wp","href":"https:\/\/api.w.org\/{rel}","templated":true}]}}