{"id":732511,"date":"2025-08-27T21:52:15","date_gmt":"2025-08-27T18:52:15","guid":{"rendered":"https:\/\/roveyayinevi.com.tr\/index.php\/urun\/ruseni-dilnuvaz\/"},"modified":"2026-04-16T02:40:21","modified_gmt":"2026-04-15T23:40:21","slug":"ruseni-dilnuvaz","status":"publish","type":"product","link":"https:\/\/roveyayinevi.com.tr\/index.php\/urun\/ruseni-dilnuvaz\/","title":{"rendered":"Ru\u015feni Diln\u00fcvaz"},"content":{"rendered":"<p>Bug\u00fcne de\u011fin ne\u015fri beklendi\u011fi halde bir t\u00fcrl\u00fc ne\u015fredilememi\u015f olan R\u00fb\u015fen-i Dil-n\u00fcv\u00e2z tabiri c\u00e2iz ise, tasavvuf d\u00fc\u015f\u00fcncesinin \u00fc\u00e7 farkl\u0131 y\u00fczy\u0131l\u0131nda olu\u015fturulmu\u015f \u00fc\u00e7 ayr\u0131 metnin cem edilmi\u015f; ancak ne yaz\u0131k ki tamamlanamam\u0131\u015f halidir. Mahmud-\u0131 \u015eeb\u00fcster\u00ee (\u00f6. 1320)&#8217;nin ilhama mazhar oldu\u011fu s\u00f6ylenen me\u015fhur manzum eseri G\u00fcl\u015fen-i R\u00e2z&#8217;\u0131 kendisinden yakla\u015f\u0131k iki as\u0131r sonra Muhammed L\u00e2hic\u00ee (\u00f6. 1506) Fars\u00e7a olarak yorumlam\u0131\u015ft\u0131r. \u0130slam d\u00fcnyas\u0131nda en fazla \u015ferhi yap\u0131lan eserlerin ba\u015f\u0131nda g\u00f6sterilen G\u00fcl\u015fen-i R\u00e2z&#8217;\u0131n bu Faris\u00ee \u015ferhini son d\u00f6nem tasavvuf ricali aras\u0131nda \u00e7ok m\u00fcstesna bir isim olan Har\u00eer\u00eez\u00e2de Mehmed Kem\u00e2leddin Efendi T\u00fcrk\u00e7eye aktarm\u0131\u015ft\u0131r. \u00dc\u00e7\u00fcnc\u00fc devre Mel\u00e2m\u00eeli\u011fine intisap eden bu vel\u00fbd mutasavv\u0131f\u0131n arkas\u0131nda b\u0131rakt\u0131\u011f\u0131 41 eserden biri olan R\u00fb\u015fen-i Dil-n\u00fcv\u00e2z ne yaz\u0131k ki 156 beyte kadar gelmi\u015f olmas\u0131na ra\u011fmen yine de  \u00e7ok k\u0131ymetlidir. \u0130bn\u00fc&#8217;l-Arab\u00ee&#8217;nin \u00f6\u011fretilerinin enfes bir dille i\u015flendi\u011fi bu muhte\u015fem \u015ferh \u00e7evirisi &#8220;a\u015fk&#8221; yolunun &#8220;ak\u0131l&#8221; yolu yan\u0131nda \u00fcst\u00fcn niteliklerini ve irf\u00e2n\u00ee zenginli\u011fini g\u00f6stermektedir. Prof. Dr. Cengiz G\u00fcndo\u011fdu emek mahsul\u00fc bu titiz \u00e7al\u0131\u015fmas\u0131 ile R\u00fb\u015fen-i Dil-n\u00fcv\u00e2z&#8217;\u0131 yazma eserler koleksiyonundan matbuat alemine kazand\u0131rarak istifadeye sunuyor. Ayr\u0131ca, bu eserinde Har\u00eer\u00ee-z\u00e2de Mehmed Kem\u00e2leddin Efendi&#8217;ye dair \u00e7ok k\u0131ymetli biyografik malumat aktar\u0131yor.<\/p>\n","protected":false},"excerpt":{"rendered":"<p>Bug\u00fcne de\u011fin ne\u015fri beklendi\u011fi halde bir t\u00fcrl\u00fc ne\u015fredilememi\u015f olan R\u00fb\u015fen-i Dil-n\u00fcv\u00e2z tabiri c\u00e2iz ise, tasavvuf d\u00fc\u015f\u00fcncesinin \u00fc\u00e7 farkl\u0131 y\u00fczy\u0131l\u0131nda olu\u015fturulmu\u015f \u00fc\u00e7 ayr\u0131 metnin cem edilmi\u015f; ancak<span class=\"excerpt-hellip\"> [\u2026]<\/span><\/p>\n","protected":false},"featured_media":0,"template":"","meta":{"_monsterinsights_skip_tracking":false,"_monsterinsights_sitenote_active":false,"_monsterinsights_sitenote_note":"","_monsterinsights_sitenote_category":0},"product_brand":[],"product_cat":[12718,12719],"product_tag":[],"class_list":{"0":"post-732511","1":"product","2":"type-product","3":"status-publish","5":"product_cat-din","6":"product_cat-islam","7":"pa_cilt-ciltsiz","8":"pa_tur-kitap","9":"pa_yayinevi-sufi-kitap","10":"pa_yazar-haririzade-mehmed","12":"first","13":"instock","14":"sale","15":"shipping-taxable","16":"purchasable","17":"product-type-simple"},"_links":{"self":[{"href":"https:\/\/roveyayinevi.com.tr\/index.php\/wp-json\/wp\/v2\/product\/732511","targetHints":{"allow":["GET"]}}],"collection":[{"href":"https:\/\/roveyayinevi.com.tr\/index.php\/wp-json\/wp\/v2\/product"}],"about":[{"href":"https:\/\/roveyayinevi.com.tr\/index.php\/wp-json\/wp\/v2\/types\/product"}],"wp:attachment":[{"href":"https:\/\/roveyayinevi.com.tr\/index.php\/wp-json\/wp\/v2\/media?parent=732511"}],"wp:term":[{"taxonomy":"product_brand","embeddable":true,"href":"https:\/\/roveyayinevi.com.tr\/index.php\/wp-json\/wp\/v2\/product_brand?post=732511"},{"taxonomy":"product_cat","embeddable":true,"href":"https:\/\/roveyayinevi.com.tr\/index.php\/wp-json\/wp\/v2\/product_cat?post=732511"},{"taxonomy":"product_tag","embeddable":true,"href":"https:\/\/roveyayinevi.com.tr\/index.php\/wp-json\/wp\/v2\/product_tag?post=732511"}],"curies":[{"name":"wp","href":"https:\/\/api.w.org\/{rel}","templated":true}]}}