{"id":732504,"date":"2025-08-27T21:52:07","date_gmt":"2025-08-27T18:52:07","guid":{"rendered":"https:\/\/roveyayinevi.com.tr\/index.php\/urun\/ilk-sorular-ve-cevaplarla-dinozorlar\/"},"modified":"2026-04-16T02:40:21","modified_gmt":"2026-04-15T23:40:21","slug":"ilk-sorular-ve-cevaplarla-dinozorlar","status":"publish","type":"product","link":"https:\/\/roveyayinevi.com.tr\/index.php\/urun\/ilk-sorular-ve-cevaplarla-dinozorlar\/","title":{"rendered":"\u0130lk Sorular ve Cevaplarla Dinozorlar"},"content":{"rendered":"<p>Yazlar neden s\u0131cak ve g\u00fcne\u015flidir?R\u00fczg\u00e2r \u015fiddetini nas\u0131l tahmin edebiliriz?Hava durumunu ilk kim kaydetti?Ya\u011fmur neden ya\u011far? Hey sen! Merakl\u0131 \u00e7ocuk\u2026 Biliyorum, akl\u0131nda hava ile ilgili pek \u00e7ok soru dolan\u0131p duruyor. Hi\u00e7 \u015f\u00fcphem yok ki sen de \u00e7ok merak ediyorsun yazlar\u0131n neden ve g\u00fcne\u015fli oldu\u011funu, neden ya\u011fmur ya\u011fd\u0131\u011f\u0131n\u0131, g\u00f6kku\u015fa\u011f\u0131n\u0131n nas\u0131l olu\u015ftu\u011funu\u2026 B\u00fct\u00fcn bu sorular\u0131n yan\u0131tlar\u0131n\u0131 sayfalar\u0131mda bulacak, ba\u015fka pek \u00e7ok \u015fey \u00f6\u011frenecek ve hatta en sonunda da ne kadar \u00f6\u011frendi\u011fini g\u00f6rebileceksin. Merak etmek g\u00fczeldir\u2026 Merak \u00f6\u011fretir\u2026 Merakt\u0131r insanl\u0131\u011f\u0131n ilerlemesini, her g\u00fcn yeni ad\u0131mlar atmas\u0131n\u0131 sa\u011flayan\u2026 O h\u00e2lde merak etmeye, \u00f6\u011frenmeye devam!<\/p>\n","protected":false},"excerpt":{"rendered":"<p>Yazlar neden s\u0131cak ve g\u00fcne\u015flidir?R\u00fczg\u00e2r \u015fiddetini nas\u0131l tahmin edebiliriz?Hava durumunu ilk kim kaydetti?Ya\u011fmur neden ya\u011far? Hey sen! Merakl\u0131 \u00e7ocuk\u2026 Biliyorum, akl\u0131nda hava ile ilgili pek \u00e7ok<span class=\"excerpt-hellip\"> [\u2026]<\/span><\/p>\n","protected":false},"featured_media":0,"template":"","meta":{"_monsterinsights_skip_tracking":false,"_monsterinsights_sitenote_active":false,"_monsterinsights_sitenote_note":"","_monsterinsights_sitenote_category":0},"product_brand":[],"product_cat":[13829,12274],"product_tag":[],"class_list":{"0":"post-732504","1":"product","2":"type-product","3":"status-publish","5":"product_cat-bilimsel-kitaplar","6":"product_cat-cocuk-ve-genclik-kitaplari","7":"pa_cilt-ciltsiz","8":"pa_tur-kitap","9":"pa_yayinevi-almidilli","10":"pa_yazar-camilla-de-la-bedoyere","12":"first","13":"instock","14":"sale","15":"shipping-taxable","16":"purchasable","17":"product-type-simple"},"_links":{"self":[{"href":"https:\/\/roveyayinevi.com.tr\/index.php\/wp-json\/wp\/v2\/product\/732504","targetHints":{"allow":["GET"]}}],"collection":[{"href":"https:\/\/roveyayinevi.com.tr\/index.php\/wp-json\/wp\/v2\/product"}],"about":[{"href":"https:\/\/roveyayinevi.com.tr\/index.php\/wp-json\/wp\/v2\/types\/product"}],"wp:attachment":[{"href":"https:\/\/roveyayinevi.com.tr\/index.php\/wp-json\/wp\/v2\/media?parent=732504"}],"wp:term":[{"taxonomy":"product_brand","embeddable":true,"href":"https:\/\/roveyayinevi.com.tr\/index.php\/wp-json\/wp\/v2\/product_brand?post=732504"},{"taxonomy":"product_cat","embeddable":true,"href":"https:\/\/roveyayinevi.com.tr\/index.php\/wp-json\/wp\/v2\/product_cat?post=732504"},{"taxonomy":"product_tag","embeddable":true,"href":"https:\/\/roveyayinevi.com.tr\/index.php\/wp-json\/wp\/v2\/product_tag?post=732504"}],"curies":[{"name":"wp","href":"https:\/\/api.w.org\/{rel}","templated":true}]}}