{"id":732498,"date":"2025-08-27T21:52:02","date_gmt":"2025-08-27T18:52:02","guid":{"rendered":"https:\/\/roveyayinevi.com.tr\/index.php\/urun\/vatani-siirle-yonetmek\/"},"modified":"2026-04-16T02:40:21","modified_gmt":"2026-04-15T23:40:21","slug":"vatani-siirle-yonetmek","status":"publish","type":"product","link":"https:\/\/roveyayinevi.com.tr\/index.php\/urun\/vatani-siirle-yonetmek\/","title":{"rendered":"Vatan\u0131 \u015eiirle Y\u00f6netmek"},"content":{"rendered":"<p>Kitap\u00e7\u0131\u011fa uygun yaz\u0131lm\u0131\u015ft\u0131r, bu \u00f6ns\u00f6zDe\u011fi\u015fimler olu\u015fturur, i\u00e7imizde bir k\u00f6zDo\u011fru i\u015flerde kaybedilmez, hi\u00e7bir \u00f6zKafiyeler ile anlay\u0131\u015fa katk\u0131 olur, bu s\u00f6z\u00d6zlerden ayr\u0131lmas\u0131n, uygulayan g\u00f6zK\u0131saltmalarla olu\u015fsun, son bir tepeg\u00f6zS\u00fcre\u00e7lerde sonradan olunmas\u0131n, y\u00fczg\u00f6zEser kamu d\u0131\u015f\u0131ndakilere de olsun, \u00f6z\u0130\u00e7ten artmaz di\u015ften artar der, ata s\u00f6zK\u0131rk d\u00fc\u015f\u00fcn\u00fcls\u00fcn, \u00f6yle s\u00f6ylensin sons\u00f6zStandart s\u00fcre\u00e7ler olsun, kendine \u00f6z\u00c7al\u0131\u015fanlara d\u00fc\u015fen g\u00f6revdir, do\u011fru \u00e7\u00f6zY\u00f6netimler mutlak ister, do\u011fru g\u00f6zY\u00f6neti\u015fimde olamaz, kimse cing\u00f6zRisklere kar\u015f\u0131 olu\u015fmal\u0131, bir karag\u00f6zDile\u011fimiz arts\u0131n, \u00f6z ve payla\u015fan g\u00f6z<\/p>\n","protected":false},"excerpt":{"rendered":"<p>Kitap\u00e7\u0131\u011fa uygun yaz\u0131lm\u0131\u015ft\u0131r, bu \u00f6ns\u00f6zDe\u011fi\u015fimler olu\u015fturur, i\u00e7imizde bir k\u00f6zDo\u011fru i\u015flerde kaybedilmez, hi\u00e7bir \u00f6zKafiyeler ile anlay\u0131\u015fa katk\u0131 olur, bu s\u00f6z\u00d6zlerden ayr\u0131lmas\u0131n, uygulayan g\u00f6zK\u0131saltmalarla olu\u015fsun, son bir tepeg\u00f6zS\u00fcre\u00e7lerde<span class=\"excerpt-hellip\"> [\u2026]<\/span><\/p>\n","protected":false},"featured_media":0,"template":"","meta":{"_monsterinsights_skip_tracking":false,"_monsterinsights_sitenote_active":false,"_monsterinsights_sitenote_note":"","_monsterinsights_sitenote_category":0},"product_brand":[],"product_cat":[12291,12509],"product_tag":[],"class_list":{"0":"post-732498","1":"product","2":"type-product","3":"status-publish","5":"product_cat-edebiyat","6":"product_cat-siir","7":"pa_cilt-ciltsiz","8":"pa_tur-kitap","9":"pa_yayinevi-gulnar-yayinlari","10":"pa_yazar-mehmet-emin-usta","12":"first","13":"instock","14":"sale","15":"shipping-taxable","16":"purchasable","17":"product-type-simple"},"_links":{"self":[{"href":"https:\/\/roveyayinevi.com.tr\/index.php\/wp-json\/wp\/v2\/product\/732498","targetHints":{"allow":["GET"]}}],"collection":[{"href":"https:\/\/roveyayinevi.com.tr\/index.php\/wp-json\/wp\/v2\/product"}],"about":[{"href":"https:\/\/roveyayinevi.com.tr\/index.php\/wp-json\/wp\/v2\/types\/product"}],"wp:attachment":[{"href":"https:\/\/roveyayinevi.com.tr\/index.php\/wp-json\/wp\/v2\/media?parent=732498"}],"wp:term":[{"taxonomy":"product_brand","embeddable":true,"href":"https:\/\/roveyayinevi.com.tr\/index.php\/wp-json\/wp\/v2\/product_brand?post=732498"},{"taxonomy":"product_cat","embeddable":true,"href":"https:\/\/roveyayinevi.com.tr\/index.php\/wp-json\/wp\/v2\/product_cat?post=732498"},{"taxonomy":"product_tag","embeddable":true,"href":"https:\/\/roveyayinevi.com.tr\/index.php\/wp-json\/wp\/v2\/product_tag?post=732498"}],"curies":[{"name":"wp","href":"https:\/\/api.w.org\/{rel}","templated":true}]}}