{"id":732494,"date":"2025-08-27T21:51:58","date_gmt":"2025-08-27T18:51:58","guid":{"rendered":"https:\/\/roveyayinevi.com.tr\/index.php\/urun\/simsek\/"},"modified":"2026-04-16T02:40:20","modified_gmt":"2026-04-15T23:40:20","slug":"simsek","status":"publish","type":"product","link":"https:\/\/roveyayinevi.com.tr\/index.php\/urun\/simsek\/","title":{"rendered":"\u015eim\u015fek"},"content":{"rendered":"<p>Bizimkinden pek de uzak olmayan bir evde, Oskarsson ad\u0131nda bir dev ya\u015f\u0131yordu. D\u00fcmd\u00fcz ilerleyip caddenin soluna d\u00f6nd\u00fc\u011f\u00fcn\u00fczde kar\u015f\u0131n\u0131za \u00e7\u0131kan ev, onun eviydi. Biz de ara s\u0131ra, biraz korkup heyecan ya\u015famak istedi\u011fimizde, oraya gitmek \u00fczere yola koyulurduk. T\u00fcm civar\u0131n en korkun\u00e7 adam\u0131yd\u0131 Oskarsson. Bize g\u00f6reyse o, yaln\u0131zca \u2018\u015eim\u015fek\u2019ti. Daima g\u00fcr\u00fclt\u00fc yapan, v\u00fccudu k\u0131llarla kapl\u0131 ve tehlikeli biriydi\u2026 Ulf Stark\u2019\u0131n yazd\u0131\u011f\u0131 ve Marcus-Gunnar Pettersson\u2019un resimledi\u011fi, \u015eim\u015fek\u2019i, Zeynep Tamer \u0130sve\u00e7\u00e7eden dilimize \u00e7evirdi ve okurlar\u0131n be\u011fenisine sunuyoruz. <\/p>\n","protected":false},"excerpt":{"rendered":"<p>Bizimkinden pek de uzak olmayan bir evde, Oskarsson ad\u0131nda bir dev ya\u015f\u0131yordu. D\u00fcmd\u00fcz ilerleyip caddenin soluna d\u00f6nd\u00fc\u011f\u00fcn\u00fczde kar\u015f\u0131n\u0131za \u00e7\u0131kan ev, onun eviydi. Biz de ara s\u0131ra,<span class=\"excerpt-hellip\"> [\u2026]<\/span><\/p>\n","protected":false},"featured_media":0,"template":"","meta":{"_monsterinsights_skip_tracking":false,"_monsterinsights_sitenote_active":false,"_monsterinsights_sitenote_note":"","_monsterinsights_sitenote_category":0},"product_brand":[],"product_cat":[12275,12274],"product_tag":[],"class_list":{"0":"post-732494","1":"product","2":"type-product","3":"status-publish","5":"product_cat-6-12-yas-kitaplari","6":"product_cat-cocuk-ve-genclik-kitaplari","7":"pa_cilt-ciltsiz","8":"pa_tur-kitap","9":"pa_yayinevi-potikare-yayincilik","10":"pa_yazar-ulf-stark","12":"first","13":"instock","14":"sale","15":"shipping-taxable","16":"purchasable","17":"product-type-simple"},"_links":{"self":[{"href":"https:\/\/roveyayinevi.com.tr\/index.php\/wp-json\/wp\/v2\/product\/732494","targetHints":{"allow":["GET"]}}],"collection":[{"href":"https:\/\/roveyayinevi.com.tr\/index.php\/wp-json\/wp\/v2\/product"}],"about":[{"href":"https:\/\/roveyayinevi.com.tr\/index.php\/wp-json\/wp\/v2\/types\/product"}],"wp:attachment":[{"href":"https:\/\/roveyayinevi.com.tr\/index.php\/wp-json\/wp\/v2\/media?parent=732494"}],"wp:term":[{"taxonomy":"product_brand","embeddable":true,"href":"https:\/\/roveyayinevi.com.tr\/index.php\/wp-json\/wp\/v2\/product_brand?post=732494"},{"taxonomy":"product_cat","embeddable":true,"href":"https:\/\/roveyayinevi.com.tr\/index.php\/wp-json\/wp\/v2\/product_cat?post=732494"},{"taxonomy":"product_tag","embeddable":true,"href":"https:\/\/roveyayinevi.com.tr\/index.php\/wp-json\/wp\/v2\/product_tag?post=732494"}],"curies":[{"name":"wp","href":"https:\/\/api.w.org\/{rel}","templated":true}]}}