{"id":732489,"date":"2025-08-27T21:51:52","date_gmt":"2025-08-27T18:51:52","guid":{"rendered":"https:\/\/roveyayinevi.com.tr\/index.php\/urun\/hangi-hayvanlar\/"},"modified":"2026-04-16T02:40:20","modified_gmt":"2026-04-15T23:40:20","slug":"hangi-hayvanlar","status":"publish","type":"product","link":"https:\/\/roveyayinevi.com.tr\/index.php\/urun\/hangi-hayvanlar\/","title":{"rendered":"Hangi Hayvanlar"},"content":{"rendered":"<p>\u201cBir a\u011fa\u00e7 \u00e7i\u00e7ek a\u00e7t\u0131\u011f\u0131nda karada Ve yay\u0131n bal\u0131\u011f\u0131 inan\u00e7la s\u0131\u00e7ray\u0131p K\u0131smetini yakalad\u0131\u011f\u0131nda havaG\u00fc\u00e7l\u00fc zay\u0131f\u0131 av\u0131 yapar sen beni Aslan ceylan\u0131 kartal s\u0131\u00e7an\u0131 kapar Sald\u0131r\u0131ya ge\u00e7ti\u011finde hayvan Yaral\u0131 b\u0131rakmaz av\u0131n\u0131 T\u00fcyler dikilmi\u015f, s\u0131rt sertle\u015fmi\u015f Gerilmi\u015f ayaklardaki t\u00fcm kaslar Depar. Pen\u00e7e. Depar. Pen\u00e7e. Depar.\u201d <\/p>\n","protected":false},"excerpt":{"rendered":"<p>\u201cBir a\u011fa\u00e7 \u00e7i\u00e7ek a\u00e7t\u0131\u011f\u0131nda karada Ve yay\u0131n bal\u0131\u011f\u0131 inan\u00e7la s\u0131\u00e7ray\u0131p K\u0131smetini yakalad\u0131\u011f\u0131nda havaG\u00fc\u00e7l\u00fc zay\u0131f\u0131 av\u0131 yapar sen beni Aslan ceylan\u0131 kartal s\u0131\u00e7an\u0131 kapar Sald\u0131r\u0131ya ge\u00e7ti\u011finde hayvan<span class=\"excerpt-hellip\"> [\u2026]<\/span><\/p>\n","protected":false},"featured_media":0,"template":"","meta":{"_monsterinsights_skip_tracking":false,"_monsterinsights_sitenote_active":false,"_monsterinsights_sitenote_note":"","_monsterinsights_sitenote_category":0},"product_brand":[],"product_cat":[12291,12509],"product_tag":[],"class_list":{"0":"post-732489","1":"product","2":"type-product","3":"status-publish","5":"product_cat-edebiyat","6":"product_cat-siir","7":"pa_cilt-ciltsiz","8":"pa_tur-kitap","9":"pa_yayinevi-ithaki-yayinlari","10":"pa_yazar-cengizhan-genc","12":"first","13":"instock","14":"sale","15":"shipping-taxable","16":"purchasable","17":"product-type-simple"},"_links":{"self":[{"href":"https:\/\/roveyayinevi.com.tr\/index.php\/wp-json\/wp\/v2\/product\/732489","targetHints":{"allow":["GET"]}}],"collection":[{"href":"https:\/\/roveyayinevi.com.tr\/index.php\/wp-json\/wp\/v2\/product"}],"about":[{"href":"https:\/\/roveyayinevi.com.tr\/index.php\/wp-json\/wp\/v2\/types\/product"}],"wp:attachment":[{"href":"https:\/\/roveyayinevi.com.tr\/index.php\/wp-json\/wp\/v2\/media?parent=732489"}],"wp:term":[{"taxonomy":"product_brand","embeddable":true,"href":"https:\/\/roveyayinevi.com.tr\/index.php\/wp-json\/wp\/v2\/product_brand?post=732489"},{"taxonomy":"product_cat","embeddable":true,"href":"https:\/\/roveyayinevi.com.tr\/index.php\/wp-json\/wp\/v2\/product_cat?post=732489"},{"taxonomy":"product_tag","embeddable":true,"href":"https:\/\/roveyayinevi.com.tr\/index.php\/wp-json\/wp\/v2\/product_tag?post=732489"}],"curies":[{"name":"wp","href":"https:\/\/api.w.org\/{rel}","templated":true}]}}