{"id":732480,"date":"2025-08-27T21:51:43","date_gmt":"2025-08-27T18:51:43","guid":{"rendered":"https:\/\/roveyayinevi.com.tr\/index.php\/urun\/gulliverin-gezileri-10\/"},"modified":"2026-04-16T02:40:20","modified_gmt":"2026-04-15T23:40:20","slug":"gulliverin-gezileri-10","status":"publish","type":"product","link":"https:\/\/roveyayinevi.com.tr\/index.php\/urun\/gulliverin-gezileri-10\/","title":{"rendered":"Gulliver\u2019in Gezileri"},"content":{"rendered":"<p>S\u0131rt\u0131 \u00fcst\u00fc yerdeydim ve kollar\u0131m ve bacaklar\u0131m\u0131n s\u0131k\u0131ca yere sabitlendi\u011fini fark ettim, hatta sa\u00e7lar\u0131m\u0131 bile sabitlemi\u015flerdi yere. Bu arada bir s\u00fcr\u00fc ufak tefek bir \u015feylerin \u00fczerimde dola\u015ft\u0131\u011f\u0131n\u0131 hissediyordum. Sadece yukar\u0131 bakabiliyordum, s\u0131cakl\u0131k artm\u0131\u015ft\u0131 ve g\u00fcne\u015f \u0131\u015f\u0131klar\u0131 beni rahats\u0131z ediyordu. Bir ba\u011f\u0131r\u0131\u015f \u00e7a\u011f\u0131r\u0131\u015f oldu ama yatt\u0131\u011f\u0131m pozisyon y\u00fcz\u00fcnden sadece g\u00f6ky\u00fcz\u00fcn\u00fc g\u00f6rebiliyordum. Birden bir \u015feyin sol baca\u011f\u0131m\u0131n \u00fczerinde y\u00fcr\u00fcd\u00fc\u011f\u00fcn\u00fc hissettim ve o \u015fey \u00e7eneme kadar geldi. A\u015fa\u011f\u0131ya bak\u0131nca on be\u015f santim uzunlu\u011funda, elinde ok ve yay tutan ve s\u0131rt\u0131nda da sada\u011f\u0131 olan bir insan g\u00f6rd\u00fcm. Onun pe\u015finden k\u0131rk tanesinin daha geldi\u011fini hissettim. \u00d6yle \u015fa\u015f\u0131rd\u0131m ve ba\u011f\u0131rd\u0131m ki hepsi korkuyla ka\u00e7\u0131\u015ft\u0131. Ancak i\u00e7lerinden biri yeniden g\u00f6r\u00fcnd\u00fc ve ellerini havaya kald\u0131r\u0131p tiz bir sesle Hekinah degul diye ba\u011f\u0131rd\u0131, di\u011ferleri de ayn\u0131 \u015feyi defalarca s\u00f6yledi ama ne demek istediklerini anlam\u0131yordum.\u201d   Do\u011fu Antiller\u2019e giderken f\u0131rt\u0131nada batan gemiden tek kurtulan Gulliver, \u00f6yle bir yere d\u00fc\u015fer ki bundan sonra da ba\u015f\u0131na gelmeyen kalmaz. <\/p>\n","protected":false},"excerpt":{"rendered":"<p>S\u0131rt\u0131 \u00fcst\u00fc yerdeydim ve kollar\u0131m ve bacaklar\u0131m\u0131n s\u0131k\u0131ca yere sabitlendi\u011fini fark ettim, hatta sa\u00e7lar\u0131m\u0131 bile sabitlemi\u015flerdi yere. Bu arada bir s\u00fcr\u00fc ufak tefek bir \u015feylerin \u00fczerimde<span class=\"excerpt-hellip\"> [\u2026]<\/span><\/p>\n","protected":false},"featured_media":0,"template":"","meta":{"_monsterinsights_skip_tracking":false,"_monsterinsights_sitenote_active":false,"_monsterinsights_sitenote_note":"","_monsterinsights_sitenote_category":0},"product_brand":[],"product_cat":[12274,12467],"product_tag":[],"class_list":{"0":"post-732480","1":"product","2":"type-product","3":"status-publish","5":"product_cat-cocuk-ve-genclik-kitaplari","6":"product_cat-dunya-klasikleri","7":"pa_cilt-ciltsiz","8":"pa_tur-kitap","9":"pa_yayinevi-sifir6-yayinevi","10":"pa_yazar-jonathan-swift","12":"first","13":"instock","14":"sale","15":"shipping-taxable","16":"purchasable","17":"product-type-simple"},"_links":{"self":[{"href":"https:\/\/roveyayinevi.com.tr\/index.php\/wp-json\/wp\/v2\/product\/732480","targetHints":{"allow":["GET"]}}],"collection":[{"href":"https:\/\/roveyayinevi.com.tr\/index.php\/wp-json\/wp\/v2\/product"}],"about":[{"href":"https:\/\/roveyayinevi.com.tr\/index.php\/wp-json\/wp\/v2\/types\/product"}],"wp:attachment":[{"href":"https:\/\/roveyayinevi.com.tr\/index.php\/wp-json\/wp\/v2\/media?parent=732480"}],"wp:term":[{"taxonomy":"product_brand","embeddable":true,"href":"https:\/\/roveyayinevi.com.tr\/index.php\/wp-json\/wp\/v2\/product_brand?post=732480"},{"taxonomy":"product_cat","embeddable":true,"href":"https:\/\/roveyayinevi.com.tr\/index.php\/wp-json\/wp\/v2\/product_cat?post=732480"},{"taxonomy":"product_tag","embeddable":true,"href":"https:\/\/roveyayinevi.com.tr\/index.php\/wp-json\/wp\/v2\/product_tag?post=732480"}],"curies":[{"name":"wp","href":"https:\/\/api.w.org\/{rel}","templated":true}]}}