{"id":732465,"date":"2025-08-27T21:51:26","date_gmt":"2025-08-27T18:51:26","guid":{"rendered":"https:\/\/roveyayinevi.com.tr\/index.php\/urun\/tagaramadan-sihirli-kalem\/"},"modified":"2026-04-16T02:40:20","modified_gmt":"2026-04-15T23:40:20","slug":"tagaramadan-sihirli-kalem","status":"publish","type":"product","link":"https:\/\/roveyayinevi.com.tr\/index.php\/urun\/tagaramadan-sihirli-kalem\/","title":{"rendered":"Tagarama&#8217;dan Sihirli Kalem"},"content":{"rendered":"<p>Merhaba Sevgili Okurlar\u0131m; \u00d6ncelikle sanat\u0131n yedinci harikas\u0131 \u2018\u2019Sinema perdesi\u2019\u2019 i\u00e7in yazm\u0131\u015f oldu\u011fum edebi eserleri (senaryolar\u0131, \u015fiirleri) b\u00fcy\u00fck bir keyif ve heyecan ile okuyaca\u011f\u0131n\u0131z\u0131 umuyorum.Serbest ve farkl\u0131 t\u00fcrde yazd\u0131\u011f\u0131m \u015fiirlerimde cans\u0131z nesneleri, can dostlar\u0131m\u0131z hayvanlar\u0131, spor dallar\u0131n\u0131 ve k\u00fcresel \u0131s\u0131nma gibi konular\u0131 ele ald\u0131m. Sinema y\u00f6netmeni Jean \u2013 Luc Godard\u2019\u0131n bir s\u00f6z\u00fc vard\u0131r. \u201cFoto\u011fraf ger\u00e7ektir, sinema ise saniyede yirmi d\u00f6rt kare ger\u00e7ektir\u201d Ben de bu s\u00f6zden yola \u00e7\u0131karak, edebi y\u00f6nden hik\u00e2ye t\u00fcr\u00fcnde senaryolar\u0131m\u0131 siz de\u011ferli okuyucular\u0131m\u0131n yer, zaman ve mek\u00e2nlar\u0131, olay \u00f6rg\u00fclerini, karakterleri kendi hayal g\u00fcc\u00fcn\u00fczle yarat\u0131p, yaratt\u0131\u011f\u0131n\u0131z bu d\u00fcnyan\u0131n da h\u00e2kimi, hakemi ve y\u00f6netmeni olman\u0131z\u0131 g\u00f6n\u00fclden istiyorum.   Ayr\u0131ca bu 18 senaryo ve 10 adet \u015fiirde k\u00e2h bir minik sar\u0131\u00e7i\u00e7e\u011fin izinden Cheese burgerin anavatan\u0131 Colorado\u2019ya yolculuk, k\u00e2h g\u00fcn\u00fcm\u00fczde yok olmu\u015f devasa ku\u015flar\u0131n bir depremin tetiklemesiyle tekrar g\u00fcn y\u00fcz\u00fcne \u00e7\u0131kmas\u0131na tan\u0131k olaca\u011f\u0131z. Bazen bir lahitten \u00e7\u0131kan par\u015f\u00f6men su ve g\u00fcne\u015fin yard\u0131m\u0131yla sizi antik Machu Picchu\u2019ya g\u00f6t\u00fcrecek. Kimi zaman da Malakan ve T\u00fcrk sevgililerin imk\u00e2ns\u0131zl\u0131ktan kendilerini karlar \u00fclkesi Laponya\u2019da bulmas\u0131yla Kuzey ve G\u00fcney \u0131\u015f\u0131klar\u0131ndan gelen mesajlarla birlikte garip olaylara \u015fahit olaca\u011f\u0131z. G\u00fclece\u011finiz, a\u011flayaca\u011f\u0131n\u0131z, \u00fcrperece\u011finiz, heyecanlanaca\u011f\u0131n\u0131z bu kitab\u0131 yazarken bana ilham olan mahallemizin sihirli kalemi, b\u00fcy\u00fck \u015fair ve yazar\u0131 Atilla \u0130lhan\u2019a ve yazar Hasan H\u00fcseyin Korkmazgil\u2019e sonsuz sayg\u0131 ve te\u015fekk\u00fcrlerimi iletiyorum. Ayr\u0131ca bize de\u011fer katan t\u00fcm yazarlar\u0131n ve merhum babam Selahattin Kahveci\u2019nin ruhlar\u0131n\u0131n \u015f\u00e2d olmas\u0131 dile\u011fiyle&#8230; Mutlu Okumalar <\/p>\n","protected":false},"excerpt":{"rendered":"<p>Merhaba Sevgili Okurlar\u0131m; \u00d6ncelikle sanat\u0131n yedinci harikas\u0131 \u2018\u2019Sinema perdesi\u2019\u2019 i\u00e7in yazm\u0131\u015f oldu\u011fum edebi eserleri (senaryolar\u0131, \u015fiirleri) b\u00fcy\u00fck bir keyif ve heyecan ile okuyaca\u011f\u0131n\u0131z\u0131 umuyorum.Serbest ve farkl\u0131<span class=\"excerpt-hellip\"> [\u2026]<\/span><\/p>\n","protected":false},"featured_media":0,"template":"","meta":{"_monsterinsights_skip_tracking":false,"_monsterinsights_sitenote_active":false,"_monsterinsights_sitenote_note":"","_monsterinsights_sitenote_category":0},"product_brand":[],"product_cat":[12291,12509],"product_tag":[],"class_list":{"0":"post-732465","1":"product","2":"type-product","3":"status-publish","5":"product_cat-edebiyat","6":"product_cat-siir","7":"pa_cilt-ciltsiz","8":"pa_tur-kitap","9":"pa_yayinevi-servet-yayinevi","10":"pa_yazar-serkan-kahveci","12":"first","13":"instock","14":"sale","15":"shipping-taxable","16":"purchasable","17":"product-type-simple"},"_links":{"self":[{"href":"https:\/\/roveyayinevi.com.tr\/index.php\/wp-json\/wp\/v2\/product\/732465","targetHints":{"allow":["GET"]}}],"collection":[{"href":"https:\/\/roveyayinevi.com.tr\/index.php\/wp-json\/wp\/v2\/product"}],"about":[{"href":"https:\/\/roveyayinevi.com.tr\/index.php\/wp-json\/wp\/v2\/types\/product"}],"wp:attachment":[{"href":"https:\/\/roveyayinevi.com.tr\/index.php\/wp-json\/wp\/v2\/media?parent=732465"}],"wp:term":[{"taxonomy":"product_brand","embeddable":true,"href":"https:\/\/roveyayinevi.com.tr\/index.php\/wp-json\/wp\/v2\/product_brand?post=732465"},{"taxonomy":"product_cat","embeddable":true,"href":"https:\/\/roveyayinevi.com.tr\/index.php\/wp-json\/wp\/v2\/product_cat?post=732465"},{"taxonomy":"product_tag","embeddable":true,"href":"https:\/\/roveyayinevi.com.tr\/index.php\/wp-json\/wp\/v2\/product_tag?post=732465"}],"curies":[{"name":"wp","href":"https:\/\/api.w.org\/{rel}","templated":true}]}}