{"id":732460,"date":"2025-08-27T21:51:21","date_gmt":"2025-08-27T18:51:21","guid":{"rendered":"https:\/\/roveyayinevi.com.tr\/index.php\/urun\/la-fortuna\/"},"modified":"2026-04-16T02:40:20","modified_gmt":"2026-04-15T23:40:20","slug":"la-fortuna","status":"publish","type":"product","link":"https:\/\/roveyayinevi.com.tr\/index.php\/urun\/la-fortuna\/","title":{"rendered":"La Fortuna"},"content":{"rendered":"<p>Neyi de\u011fi\u015ftirmek istiyorsun? A\u015fk hayat\u0131n nas\u0131l gidiyor? Peki, maddi durumun iyi mi? H\u00e2l\u00e2 ruh e\u015fini arayanlardan m\u0131s\u0131n? Neyi eksik yap\u0131yorsun? \u0130stedi\u011fin hayat ger\u00e7ekten bu mu? Yan\u0131tlar\u0131n hayallerinin anahtar\u0131, kaderinin d\u00f6n\u00fc\u015f\u00fcm\u00fc olacak. An\u0131l Can, La Fortuna\u2019da astrolojiden, n\u00f6robilimden, meditasyondan, kuantumdan ve dualar\u0131n \u015fifal\u0131 g\u00fcc\u00fcnden yararlanarak a\u015fka, paraya, ili\u015fkilere, insan\u0131n d\u00fc\u015f\u00fcnce yap\u0131s\u0131na odaklan\u0131yor.  Ya\u015fam\u0131n ta kendisine hem bilimsel hem de spirit\u00fcel olarak yakla\u015f\u0131yor. Ka\u00e7\u0131n\u0131lmaz d\u00f6n\u00fc\u015f\u00fcmden yana olanlar, yeni bir kader dileyip hayat\u0131n\u0131 d\u00f6n\u00fc\u015ft\u00fcrmek isteyenler i\u00e7in La Fortuna k\u0131lavuz niteli\u011finde bir kitap \u2026 <\/p>\n","protected":false},"excerpt":{"rendered":"<p>Neyi de\u011fi\u015ftirmek istiyorsun? A\u015fk hayat\u0131n nas\u0131l gidiyor? Peki, maddi durumun iyi mi? H\u00e2l\u00e2 ruh e\u015fini arayanlardan m\u0131s\u0131n? Neyi eksik yap\u0131yorsun? \u0130stedi\u011fin hayat ger\u00e7ekten bu mu? Yan\u0131tlar\u0131n<span class=\"excerpt-hellip\"> [\u2026]<\/span><\/p>\n","protected":false},"featured_media":0,"template":"","meta":{"_monsterinsights_skip_tracking":false,"_monsterinsights_sitenote_active":false,"_monsterinsights_sitenote_note":"","_monsterinsights_sitenote_category":0},"product_brand":[],"product_cat":[18082,15563],"product_tag":[],"class_list":{"0":"post-732460","1":"product","2":"type-product","3":"status-publish","5":"product_cat-astroloji-fal-ruya","6":"product_cat-hobi","7":"pa_cilt-ciltsiz","8":"pa_tur-kitap","9":"pa_yayinevi-nemesis-kitap","10":"pa_yazar-anil-can","12":"first","13":"instock","14":"sale","15":"shipping-taxable","16":"purchasable","17":"product-type-simple"},"_links":{"self":[{"href":"https:\/\/roveyayinevi.com.tr\/index.php\/wp-json\/wp\/v2\/product\/732460","targetHints":{"allow":["GET"]}}],"collection":[{"href":"https:\/\/roveyayinevi.com.tr\/index.php\/wp-json\/wp\/v2\/product"}],"about":[{"href":"https:\/\/roveyayinevi.com.tr\/index.php\/wp-json\/wp\/v2\/types\/product"}],"wp:attachment":[{"href":"https:\/\/roveyayinevi.com.tr\/index.php\/wp-json\/wp\/v2\/media?parent=732460"}],"wp:term":[{"taxonomy":"product_brand","embeddable":true,"href":"https:\/\/roveyayinevi.com.tr\/index.php\/wp-json\/wp\/v2\/product_brand?post=732460"},{"taxonomy":"product_cat","embeddable":true,"href":"https:\/\/roveyayinevi.com.tr\/index.php\/wp-json\/wp\/v2\/product_cat?post=732460"},{"taxonomy":"product_tag","embeddable":true,"href":"https:\/\/roveyayinevi.com.tr\/index.php\/wp-json\/wp\/v2\/product_tag?post=732460"}],"curies":[{"name":"wp","href":"https:\/\/api.w.org\/{rel}","templated":true}]}}