{"id":732453,"date":"2025-08-27T21:51:15","date_gmt":"2025-08-27T18:51:15","guid":{"rendered":"https:\/\/roveyayinevi.com.tr\/index.php\/urun\/dolmuslu-gecekondulu-isportali-sehir\/"},"modified":"2026-04-16T02:40:20","modified_gmt":"2026-04-15T23:40:20","slug":"dolmuslu-gecekondulu-isportali-sehir","status":"publish","type":"product","link":"https:\/\/roveyayinevi.com.tr\/index.php\/urun\/dolmuslu-gecekondulu-isportali-sehir\/","title":{"rendered":"Dolmu\u015flu Gecekondulu \u0130\u015fportal\u0131 \u015eehir"},"content":{"rendered":"<p>Cumhuriyet sonras\u0131nda T\u00fcrkiye, \u015fehir planlamas\u0131 \u00e7evrelerinde Ankara\u2019n\u0131n ba\u015fkent olmas\u0131 gibi yank\u0131lar uyand\u0131ran kararlar\u0131n\u0131 \u00fcnl\u00fc yabanc\u0131 planc\u0131lar eliyle uyguluyordu. 1950\u2019lere ula\u015f\u0131ld\u0131\u011f\u0131nda T\u00fcrk planc\u0131lar\u0131 uluslararas\u0131 yar\u0131\u015fmalar\u0131 kazan\u0131yor, \u00fclkelerinin \u015fehir planlamas\u0131na el koyuyorlard\u0131. Ama bu planlarda daha \u00e7ok mimar\u00ee a\u011f\u0131rl\u0131k kazan\u0131yordu. Oysa \u0130kinci D\u00fcnya Sava\u015f\u0131 sonras\u0131nda T\u00fcrkiye h\u0131zl\u0131 bir \u015fehirle\u015fme s\u00fcrecine girmi\u015fti, b\u00f6yle mimar\u00ee kayg\u0131larla haz\u0131rlanan planlar \u015fehirlerin d\u00fczensiz geli\u015fmesine hakim olam\u0131yordu. \u015eehir olgusu yaln\u0131z mek\u00e2nsal olarak de\u011fil t\u00fcm sosyal ve ekonomik i\u00e7eri\u011fi ile kavranmal\u0131yd\u0131. \u0130\u015fte bu d\u00f6nem daha \u00e7ok bat\u0131 \u00fclkelerinde \u015fehir planlama e\u011fitimi g\u00f6ren yeni planc\u0131lar T\u00fcrkiye\u2019ye d\u00f6nd\u00fcler ve \u015fehir planlaman\u0131n sosyal i\u00e7erik kazanmas\u0131 kavgas\u0131n\u0131 verdiler. Say\u0131lar\u0131 azd\u0131. T\u00fcrkiye\u2019nin \u015fehirle\u015fmesini y\u00f6nlendiremeseler bile bir\u00e7ok ki\u015finin \u015fehirle\u015fme konular\u0131na sosyal i\u00e7eri\u011fi ile e\u011filmesine neden olan havay\u0131 yaratt\u0131lar ve \u00e7evreyi do\u011furdular. \u0130\u015fte bu \u00e7evre i\u00e7inde e\u011fitimlerini daha \u00e7ok T\u00fcrkiye i\u00e7inde g\u00f6ren, uygulamayla s\u0131k\u0131ca ili\u015fkileri olan daha gen\u00e7 bir ku\u015fak yeti\u015fti. Bu kitab\u0131n yazarlar\u0131 i\u015fte bu ku\u015faktan. \u00dclkenin \u015fehirle\u015fmesine ve planlamas\u0131na kendi deneyleri a\u00e7\u0131s\u0131ndan bakarak, yeni bir senteze ula\u015fma aray\u0131\u015f\u0131 i\u00e7indeler. \u00c7ok h\u0131zl\u0131 bir de\u011fi\u015fim sergileyen \u015fehircilik dinamiklerine Dolmu\u015flu, Gecekondulu, \u0130\u015fportal\u0131 \u015eehir kitab\u0131n\u0131n tarihsel izd\u00fc\u015f\u00fcm\u00fc etraf\u0131ndan bakmay\u0131 denemek \u015fehircilik tarihinin bir \u00f6zetini kavramak i\u00e7in \u00f6nemli bir f\u0131rsat olacakt\u0131r.<\/p>\n","protected":false},"excerpt":{"rendered":"<p>Cumhuriyet sonras\u0131nda T\u00fcrkiye, \u015fehir planlamas\u0131 \u00e7evrelerinde Ankara\u2019n\u0131n ba\u015fkent olmas\u0131 gibi yank\u0131lar uyand\u0131ran kararlar\u0131n\u0131 \u00fcnl\u00fc yabanc\u0131 planc\u0131lar eliyle uyguluyordu. 1950\u2019lere ula\u015f\u0131ld\u0131\u011f\u0131nda T\u00fcrk planc\u0131lar\u0131 uluslararas\u0131 yar\u0131\u015fmalar\u0131 kazan\u0131yor, \u00fclkelerinin<span class=\"excerpt-hellip\"> [\u2026]<\/span><\/p>\n","protected":false},"featured_media":0,"template":"","meta":{"_monsterinsights_skip_tracking":false,"_monsterinsights_sitenote_active":false,"_monsterinsights_sitenote_note":"","_monsterinsights_sitenote_category":0},"product_brand":[],"product_cat":[13054,24413],"product_tag":[],"class_list":{"0":"post-732453","1":"product","2":"type-product","3":"status-publish","5":"product_cat-gezi-ve-rehber-kitaplari","6":"product_cat-kent-rehberleri","7":"pa_cilt-ciltsiz","8":"pa_tur-kitap","9":"pa_yayinevi-idealkent-yayincilik","10":"pa_yazar-ilhan-tekeli","11":"pa_yazar-tarik-okyay","12":"pa_yazar-yigit-guloksuz","14":"first","15":"instock","16":"sale","17":"shipping-taxable","18":"purchasable","19":"product-type-simple"},"_links":{"self":[{"href":"https:\/\/roveyayinevi.com.tr\/index.php\/wp-json\/wp\/v2\/product\/732453","targetHints":{"allow":["GET"]}}],"collection":[{"href":"https:\/\/roveyayinevi.com.tr\/index.php\/wp-json\/wp\/v2\/product"}],"about":[{"href":"https:\/\/roveyayinevi.com.tr\/index.php\/wp-json\/wp\/v2\/types\/product"}],"wp:attachment":[{"href":"https:\/\/roveyayinevi.com.tr\/index.php\/wp-json\/wp\/v2\/media?parent=732453"}],"wp:term":[{"taxonomy":"product_brand","embeddable":true,"href":"https:\/\/roveyayinevi.com.tr\/index.php\/wp-json\/wp\/v2\/product_brand?post=732453"},{"taxonomy":"product_cat","embeddable":true,"href":"https:\/\/roveyayinevi.com.tr\/index.php\/wp-json\/wp\/v2\/product_cat?post=732453"},{"taxonomy":"product_tag","embeddable":true,"href":"https:\/\/roveyayinevi.com.tr\/index.php\/wp-json\/wp\/v2\/product_tag?post=732453"}],"curies":[{"name":"wp","href":"https:\/\/api.w.org\/{rel}","templated":true}]}}