{"id":732451,"date":"2025-08-27T21:51:13","date_gmt":"2025-08-27T18:51:13","guid":{"rendered":"https:\/\/roveyayinevi.com.tr\/index.php\/urun\/dolmusun-oykusu\/"},"modified":"2026-04-11T14:00:49","modified_gmt":"2026-04-11T11:00:49","slug":"dolmusun-oykusu","status":"publish","type":"product","link":"https:\/\/roveyayinevi.com.tr\/index.php\/urun\/dolmusun-oykusu\/","title":{"rendered":"Dolmu\u015fun \u00d6yk\u00fcs\u00fc"},"content":{"rendered":"<p>Bu kitab\u0131n \u00f6yk\u00fcs\u00fc bir ba\u015fka kitapla ba\u015flad\u0131. Yi\u011fit G\u00fcl\u00f6ks\u00fcz arkada\u015f\u0131m\u0131z ile birlikte \u201cGecekondulu, Dolmu\u015flu, \u0130\u015fportal\u0131 \u015eehir\u201d kitab\u0131n\u0131 yazarken, kentlerimizin belirgin nitelikleri aras\u0131nda sayd\u0131\u011f\u0131m\u0131z gecekondu \u00fczerine pek \u00e7ok ara\u015ft\u0131rma yap\u0131lm\u0131\u015f olmas\u0131na kar\u015f\u0131n, dolmu\u015f olgusu \u00fczerine hemen hemen hi\u00e7bir ara\u015ft\u0131rma yap\u0131lmad\u0131\u011f\u0131n\u0131 g\u00f6rd\u00fck. Bu konu \u00fcst\u00fcndeki ilgimiz yo\u011funluk kazand\u0131. Dolmu\u015flar kentsel ya\u015fant\u0131m\u0131z i\u00e7inde \u00f6nemli bir yer tutuyordu. Dolmu\u015f, toplumumuzda belli bir ya\u015fant\u0131y\u0131 ya da k\u00fclt\u00fcr bi\u00e7imini simgeler olmu\u015ftu. Bu ya\u015fant\u0131 bi\u00e7imi, biraz \u201cuyan\u0131k\u201d olmay\u0131, biraz toplumumuza \u00f6zg\u00fcl\u00fc\u011f\u00fc, biraz da yozla\u015fmay\u0131 i\u00e7eriyordu. \u0130ster kar\u015f\u0131 \u00e7\u0131kal\u0131m ister benimseyelim toplumumuzun simgesel bir \u00f6\u011fesi haline gelen dolmu\u015f \u00fczerine bilgilerimizin \u00e7ok az olu\u015fu ilgin\u00e7ti. Dolmu\u015f K\u00fclt\u00fcr\u00fc\u2019n\u00fcn bile \u201cdolmu\u015fla\u201d ne kadar ili\u015fkili oldu\u011fu bilinmiyordu.Bir toplumsal olgunun ara\u015ft\u0131r\u0131lmam\u0131\u015f olmas\u0131, bu olgunun bir sorun niteli\u011finde g\u00f6r\u00fclmedi\u011finin bir kan\u0131t\u0131 olarak yorumlanabilir. Toplumsal ara\u015ft\u0131rmalar\u0131n gecekondu \u00fcst\u00fcnde yo\u011funla\u015fmas\u0131, bir rastlant\u0131 de\u011fildi. Do\u011fu\u015fundan beri bir orta s\u0131n\u0131f \u00fcyesi olan planc\u0131lar, y\u00f6neticiler ve toplumbilimcilerce gecekonduya bir sorun olarak bak\u0131lmas\u0131ndand\u0131. Oysa dolmu\u015f \u00e7\u0131kt\u0131\u011f\u0131 g\u00fcnde, hemen orta s\u0131n\u0131flar\u0131n ya\u015fant\u0131s\u0131na girmi\u015f, \u00fcstelik o ya\u015fant\u0131y\u0131 toplumun \u00f6teki katmanlar\u0131ndan ay\u0131ran \u00f6\u011felerden biri olmu\u015ftu. B\u00f6ylece, bir sorun niteli\u011finde g\u00f6r\u00fclmeyen, \u00fcst\u00fcnde \u00e7\u0131kar kavgalar\u0131 verilmeyen dolmu\u015f da bir ara\u015ft\u0131rma konusu olmam\u0131\u015ft\u0131. Dolmu\u015fun toplumdaki \u00e7at\u0131\u015fmalar\u0131n d\u0131\u015f\u0131nda kalmas\u0131 daha ne kadar s\u00fcrecektir?Bu kitap, ilk yay\u0131nland\u0131\u011f\u0131 tarihten bug\u00fcne ge\u00e7en s\u00fcrede T\u00fcrkiye\u2019de kent i\u00e7i yolculuk hizmetleri talebinin kar\u015f\u0131lanmas\u0131nda \u00f6nemli de\u011fi\u015fiklikler oldu. Bu nedenle, son 39 y\u0131lda, T\u00fcrkiye\u2019de al\u0131nan yolun ne oldu\u011funu, bunun kent i\u00e7i yolculuk hizmetlerinin g\u00f6r\u00fcl\u00fc\u015f\u00fcne nas\u0131l yans\u0131d\u0131\u011f\u0131n\u0131 ve dolmu\u015f ve minib\u00fcslerin kullan\u0131\u015f\u0131nda ne t\u00fcr de\u011fi\u015fmeler ya\u015fand\u0131\u011f\u0131n\u0131 kitab\u0131 okudu\u011funuzda daha iyi g\u00f6receksiniz\u2026<\/p>\n","protected":false},"excerpt":{"rendered":"<p>Bu kitab\u0131n \u00f6yk\u00fcs\u00fc bir ba\u015fka kitapla ba\u015flad\u0131. Yi\u011fit G\u00fcl\u00f6ks\u00fcz arkada\u015f\u0131m\u0131z ile birlikte \u201cGecekondulu, Dolmu\u015flu, \u0130\u015fportal\u0131 \u015eehir\u201d kitab\u0131n\u0131 yazarken, kentlerimizin belirgin nitelikleri aras\u0131nda sayd\u0131\u011f\u0131m\u0131z gecekondu \u00fczerine pek<span class=\"excerpt-hellip\"> [\u2026]<\/span><\/p>\n","protected":false},"featured_media":0,"template":"","meta":{"_monsterinsights_skip_tracking":false,"_monsterinsights_sitenote_active":false,"_monsterinsights_sitenote_note":"","_monsterinsights_sitenote_category":0},"product_brand":[],"product_cat":[12291,12711],"product_tag":[],"class_list":{"0":"post-732451","1":"product","2":"type-product","3":"status-publish","5":"product_cat-edebiyat","6":"product_cat-roman-oyku","7":"pa_cilt-ciltsiz","8":"pa_tur-kitap","9":"pa_yayinevi-idealkent-yayincilik","10":"pa_yazar-ilhan-tekeli","11":"pa_yazar-tarik-okyay","13":"first","14":"instock","15":"sale","16":"shipping-taxable","17":"purchasable","18":"product-type-simple"},"_links":{"self":[{"href":"https:\/\/roveyayinevi.com.tr\/index.php\/wp-json\/wp\/v2\/product\/732451","targetHints":{"allow":["GET"]}}],"collection":[{"href":"https:\/\/roveyayinevi.com.tr\/index.php\/wp-json\/wp\/v2\/product"}],"about":[{"href":"https:\/\/roveyayinevi.com.tr\/index.php\/wp-json\/wp\/v2\/types\/product"}],"wp:attachment":[{"href":"https:\/\/roveyayinevi.com.tr\/index.php\/wp-json\/wp\/v2\/media?parent=732451"}],"wp:term":[{"taxonomy":"product_brand","embeddable":true,"href":"https:\/\/roveyayinevi.com.tr\/index.php\/wp-json\/wp\/v2\/product_brand?post=732451"},{"taxonomy":"product_cat","embeddable":true,"href":"https:\/\/roveyayinevi.com.tr\/index.php\/wp-json\/wp\/v2\/product_cat?post=732451"},{"taxonomy":"product_tag","embeddable":true,"href":"https:\/\/roveyayinevi.com.tr\/index.php\/wp-json\/wp\/v2\/product_tag?post=732451"}],"curies":[{"name":"wp","href":"https:\/\/api.w.org\/{rel}","templated":true}]}}