{"id":732450,"date":"2025-08-27T21:51:12","date_gmt":"2025-08-27T18:51:12","guid":{"rendered":"https:\/\/roveyayinevi.com.tr\/index.php\/urun\/limontepede-yasamak-buyumek-beklemek\/"},"modified":"2026-04-16T02:40:19","modified_gmt":"2026-04-15T23:40:19","slug":"limontepede-yasamak-buyumek-beklemek","status":"publish","type":"product","link":"https:\/\/roveyayinevi.com.tr\/index.php\/urun\/limontepede-yasamak-buyumek-beklemek\/","title":{"rendered":"Limontepe\u2019de Ya\u015famak, B\u00fcy\u00fcmek, Beklemek"},"content":{"rendered":"<p>Elinizdeki kitap, akademide g\u00f6rmeye al\u0131\u015ft\u0131\u011f\u0131m\u0131z doktora tezlerinden farkl\u0131 bir \u00e7al\u0131\u015fmay\u0131 sunuyor. Hem salt teorik tart\u0131\u015fmalara odaklanan hem teorik tart\u0131\u015fmalara model olarak kullanarak belirli bir alan\u0131 a\u00e7\u0131klamaya \u00e7al\u0131\u015fan doktora tezlerinden farkl\u0131. Zira teoriden vazge\u00e7meden g\u00fcndeli\u011fin ak\u0131\u015f\u0131n\u0131 anlat\u0131yor; g\u00fcndeli\u011fin ak\u0131\u015f\u0131ndan, g\u00fcndelikte insanlar aras\u0131ndaki ileti\u015fimden, g\u00fcnl\u00fc\u011fe yaz\u0131lan s\u00f6zlerden, g\u00fcnl\u00fc\u011fe okunan metinlerden vazge\u00e7meden teoriyi aktar\u0131yor. Teoriyi metodolojinin i\u00e7inden aktar\u0131yor; teori de\u011filmi\u015fcesine. Salt bu nedenle riskli bir doktora tezi; tam da bu nedenle k\u00fct\u00fcphanelerde uzun y\u0131llar duracak bir ba\u015fvuru kayna\u011f\u0131. Simten Co\u015far<\/p>\n","protected":false},"excerpt":{"rendered":"<p>Elinizdeki kitap, akademide g\u00f6rmeye al\u0131\u015ft\u0131\u011f\u0131m\u0131z doktora tezlerinden farkl\u0131 bir \u00e7al\u0131\u015fmay\u0131 sunuyor. Hem salt teorik tart\u0131\u015fmalara odaklanan hem teorik tart\u0131\u015fmalara model olarak kullanarak belirli bir alan\u0131 a\u00e7\u0131klamaya<span class=\"excerpt-hellip\"> [\u2026]<\/span><\/p>\n","protected":false},"featured_media":0,"template":"","meta":{"_monsterinsights_skip_tracking":false,"_monsterinsights_sitenote_active":false,"_monsterinsights_sitenote_note":"","_monsterinsights_sitenote_category":0},"product_brand":[],"product_cat":[13772,12364],"product_tag":[],"class_list":{"0":"post-732450","1":"product","2":"type-product","3":"status-publish","5":"product_cat-basvuru-kitaplari","6":"product_cat-genel-konular","7":"pa_cilt-ciltsiz","8":"pa_tur-kitap","9":"pa_yayinevi-idealkent-yayincilik","10":"pa_yazar-leyla-bektas-ata","12":"first","13":"instock","14":"sale","15":"shipping-taxable","16":"purchasable","17":"product-type-simple"},"_links":{"self":[{"href":"https:\/\/roveyayinevi.com.tr\/index.php\/wp-json\/wp\/v2\/product\/732450","targetHints":{"allow":["GET"]}}],"collection":[{"href":"https:\/\/roveyayinevi.com.tr\/index.php\/wp-json\/wp\/v2\/product"}],"about":[{"href":"https:\/\/roveyayinevi.com.tr\/index.php\/wp-json\/wp\/v2\/types\/product"}],"wp:attachment":[{"href":"https:\/\/roveyayinevi.com.tr\/index.php\/wp-json\/wp\/v2\/media?parent=732450"}],"wp:term":[{"taxonomy":"product_brand","embeddable":true,"href":"https:\/\/roveyayinevi.com.tr\/index.php\/wp-json\/wp\/v2\/product_brand?post=732450"},{"taxonomy":"product_cat","embeddable":true,"href":"https:\/\/roveyayinevi.com.tr\/index.php\/wp-json\/wp\/v2\/product_cat?post=732450"},{"taxonomy":"product_tag","embeddable":true,"href":"https:\/\/roveyayinevi.com.tr\/index.php\/wp-json\/wp\/v2\/product_tag?post=732450"}],"curies":[{"name":"wp","href":"https:\/\/api.w.org\/{rel}","templated":true}]}}