{"id":732449,"date":"2025-08-27T21:51:11","date_gmt":"2025-08-27T18:51:11","guid":{"rendered":"https:\/\/roveyayinevi.com.tr\/index.php\/urun\/tilsimli-orman-sihirli-uzaklar-agaci-serisi\/"},"modified":"2026-04-16T02:40:19","modified_gmt":"2026-04-15T23:40:19","slug":"tilsimli-orman-sihirli-uzaklar-agaci-serisi","status":"publish","type":"product","link":"https:\/\/roveyayinevi.com.tr\/index.php\/urun\/tilsimli-orman-sihirli-uzaklar-agaci-serisi\/","title":{"rendered":"T\u0131ls\u0131ml\u0131 Orman &#8211; Sihirli Uzaklar A\u011fac\u0131 Serisi"},"content":{"rendered":"<p>\u00dc\u00e7 karde\u015f Joe, Beth ve Frannie yeni ta\u015f\u0131nd\u0131klar\u0131 evin yak\u0131nlar\u0131ndaki T\u0131ls\u0131ml\u0131 Orman\u2019\u0131 ve oradaki Sihirli Uzaklar A\u011fac\u0131\u2019n\u0131 ke\u015ffederler. \u00d6yle uludur ki Uzaklar A\u011fac\u0131, i\u00e7inde pek \u00e7ok ya\u015fayan vard\u0131r: Balperi, Kimbilirkim Bey, \u00c7alkaladur Han\u0131m, Ay Surat\u2026 \u00c7ocuklar a\u011fac\u0131n bu ilgin\u00e7 sakinleriyle tan\u0131\u015f\u0131rken ola\u011fan\u00fcst\u00fc bir ke\u015fif daha yaparlar: Uzaklar A\u011fac\u0131\u2019n\u0131n \u00fcst dallar\u0131 s\u0131rad\u0131\u015f\u0131 \u00fclkelere uzan\u0131r!Sihirli Uzaklar A\u011fac\u0131 Serisi\u2019nin bu ilk kitab\u0131nda T\u0131ls\u0131ml\u0131 Orman\u2019\u0131 ke\u015ffetmeye, g\u00f6rkemli Uzaklar A\u011fac\u0131\u2019n\u0131n tepesine gelen \u00fclkeleri \u00e7ocuklarla birlikte ziyaret etmeye ne dersiniz? D\u00f6nme Dolap \u00dclkesi, Se\u00e7 Be\u011fen Al \u00dclkesi, Do\u011fum G\u00fcn\u00fc \u00dclkesi&#8230; Hepsi birbirinden acayip, bir o kadar da gizemli!Sihirli Uzaklar A\u011fac\u0131\u2019nda her \u015fey m\u00fcmk\u00fcn!D\u00fcnyan\u0131n d\u00f6rt bir yan\u0131nda \u00e7ok sevilen, kitaplar\u0131 en \u00e7ok dile \u00e7evrilen \u00e7ocuk kitaplar\u0131 yazar\u0131 Enid Blyton\u2019\u0131n Sihirli Uzaklar A\u011fac\u0131 Serisi, T\u00fcrk\u00e7ede okurlar\u0131yla bulu\u015fuyor. Sihirli Uzaklar A\u011fac\u0131 Serisi son 10 y\u0131lda sadece \u0130ngiltere&#8217;de 5 milyondan fazla satt\u0131, pek \u00e7ok dile \u00e7evrildi.<\/p>\n","protected":false},"excerpt":{"rendered":"<p>\u00dc\u00e7 karde\u015f Joe, Beth ve Frannie yeni ta\u015f\u0131nd\u0131klar\u0131 evin yak\u0131nlar\u0131ndaki T\u0131ls\u0131ml\u0131 Orman\u2019\u0131 ve oradaki Sihirli Uzaklar A\u011fac\u0131\u2019n\u0131 ke\u015ffederler. \u00d6yle uludur ki Uzaklar A\u011fac\u0131, i\u00e7inde pek \u00e7ok<span class=\"excerpt-hellip\"> [\u2026]<\/span><\/p>\n","protected":false},"featured_media":0,"template":"","meta":{"_monsterinsights_skip_tracking":false,"_monsterinsights_sitenote_active":false,"_monsterinsights_sitenote_note":"","_monsterinsights_sitenote_category":0},"product_brand":[],"product_cat":[12275,12274],"product_tag":[],"class_list":{"0":"post-732449","1":"product","2":"type-product","3":"status-publish","5":"product_cat-6-12-yas-kitaplari","6":"product_cat-cocuk-ve-genclik-kitaplari","7":"pa_cilt-ciltsiz","8":"pa_tur-kitap","9":"pa_yayinevi-redhouse-kidz-yayinlari","10":"pa_yazar-enid-blyton","12":"first","13":"instock","14":"sale","15":"shipping-taxable","16":"purchasable","17":"product-type-simple"},"_links":{"self":[{"href":"https:\/\/roveyayinevi.com.tr\/index.php\/wp-json\/wp\/v2\/product\/732449","targetHints":{"allow":["GET"]}}],"collection":[{"href":"https:\/\/roveyayinevi.com.tr\/index.php\/wp-json\/wp\/v2\/product"}],"about":[{"href":"https:\/\/roveyayinevi.com.tr\/index.php\/wp-json\/wp\/v2\/types\/product"}],"wp:attachment":[{"href":"https:\/\/roveyayinevi.com.tr\/index.php\/wp-json\/wp\/v2\/media?parent=732449"}],"wp:term":[{"taxonomy":"product_brand","embeddable":true,"href":"https:\/\/roveyayinevi.com.tr\/index.php\/wp-json\/wp\/v2\/product_brand?post=732449"},{"taxonomy":"product_cat","embeddable":true,"href":"https:\/\/roveyayinevi.com.tr\/index.php\/wp-json\/wp\/v2\/product_cat?post=732449"},{"taxonomy":"product_tag","embeddable":true,"href":"https:\/\/roveyayinevi.com.tr\/index.php\/wp-json\/wp\/v2\/product_tag?post=732449"}],"curies":[{"name":"wp","href":"https:\/\/api.w.org\/{rel}","templated":true}]}}