{"id":732446,"date":"2025-08-27T21:51:08","date_gmt":"2025-08-27T18:51:08","guid":{"rendered":"https:\/\/roveyayinevi.com.tr\/index.php\/urun\/sihirli-uzaklar-agaci-sihirli-uzaklar-agaci-serisi\/"},"modified":"2026-04-16T02:40:19","modified_gmt":"2026-04-15T23:40:19","slug":"sihirli-uzaklar-agaci-sihirli-uzaklar-agaci-serisi","status":"publish","type":"product","link":"https:\/\/roveyayinevi.com.tr\/index.php\/urun\/sihirli-uzaklar-agaci-sihirli-uzaklar-agaci-serisi\/","title":{"rendered":"Sihirli Uzaklar A\u011fac\u0131 &#8211; Sihirli Uzaklar A\u011fac\u0131 Serisi"},"content":{"rendered":"<p>Sihirli Uzaklar A\u011fac\u0131 Serisi\u2019nin ikinci kitab\u0131nda Joe, Beth ve Frannie, onlarda misafir olan kuzenleri Rick\u2019e hayat\u0131 boyunca unutmayaca\u011f\u0131 maceralar ya\u015fat\u0131rlar. Tabii ki Sihirli Uzaklar A\u011fac\u0131\u2019nda! \u00c7ocuklar arkada\u015flar\u0131 Ay Surat, Tavasap\u0131 ve Balperi ile beraber a\u011fac\u0131n tepesine gelen \u00fclkelerde \u00e7ok e\u011flenirler ama bazen de i\u015fler kar\u0131\u015f\u0131r. \u00d6rne\u011fin Balb\u00f6rek \u00dclkesi leziz se\u00e7eneklerle doluyken R\u00fcyalar \u00dclkesi\u2019nden kurtulmak hi\u00e7 de kolay de\u011fildir!Sihirli Uzaklar A\u011fac\u0131\u2019nda her \u015fey m\u00fcmk\u00fcn!D\u00fcnyan\u0131n d\u00f6rt bir yan\u0131nda \u00e7ok sevilen, kitaplar\u0131 en \u00e7ok dile \u00e7evrilen \u00e7ocuk kitaplar\u0131 yazar\u0131 Enid Blyton\u2019\u0131n Sihirli Uzaklar A\u011fac\u0131 Serisi, T\u00fcrk\u00e7ede okurlar\u0131yla bulu\u015fuyor. Sihirli Uzaklar A\u011fac\u0131 Serisi son 10 y\u0131lda sadece \u0130ngiltere&#8217;de 5 milyondan fazla satt\u0131, pek \u00e7ok dile \u00e7evrildi.<\/p>\n","protected":false},"excerpt":{"rendered":"<p>Sihirli Uzaklar A\u011fac\u0131 Serisi\u2019nin ikinci kitab\u0131nda Joe, Beth ve Frannie, onlarda misafir olan kuzenleri Rick\u2019e hayat\u0131 boyunca unutmayaca\u011f\u0131 maceralar ya\u015fat\u0131rlar. Tabii ki Sihirli Uzaklar A\u011fac\u0131\u2019nda! \u00c7ocuklar<span class=\"excerpt-hellip\"> [\u2026]<\/span><\/p>\n","protected":false},"featured_media":0,"template":"","meta":{"_monsterinsights_skip_tracking":false,"_monsterinsights_sitenote_active":false,"_monsterinsights_sitenote_note":"","_monsterinsights_sitenote_category":0},"product_brand":[],"product_cat":[12275,12274],"product_tag":[],"class_list":{"0":"post-732446","1":"product","2":"type-product","3":"status-publish","5":"product_cat-6-12-yas-kitaplari","6":"product_cat-cocuk-ve-genclik-kitaplari","7":"pa_cilt-ciltsiz","8":"pa_tur-kitap","9":"pa_yayinevi-redhouse-kidz-yayinlari","10":"pa_yazar-enid-blyton","12":"first","13":"instock","14":"sale","15":"shipping-taxable","16":"purchasable","17":"product-type-simple"},"_links":{"self":[{"href":"https:\/\/roveyayinevi.com.tr\/index.php\/wp-json\/wp\/v2\/product\/732446","targetHints":{"allow":["GET"]}}],"collection":[{"href":"https:\/\/roveyayinevi.com.tr\/index.php\/wp-json\/wp\/v2\/product"}],"about":[{"href":"https:\/\/roveyayinevi.com.tr\/index.php\/wp-json\/wp\/v2\/types\/product"}],"wp:attachment":[{"href":"https:\/\/roveyayinevi.com.tr\/index.php\/wp-json\/wp\/v2\/media?parent=732446"}],"wp:term":[{"taxonomy":"product_brand","embeddable":true,"href":"https:\/\/roveyayinevi.com.tr\/index.php\/wp-json\/wp\/v2\/product_brand?post=732446"},{"taxonomy":"product_cat","embeddable":true,"href":"https:\/\/roveyayinevi.com.tr\/index.php\/wp-json\/wp\/v2\/product_cat?post=732446"},{"taxonomy":"product_tag","embeddable":true,"href":"https:\/\/roveyayinevi.com.tr\/index.php\/wp-json\/wp\/v2\/product_tag?post=732446"}],"curies":[{"name":"wp","href":"https:\/\/api.w.org\/{rel}","templated":true}]}}