{"id":732442,"date":"2025-08-27T21:51:04","date_gmt":"2025-08-27T18:51:04","guid":{"rendered":"https:\/\/roveyayinevi.com.tr\/index.php\/urun\/kral-titusun-sarkisi\/"},"modified":"2026-04-16T02:40:19","modified_gmt":"2026-04-15T23:40:19","slug":"kral-titusun-sarkisi","status":"publish","type":"product","link":"https:\/\/roveyayinevi.com.tr\/index.php\/urun\/kral-titusun-sarkisi\/","title":{"rendered":"Kral Titus\u2019un \u015eark\u0131s\u0131"},"content":{"rendered":"<p>Wolfgang Amadeus Mozart\u2019\u0131n Titus\u2019un Merhameti operas\u0131, \u00dc\u00e7a\u011f\u0131z Koyu\u2019nda naif bir esinti gibi duyuluyordu o g\u00fcn. \u0130nce bir kad\u0131n sesi, k\u0131y\u0131daki harabelerin aras\u0131ndan s\u00fcz\u00fcl\u00fcyor, koronun arkadan gelen piyano tempolu kat\u0131l\u0131m\u0131 ortama huzur veriyordu. Likyal\u0131lar\u0131n, Roma Kral\u0131 Titus\u2019un merhametine olan hayranl\u0131klar\u0131 ve adaletine duyduklar\u0131 sayg\u0131, y\u00fczy\u0131llar sonra b\u00fcy\u00fcl\u00fc notalara d\u00f6k\u00fclm\u00fc\u015ft\u00fc. *** Ziyaret\u00e7iler, denizin dibindeki \u015fehre bak\u0131nca bu ola\u011fan\u00fcst\u00fc g\u00fczellikteki b\u00f6lgede neler ya\u015fand\u0131\u011f\u0131n\u0131 d\u00fc\u015f\u00fcnmeden duram\u0131yorlard\u0131. Dokunabilecek kadar yak\u0131n ev temelleri, yollar ve \u015fehir kal\u0131nt\u0131lar\u0131, Likyal\u0131lar\u0131 g\u00fcn\u00fcm\u00fcze kadar getiriyordu. Hafif\u00e7e dalgalanan denizin alt\u0131nda g\u00f6r\u00fcnen kal\u0131nt\u0131larla ba\u015fka bir d\u00fcnyan\u0131n i\u00e7ine giriyordu insan Kekova\u2019da. Bu gizemli d\u00fcnyaya ait ufak ta\u015fl\u0131 sokaklarda y\u00fcr\u00fcmek, \u00fczerinden bal\u0131klar\u0131n ge\u00e7ti\u011fi bir duvarda oturman\u0131n hayali ve kumlara g\u00f6m\u00fcl\u00fc, ta\u015ftan bir kap\u0131y\u0131 \u00e7alabilecek olman\u0131n verdi\u011fi o inan\u0131lmaz duygu, sihirli atmosferin sadece bir b\u00f6l\u00fcm\u00fcyd\u00fc. *** Likya, \u201cI\u015f\u0131k \u00dclkesi\u201d anlam\u0131na geliyordu. Ayn\u0131 b\u00f6lge \u00fczerinde yer alan bir\u00e7ok \u015fehirden olu\u015fan \u00fclke, daha sonras\u0131nda Roma \u0130mparatorlu\u011fu\u2019nun y\u00f6netimi alt\u0131na girmi\u015fti. Zeytin ve sedir a\u011fa\u00e7lar\u0131 ile bezeli bu g\u00fczel \u00fclkenin insanlar\u0131 son derece \u00e7al\u0131\u015fkan ve \u00fcretkendi. Yak\u0131n \u00e7evrelerindeki b\u00f6lgelere, \u00f6zellikle de Rodos\u2019a bal\u0131k, zeytin, zeytinya\u011f\u0131 ticareti yap\u0131yorlard\u0131. En zengin t\u00fcccarlar\u0131n\u0131n, suya dayan\u0131kl\u0131 sedir a\u011fac\u0131ndan yap\u0131lma b\u00fcy\u00fck gemileri vard\u0131. K\u00fc\u00e7\u00fck bal\u0131k\u00e7\u0131lar ya da zeytin toplay\u0131c\u0131lar\u0131, mallar\u0131n\u0131 onlara sat\u0131yor, t\u00fcccarlar da gemilere y\u00fckleyip ba\u015fka \u00fclkelere g\u00f6nderiyorlard\u0131. Bu yo\u011fun ticaret nedeniyle \u015fehrin her taraf\u0131nda, \u00fcr\u00fcnlerin ta\u015f\u0131nmas\u0131n\u0131 sa\u011flayan amfora at\u00f6lyeleri vard\u0131. \u00d6zellikle s\u0131v\u0131lar i\u00e7in kullan\u0131lan bu kaplar, doldurulduktan sonra gemilerin ambarlar\u0131na yerle\u015ftiriliyor ve uzun yolculuklar boyunca i\u00e7lerindeki mallar\u0131 taze tutabiliyordu. *** S\u0131cak may\u0131s g\u00fcnlerinden birinde, denizin \u00fczerinden neredeyse duman \u00e7\u0131kacak kadar nemli bir sabaht\u0131. Luki yata\u011f\u0131ndan kalkm\u0131\u015f, evi toparlam\u0131\u015f ve babas\u0131n\u0131n sabaha kar\u015f\u0131 tuttu\u011fu bal\u0131klar\u0131 sepetlere koymak \u00fczere d\u0131\u015far\u0131 \u00e7\u0131km\u0131\u015ft\u0131. Elini g\u00f6z\u00fcne siper ederek denize do\u011fru bakt\u0131\u011f\u0131nda sandal\u0131n, minik dalgalar\u0131n e\u015fli\u011finde hafif hafif salland\u0131\u011f\u0131n\u0131 g\u00f6rd\u00fc. Sedir a\u011fac\u0131ndan yap\u0131lm\u0131\u015f k\u00fc\u00e7\u00fck sandal\u0131, ucundaki kal\u0131n halattan var g\u00fcc\u00fcyle \u00e7ekerek k\u0131y\u0131ya getirdi. On iki ya\u015f\u0131ndaki bir k\u0131z \u00e7ocu\u011funa g\u00f6re olduk\u00e7a kuvvetliydi, k\u00fc\u00e7\u00fckl\u00fc\u011f\u00fcnden beri bal\u0131k\u00e7\u0131 olan babas\u0131na yard\u0131m etti\u011finden bu t\u00fcr i\u015flere \u00e7ok al\u0131\u015fk\u0131nd\u0131. Oyalanmamak i\u00e7in \u00e7ok h\u0131zl\u0131 hareket ediyordu. \u00d6\u011flen olmadan ve g\u00fcne\u015f daha \u00e7ok kendini belli etmeden t\u00fcm bal\u0131klar\u0131n bir an \u00f6nce \u015fehir merkezindeki toptanc\u0131ya g\u00f6t\u00fcr\u00fclmesi gerekiyordu. E\u011fer ge\u00e7 kal\u0131rsa hepsi kokar, satamazlar ve b\u00fct\u00fcn emekleri bo\u015fa \u00e7\u0131kard\u0131. Bal\u0131klar orada bozulmamalar\u0131 i\u00e7in tuzlanacak ve di\u011fer adalara, Rodos\u2019a sat\u0131lmak \u00fczere depolanacakt\u0131. Eve girip babas\u0131n\u0131 uyand\u0131rmak istemedi. Teknenin ipini \u00e7\u00f6zd\u00fc ve \u00e7ok da uzak olmayan toptanc\u0131ya, kar\u015f\u0131 k\u0131y\u0131ya do\u011fru k\u00fcrek \u00e7ekmeye ba\u015flad\u0131. Sepetlerdeki bal\u0131klar h\u00e2l\u00e2 z\u0131play\u0131p duruyorlard\u0131.   <\/p>\n","protected":false},"excerpt":{"rendered":"<p>Wolfgang Amadeus Mozart\u2019\u0131n Titus\u2019un Merhameti operas\u0131, \u00dc\u00e7a\u011f\u0131z Koyu\u2019nda naif bir esinti gibi duyuluyordu o g\u00fcn. \u0130nce bir kad\u0131n sesi, k\u0131y\u0131daki harabelerin aras\u0131ndan s\u00fcz\u00fcl\u00fcyor, koronun arkadan gelen<span class=\"excerpt-hellip\"> [\u2026]<\/span><\/p>\n","protected":false},"featured_media":0,"template":"","meta":{"_monsterinsights_skip_tracking":false,"_monsterinsights_sitenote_active":false,"_monsterinsights_sitenote_note":"","_monsterinsights_sitenote_category":0},"product_brand":[],"product_cat":[12275,12274],"product_tag":[],"class_list":{"0":"post-732442","1":"product","2":"type-product","3":"status-publish","5":"product_cat-6-12-yas-kitaplari","6":"product_cat-cocuk-ve-genclik-kitaplari","7":"pa_cilt-ciltsiz","8":"pa_tur-kitap","9":"pa_yayinevi-elma-cocuk","10":"pa_yazar-ipek-arman","12":"first","13":"instock","14":"sale","15":"shipping-taxable","16":"purchasable","17":"product-type-simple"},"_links":{"self":[{"href":"https:\/\/roveyayinevi.com.tr\/index.php\/wp-json\/wp\/v2\/product\/732442","targetHints":{"allow":["GET"]}}],"collection":[{"href":"https:\/\/roveyayinevi.com.tr\/index.php\/wp-json\/wp\/v2\/product"}],"about":[{"href":"https:\/\/roveyayinevi.com.tr\/index.php\/wp-json\/wp\/v2\/types\/product"}],"wp:attachment":[{"href":"https:\/\/roveyayinevi.com.tr\/index.php\/wp-json\/wp\/v2\/media?parent=732442"}],"wp:term":[{"taxonomy":"product_brand","embeddable":true,"href":"https:\/\/roveyayinevi.com.tr\/index.php\/wp-json\/wp\/v2\/product_brand?post=732442"},{"taxonomy":"product_cat","embeddable":true,"href":"https:\/\/roveyayinevi.com.tr\/index.php\/wp-json\/wp\/v2\/product_cat?post=732442"},{"taxonomy":"product_tag","embeddable":true,"href":"https:\/\/roveyayinevi.com.tr\/index.php\/wp-json\/wp\/v2\/product_tag?post=732442"}],"curies":[{"name":"wp","href":"https:\/\/api.w.org\/{rel}","templated":true}]}}