{"id":732438,"date":"2025-08-27T21:51:01","date_gmt":"2025-08-27T18:51:01","guid":{"rendered":"https:\/\/roveyayinevi.com.tr\/index.php\/urun\/guzel-sehir-ilkeleri-eski-prag-eski-ankara\/"},"modified":"2026-04-16T02:40:19","modified_gmt":"2026-04-15T23:40:19","slug":"guzel-sehir-ilkeleri-eski-prag-eski-ankara","status":"publish","type":"product","link":"https:\/\/roveyayinevi.com.tr\/index.php\/urun\/guzel-sehir-ilkeleri-eski-prag-eski-ankara\/","title":{"rendered":"G\u00fczel \u015eehir \u0130lkeleri Eski Prag &#8211; Eski Ankara"},"content":{"rendered":"<p>\u0130\u00e7indekiler 1.G\u00fczel, Estetik, Korunmu\u015f, Ya\u015fanabilir, Ye\u015fil Bir \u015eehir : 2 G\u00fczel \u015eehir \u0130lkeleri : Do\u011fal Peyzaj De\u011ferlerinin, Tarih ve K\u00fclt\u00fcr An\u0131tlar\u0131n\u0131n Korunmas\u0131 : 3.G\u00fczel \u015eehir \u0130lkeleri : Do\u011fal Peyzaj De\u011ferlerinin, Tarih ve K\u00fclt\u00fcr An\u0131tlar\u0131n\u0131n Korunmas\u0131 : 4.G\u00fczel \u015eehir \u0130lkeleri : Do\u011fal Peyzaj De\u011ferlerinin Korunmas\u0131 ve Onar\u0131m\u0131 : 5.G\u00fczel \u015eehir \u0130lkeleri : Tarih ve K\u00fclt\u00fcr De\u011ferlerinin Korunmas\u0131 ve Onar\u0131m\u0131 Petrin Tepesinden A\u015fa\u011f\u0131ya Do\u011fru 6.G\u00fczel \u015eehir \u0130lkeleri : Tarih ve K\u00fclt\u00fcr De\u011ferlerinin Korunmas\u0131 ve Onar\u0131m\u0131 7.G\u00fczel \u015eehir \u0130lkeleri : Yaya Dostu Ula\u015f\u0131m 8.G\u00fczel \u015eehir \u0130lkeleri : Do\u011fal Peyzaj De\u011ferlerinin, Tarih ve K\u00fclt\u00fcr An\u0131tlar\u0131n\u0131n Korunmas\u0131 9.G\u00fczel \u015eehir \u0130lkeleri : Do\u011fal Peyzaj De\u011ferlerinin Geli\u015ftirilmesi : 10.G\u00fczel \u015eehir \u0130lkeleri : Tarihi Doku ve An\u0131tlar\u0131n Korunmas\u0131 ve Yaya B\u00f6lgeleri Olu\u015fturulmas\u0131 11.G\u00fczel \u015eehir \u0130lkeleri : Yaya B\u00f6lgeleri, An\u0131t Eserlerin Korunmas\u0131 12.G\u00fczel \u015eehir \u0130lkeleri : M\u00fczeler ve K\u00fclt\u00fcrel Mekanlar\u0131n \u00c7o\u011falt\u0131lmas\u0131 ve Halka A\u00e7\u0131lmas\u0131 13.G\u00fczel \u015eehir \u0130lkeleri Prag-Ankara Sonu\u00e7lar ve \u00d6neriler <\/p>\n","protected":false},"excerpt":{"rendered":"<p>\u0130\u00e7indekiler 1.G\u00fczel, Estetik, Korunmu\u015f, Ya\u015fanabilir, Ye\u015fil Bir \u015eehir : 2 G\u00fczel \u015eehir \u0130lkeleri : Do\u011fal Peyzaj De\u011ferlerinin, Tarih ve K\u00fclt\u00fcr An\u0131tlar\u0131n\u0131n Korunmas\u0131 : 3.G\u00fczel \u015eehir \u0130lkeleri<span class=\"excerpt-hellip\"> [\u2026]<\/span><\/p>\n","protected":false},"featured_media":0,"template":"","meta":{"_monsterinsights_skip_tracking":false,"_monsterinsights_sitenote_active":false,"_monsterinsights_sitenote_note":"","_monsterinsights_sitenote_category":0},"product_brand":[],"product_cat":[20039,13488],"product_tag":[],"class_list":{"0":"post-732438","1":"product","2":"type-product","3":"status-publish","5":"product_cat-kultur-tarihi","6":"product_cat-toplum-ve-insan","7":"pa_cilt-ciltsiz","8":"pa_tur-kitap","9":"pa_yayinevi-gazi-kitabevi","10":"pa_yazar-mehmet-tuncer","12":"first","13":"instock","14":"sale","15":"shipping-taxable","16":"purchasable","17":"product-type-simple"},"_links":{"self":[{"href":"https:\/\/roveyayinevi.com.tr\/index.php\/wp-json\/wp\/v2\/product\/732438","targetHints":{"allow":["GET"]}}],"collection":[{"href":"https:\/\/roveyayinevi.com.tr\/index.php\/wp-json\/wp\/v2\/product"}],"about":[{"href":"https:\/\/roveyayinevi.com.tr\/index.php\/wp-json\/wp\/v2\/types\/product"}],"wp:attachment":[{"href":"https:\/\/roveyayinevi.com.tr\/index.php\/wp-json\/wp\/v2\/media?parent=732438"}],"wp:term":[{"taxonomy":"product_brand","embeddable":true,"href":"https:\/\/roveyayinevi.com.tr\/index.php\/wp-json\/wp\/v2\/product_brand?post=732438"},{"taxonomy":"product_cat","embeddable":true,"href":"https:\/\/roveyayinevi.com.tr\/index.php\/wp-json\/wp\/v2\/product_cat?post=732438"},{"taxonomy":"product_tag","embeddable":true,"href":"https:\/\/roveyayinevi.com.tr\/index.php\/wp-json\/wp\/v2\/product_tag?post=732438"}],"curies":[{"name":"wp","href":"https:\/\/api.w.org\/{rel}","templated":true}]}}