{"id":732431,"date":"2025-08-27T21:50:54","date_gmt":"2025-08-27T18:50:54","guid":{"rendered":"https:\/\/roveyayinevi.com.tr\/index.php\/urun\/balinanin-hikayesi\/"},"modified":"2026-04-16T02:40:19","modified_gmt":"2026-04-15T23:40:19","slug":"balinanin-hikayesi","status":"publish","type":"product","link":"https:\/\/roveyayinevi.com.tr\/index.php\/urun\/balinanin-hikayesi\/","title":{"rendered":"Balinan\u0131n Hikayesi"},"content":{"rendered":"<p>&#8220;Yerin g\u00f6\u011fe ve g\u00f6\u011f\u00fcn denize de\u011fdi\u011fi yerde, balinay\u0131 ilk orada g\u00f6rd\u00fcm i\u015fte ve balina orada g\u00f6rd\u00fc beni.&#8221; \u00c7ocuk ile balinan\u0131n merak, ke\u015fif ve \u00e7ok \u00f6zel bir arkada\u015fl\u0131\u011f\u0131 i\u00e7eren duygusal yolculu\u011fu b\u00f6yle ba\u015fl\u0131yor. \u00c7ocu\u011fun balinayla birlikte seyahat ederek okyanusun g\u00fczelliklerini ve o g\u00fczelliklerin yok edili\u015fini ke\u015ffetti\u011fi yolculuk \u00e7evreye kar\u015f\u0131 sorumlulu\u011fumuzu d\u00fc\u015f\u00fcnmeye davet ediyor, okyanuslarla birlikte i\u00e7inde ya\u015fayan canl\u0131lar\u0131 da yok eden plastik kirlili\u011finin ve umarsamazl\u0131\u011f\u0131n fark\u0131na varmam\u0131z\u0131 sa\u011fl\u0131yor. <\/p>\n","protected":false},"excerpt":{"rendered":"<p>&#8220;Yerin g\u00f6\u011fe ve g\u00f6\u011f\u00fcn denize de\u011fdi\u011fi yerde, balinay\u0131 ilk orada g\u00f6rd\u00fcm i\u015fte ve balina orada g\u00f6rd\u00fc beni.&#8221; \u00c7ocuk ile balinan\u0131n merak, ke\u015fif ve \u00e7ok \u00f6zel bir<span class=\"excerpt-hellip\"> [\u2026]<\/span><\/p>\n","protected":false},"featured_media":0,"template":"","meta":{"_monsterinsights_skip_tracking":false,"_monsterinsights_sitenote_active":false,"_monsterinsights_sitenote_note":"","_monsterinsights_sitenote_category":0},"product_brand":[],"product_cat":[12275,12274],"product_tag":[],"class_list":{"0":"post-732431","1":"product","2":"type-product","3":"status-publish","5":"product_cat-6-12-yas-kitaplari","6":"product_cat-cocuk-ve-genclik-kitaplari","7":"pa_cilt-ciltsiz","8":"pa_tur-kitap","9":"pa_yayinevi-bilgi-yayinevi","10":"pa_yazar-karen-swann","12":"first","13":"instock","14":"sale","15":"shipping-taxable","16":"purchasable","17":"product-type-simple"},"_links":{"self":[{"href":"https:\/\/roveyayinevi.com.tr\/index.php\/wp-json\/wp\/v2\/product\/732431","targetHints":{"allow":["GET"]}}],"collection":[{"href":"https:\/\/roveyayinevi.com.tr\/index.php\/wp-json\/wp\/v2\/product"}],"about":[{"href":"https:\/\/roveyayinevi.com.tr\/index.php\/wp-json\/wp\/v2\/types\/product"}],"wp:attachment":[{"href":"https:\/\/roveyayinevi.com.tr\/index.php\/wp-json\/wp\/v2\/media?parent=732431"}],"wp:term":[{"taxonomy":"product_brand","embeddable":true,"href":"https:\/\/roveyayinevi.com.tr\/index.php\/wp-json\/wp\/v2\/product_brand?post=732431"},{"taxonomy":"product_cat","embeddable":true,"href":"https:\/\/roveyayinevi.com.tr\/index.php\/wp-json\/wp\/v2\/product_cat?post=732431"},{"taxonomy":"product_tag","embeddable":true,"href":"https:\/\/roveyayinevi.com.tr\/index.php\/wp-json\/wp\/v2\/product_tag?post=732431"}],"curies":[{"name":"wp","href":"https:\/\/api.w.org\/{rel}","templated":true}]}}