{"id":732429,"date":"2025-08-27T21:50:01","date_gmt":"2025-08-27T18:50:01","guid":{"rendered":"https:\/\/roveyayinevi.com.tr\/index.php\/urun\/yayladagi-ilcesine-goc-eden-suriyelilerin-butunlesme-surecleri\/"},"modified":"2026-04-16T02:40:19","modified_gmt":"2026-04-15T23:40:19","slug":"yayladagi-ilcesine-goc-eden-suriyelilerin-butunlesme-surecleri","status":"publish","type":"product","link":"https:\/\/roveyayinevi.com.tr\/index.php\/urun\/yayladagi-ilcesine-goc-eden-suriyelilerin-butunlesme-surecleri\/","title":{"rendered":"Yaylada\u011f\u0131 \u0130l\u00e7esine G\u00f6\u00e7 Eden Suriyelilerin B\u00fct\u00fcnle\u015fme s\u00fcre\u00e7leri"},"content":{"rendered":"<p>2011 y\u0131l\u0131nda Suriye\u2019de ya\u015fanan i\u00e7 \u00e7at\u0131\u015fma ve g\u00fcvensizlik ortam\u0131ndan ka\u00e7an Suriyelilerin, T\u00fcrkiye\u2019nin g\u00fcney s\u0131n\u0131rlar\u0131ndaki ilk durak yerleri, Hatay\u2019\u0131n Yaylada\u011f\u0131 il\u00e7esi olmu\u015ftur. K\u00fc\u00e7\u00fck bir s\u0131n\u0131r il\u00e7esininmaruz kald\u0131\u011f\u0131 bu d\u0131\u015f g\u00f6\u00e7 ak\u0131n\u0131 hem il\u00e7edeki yerli n\u00fcfus hem de Suriyeliler \u00fczerinde \u00f6nemli sosyal, iktisadi ve k\u00fclt\u00fcrel de\u011fi\u015fimlerin ya\u015fanmas\u0131na neden olmu\u015ftur. Bu ba\u011flamda il\u00e7e n\u00fcfusu ile k\u0131yasland\u0131\u011f\u0131nda; yo\u011fun bir g\u00f6\u00e7 alan Yaylada\u011f\u0131\u2019ndaki Suriyelilerin b\u00fct\u00fcnle\u015fmeleri s\u00fcreci, gerek il\u00e7e gerekse T\u00fcrkiye a\u00e7\u0131s\u0131ndan son derece \u00f6nemli veriler ve bulgular i\u00e7ermektedir. Yaylada\u011f\u0131\u2019na g\u00f6\u00e7 eden Suriye Bay\u0131rbucak T\u00fcrkleri ile Suriyeli Araplar\u0131n b\u00fct\u00fcnle\u015fme s\u00fcre\u00e7lerinin ele al\u0131nd\u0131\u011f\u0131 bu kitapta, nedenleri ve sonu\u00e7lar\u0131 her ne \u015fekilde ortaya \u00e7\u0131km\u0131\u015f olursa olsun, her g\u00f6\u00e7 hareketinin sadece fiziki bir mek\u00e2n de\u011fi\u015fikli\u011fini i\u00e7ermedi\u011fi ve insan\u0131n oldu\u011fu her yerde tan\u0131k olundu\u011fu \u00fczere sosyal, ekonomik ve k\u00fclt\u00fcrel birtak\u0131m s\u00fcre\u00e7leri de b\u00fcnyesinde bar\u0131nd\u0131rd\u0131\u011f\u0131g\u00f6r\u00fclmektedir. \u00c7al\u0131\u015fmada g\u00f6\u00e7\u00fcn etkileri \u00e7ok y\u00f6nl\u00fc olarak ara\u015ft\u0131r\u0131lm\u0131\u015ft\u0131r. Bir yandan,Yaylada\u011fl\u0131lar\u0131nil\u00e7elerine g\u00f6\u00e7le gelen Suriyelilere ili\u015fkin d\u00fc\u015f\u00fcncelerine yer  verilmi\u015f, yerel halk\u0131n g\u00f6z\u00fcnden il\u00e7ede meydana gelen de\u011fi\u015fimler anla\u015f\u0131lmaya \u00e7al\u0131\u015f\u0131lm\u0131\u015f, \u00f6te yandan Suriyelilerin (g\u00f6\u00e7 eden Bay\u0131rbucak T\u00fcrkleri ile Suriyeli Araplar\u0131n) \u00f6zellikle Esad rejimleri alt\u0131nda maruz b\u0131rak\u0131ld\u0131klar\u0131 bask\u0131lar\u0131n neler oldu\u011fu, Suriye i\u00e7 sava\u015f\u0131nda ya\u015fad\u0131klar\u0131 zorluklar, T\u00fcrkiye\u2019ye uyum s\u00fcre\u00e7leri, hayat tarzlar\u0131 nedeniyle ya\u015fad\u0131klar\u0131 yerde herhangi bir d\u0131\u015flanmayla kar\u015f\u0131la\u015f\u0131p kar\u015f\u0131la\u015fmad\u0131klar\u0131 gibi ba\u015fl\u0131klar alt\u0131nda ara\u015ft\u0131rma sonu\u00e7lar\u0131 ele al\u0131nm\u0131\u015ft\u0131r. <\/p>\n","protected":false},"excerpt":{"rendered":"<p>2011 y\u0131l\u0131nda Suriye\u2019de ya\u015fanan i\u00e7 \u00e7at\u0131\u015fma ve g\u00fcvensizlik ortam\u0131ndan ka\u00e7an Suriyelilerin, T\u00fcrkiye\u2019nin g\u00fcney s\u0131n\u0131rlar\u0131ndaki ilk durak yerleri, Hatay\u2019\u0131n Yaylada\u011f\u0131 il\u00e7esi olmu\u015ftur. K\u00fc\u00e7\u00fck bir s\u0131n\u0131r il\u00e7esininmaruz kald\u0131\u011f\u0131<span class=\"excerpt-hellip\"> [\u2026]<\/span><\/p>\n","protected":false},"featured_media":0,"template":"","meta":{"_monsterinsights_skip_tracking":false,"_monsterinsights_sitenote_active":false,"_monsterinsights_sitenote_note":"","_monsterinsights_sitenote_category":0},"product_brand":[],"product_cat":[13656,12337],"product_tag":[],"class_list":{"0":"post-732429","1":"product","2":"type-product","3":"status-publish","5":"product_cat-azinliklar-etnik-sorunlar","6":"product_cat-politika-siyaset","7":"pa_cilt-ciltsiz","8":"pa_tur-kitap","9":"pa_yayinevi-tiav","10":"pa_yazar-onder-bozkurt","12":"first","13":"instock","14":"sale","15":"shipping-taxable","16":"purchasable","17":"product-type-simple"},"_links":{"self":[{"href":"https:\/\/roveyayinevi.com.tr\/index.php\/wp-json\/wp\/v2\/product\/732429","targetHints":{"allow":["GET"]}}],"collection":[{"href":"https:\/\/roveyayinevi.com.tr\/index.php\/wp-json\/wp\/v2\/product"}],"about":[{"href":"https:\/\/roveyayinevi.com.tr\/index.php\/wp-json\/wp\/v2\/types\/product"}],"wp:attachment":[{"href":"https:\/\/roveyayinevi.com.tr\/index.php\/wp-json\/wp\/v2\/media?parent=732429"}],"wp:term":[{"taxonomy":"product_brand","embeddable":true,"href":"https:\/\/roveyayinevi.com.tr\/index.php\/wp-json\/wp\/v2\/product_brand?post=732429"},{"taxonomy":"product_cat","embeddable":true,"href":"https:\/\/roveyayinevi.com.tr\/index.php\/wp-json\/wp\/v2\/product_cat?post=732429"},{"taxonomy":"product_tag","embeddable":true,"href":"https:\/\/roveyayinevi.com.tr\/index.php\/wp-json\/wp\/v2\/product_tag?post=732429"}],"curies":[{"name":"wp","href":"https:\/\/api.w.org\/{rel}","templated":true}]}}

Yayladağı İlçesine Göç Eden Suriyelilerin Bütünleşme süreçleri

<p>2011 yılında Suriye’de yaşanan iç çatışma ve güvensizlik ortamından kaçan Suriyelilerin, Türkiye’nin güney sınırlarındaki ilk durak yerleri, Hatay’ın Yayladağı ilçesi olmuştur. Küçük bir sınır ilçesininmaruz kaldığı bu dış göç akını hem ilçedeki yerli nüfus hem de Suriyeliler üzerinde önemli sosyal, iktisadi ve kültürel değişimlerin yaşanmasına neden olmuştur. Bu bağlamda ilçe nüfusu ile kıyaslandığında; yoğun bir göç alan Yayladağı’ndaki Suriyelilerin bütünleşmeleri süreci, gerek ilçe gerekse Türkiye açısından son derece önemli veriler ve bulgular içermektedir. Yayladağı’na göç eden Suriye Bayırbucak Türkleri ile Suriyeli Arapların bütünleşme süreçlerinin ele alındığı bu kitapta, nedenleri ve sonuçları her ne şekilde ortaya çıkmış olursa olsun, her göç hareketinin sadece fiziki bir mekân değişikliğini içermediği ve insanın olduğu her yerde tanık olunduğu üzere sosyal, ekonomik ve kültürel birtakım süreçleri de bünyesinde barındırdığıgörülmektedir. Çalışmada göçün etkileri çok yönlü olarak araştırılmıştır. Bir yandan,Yayladağlılarınilçelerine göçle gelen Suriyelilere ilişkin düşüncelerine yer  verilmiş, yerel halkın gözünden ilçede meydana gelen değişimler anlaşılmaya çalışılmış, öte yandan Suriyelilerin (göç eden Bayırbucak Türkleri ile Suriyeli Arapların) özellikle Esad rejimleri altında maruz bırakıldıkları baskıların neler olduğu, Suriye iç savaşında yaşadıkları zorluklar, Türkiye’ye uyum süreçleri, hayat tarzları nedeniyle yaşadıkları yerde herhangi bir dışlanmayla karşılaşıp karşılaşmadıkları gibi başlıklar altında araştırma sonuçları ele alınmıştır. </p>

<p>2011 yılında Suriye’de yaşanan iç çatışma ve güvensizlik ortamından kaçan Suriyelilerin, Türkiye’nin güney sınırlarındaki ilk durak yerleri, Hatay’ın Yayladağı ilçesi olmuştur. Küçük bir sınır ilçesininmaruz kaldığı<span class="excerpt-hellip"> […]</span></p>
