{"id":732414,"date":"2025-08-27T21:49:45","date_gmt":"2025-08-27T18:49:45","guid":{"rendered":"https:\/\/roveyayinevi.com.tr\/index.php\/urun\/annelerin-en-iyisi\/"},"modified":"2026-04-16T02:40:19","modified_gmt":"2026-04-15T23:40:19","slug":"annelerin-en-iyisi","status":"publish","type":"product","link":"https:\/\/roveyayinevi.com.tr\/index.php\/urun\/annelerin-en-iyisi\/","title":{"rendered":"Annelerin En \u0130yisi"},"content":{"rendered":"<p>Kucakla\u015fmalar, k\u0131k\u0131rdamalar, \u00f6p\u00fcc\u00fckler ve g\u0131d\u0131klamalar! Bir anne ile \u00e7ocu\u011fun payla\u015ft\u0131\u011f\u0131 birbirinden g\u00fczel anlarla dolu, tatl\u0131 m\u0131 tatl\u0131 bir hik\u00e2ye.<\/p>\n","protected":false},"excerpt":{"rendered":"<p>Kucakla\u015fmalar, k\u0131k\u0131rdamalar, \u00f6p\u00fcc\u00fckler ve g\u0131d\u0131klamalar! Bir anne ile \u00e7ocu\u011fun payla\u015ft\u0131\u011f\u0131 birbirinden g\u00fczel anlarla dolu, tatl\u0131 m\u0131 tatl\u0131 bir hik\u00e2ye.<\/p>\n","protected":false},"featured_media":0,"template":"","meta":{"_monsterinsights_skip_tracking":false,"_monsterinsights_sitenote_active":false,"_monsterinsights_sitenote_note":"","_monsterinsights_sitenote_category":0},"product_brand":[],"product_cat":[12274,12284],"product_tag":[],"class_list":{"0":"post-732414","1":"product","2":"type-product","3":"status-publish","5":"product_cat-cocuk-ve-genclik-kitaplari","6":"product_cat-hikayeler","7":"pa_cilt-ciltsiz","8":"pa_tur-kitap","9":"pa_yayinevi-is-bankasi-kultur-yayinlari","10":"pa_yazar-stephanie-moss","12":"first","13":"instock","14":"sale","15":"shipping-taxable","16":"purchasable","17":"product-type-simple"},"_links":{"self":[{"href":"https:\/\/roveyayinevi.com.tr\/index.php\/wp-json\/wp\/v2\/product\/732414","targetHints":{"allow":["GET"]}}],"collection":[{"href":"https:\/\/roveyayinevi.com.tr\/index.php\/wp-json\/wp\/v2\/product"}],"about":[{"href":"https:\/\/roveyayinevi.com.tr\/index.php\/wp-json\/wp\/v2\/types\/product"}],"wp:attachment":[{"href":"https:\/\/roveyayinevi.com.tr\/index.php\/wp-json\/wp\/v2\/media?parent=732414"}],"wp:term":[{"taxonomy":"product_brand","embeddable":true,"href":"https:\/\/roveyayinevi.com.tr\/index.php\/wp-json\/wp\/v2\/product_brand?post=732414"},{"taxonomy":"product_cat","embeddable":true,"href":"https:\/\/roveyayinevi.com.tr\/index.php\/wp-json\/wp\/v2\/product_cat?post=732414"},{"taxonomy":"product_tag","embeddable":true,"href":"https:\/\/roveyayinevi.com.tr\/index.php\/wp-json\/wp\/v2\/product_tag?post=732414"}],"curies":[{"name":"wp","href":"https:\/\/api.w.org\/{rel}","templated":true}]}}