{"id":732406,"date":"2025-08-27T21:49:37","date_gmt":"2025-08-27T18:49:37","guid":{"rendered":"https:\/\/roveyayinevi.com.tr\/index.php\/urun\/insanin-esareti-ciltli\/"},"modified":"2026-04-16T02:40:18","modified_gmt":"2026-04-15T23:40:18","slug":"insanin-esareti-ciltli","status":"publish","type":"product","link":"https:\/\/roveyayinevi.com.tr\/index.php\/urun\/insanin-esareti-ciltli\/","title":{"rendered":"\u0130nsan\u0131n Esareti (Ciltli)"},"content":{"rendered":"<p>Somerset Maugham\u2019\u0131n ba\u015fyap\u0131t\u0131 olarak kabul edilen \u0130nsan\u0131n Esareti, Modern Library\u2019nin 20. y\u00fczy\u0131lda \u0130ngiliz dilinde yaz\u0131lm\u0131\u015f en iyi y\u00fcz roman listesine dahil edilmi\u015ftir. Yazar, ba\u015fl\u0131\u011f\u0131n\u0131 Spinoza\u2019n\u0131n Ethica adl\u0131 yap\u0131t\u0131n\u0131n bir b\u00f6l\u00fcm\u00fcnden ald\u0131\u011f\u0131 roman\u0131nda, ger\u00e7ekle kurguyu i\u00e7 i\u00e7e ge\u00e7irmi\u015ftir. \u00d6zya\u015fam\u0131yla b\u00fcy\u00fck \u00f6l\u00e7\u00fcde paralellikler ta\u015f\u0131yan bu romanda; k\u00fc\u00e7\u00fck ya\u015fta \u00f6ks\u00fcz kal\u0131p akrabalar\u0131 taraf\u0131ndan b\u00fcy\u00fct\u00fclen, bir aya\u011f\u0131 do\u011fu\u015ftan sakat olan Philip\u2019in uyum sa\u011flamakta zorland\u0131\u011f\u0131 yat\u0131l\u0131 okul g\u00fcnlerinin ard\u0131ndan ac\u0131l\u0131 olgunla\u015fma y\u0131llar\u0131n\u0131 anlat\u0131r. \u00d6nce muhasebecili\u011fi deneyen, daha sonra sanat e\u011fitimine y\u00f6nelen Philip, en sonunda Londra\u2019da t\u0131p e\u011fitimine ba\u015flar. Orada onu y\u0131k\u0131ma s\u00fcr\u00fckleyecek ve hayat\u0131n\u0131 alt\u00fcst edecek bir a\u015fk maceras\u0131 beklemektedir.<\/p>\n","protected":false},"excerpt":{"rendered":"<p>Somerset Maugham\u2019\u0131n ba\u015fyap\u0131t\u0131 olarak kabul edilen \u0130nsan\u0131n Esareti, Modern Library\u2019nin 20. y\u00fczy\u0131lda \u0130ngiliz dilinde yaz\u0131lm\u0131\u015f en iyi y\u00fcz roman listesine dahil edilmi\u015ftir. Yazar, ba\u015fl\u0131\u011f\u0131n\u0131 Spinoza\u2019n\u0131n Ethica<span class=\"excerpt-hellip\"> [\u2026]<\/span><\/p>\n","protected":false},"featured_media":0,"template":"","meta":{"_monsterinsights_skip_tracking":false,"_monsterinsights_sitenote_active":false,"_monsterinsights_sitenote_note":"","_monsterinsights_sitenote_category":0},"product_brand":[],"product_cat":[12291,26797],"product_tag":[],"class_list":{"0":"post-732406","1":"product","2":"type-product","3":"status-publish","5":"product_cat-edebiyat","6":"product_cat-modern-klasikler","7":"pa_cilt-ciltli","8":"pa_tur-kitap","9":"pa_yayinevi-is-bankasi-kultur-yayinlari","10":"pa_yazar-w-somerset-maugham","12":"first","13":"instock","14":"sale","15":"shipping-taxable","16":"purchasable","17":"product-type-simple"},"_links":{"self":[{"href":"https:\/\/roveyayinevi.com.tr\/index.php\/wp-json\/wp\/v2\/product\/732406","targetHints":{"allow":["GET"]}}],"collection":[{"href":"https:\/\/roveyayinevi.com.tr\/index.php\/wp-json\/wp\/v2\/product"}],"about":[{"href":"https:\/\/roveyayinevi.com.tr\/index.php\/wp-json\/wp\/v2\/types\/product"}],"wp:attachment":[{"href":"https:\/\/roveyayinevi.com.tr\/index.php\/wp-json\/wp\/v2\/media?parent=732406"}],"wp:term":[{"taxonomy":"product_brand","embeddable":true,"href":"https:\/\/roveyayinevi.com.tr\/index.php\/wp-json\/wp\/v2\/product_brand?post=732406"},{"taxonomy":"product_cat","embeddable":true,"href":"https:\/\/roveyayinevi.com.tr\/index.php\/wp-json\/wp\/v2\/product_cat?post=732406"},{"taxonomy":"product_tag","embeddable":true,"href":"https:\/\/roveyayinevi.com.tr\/index.php\/wp-json\/wp\/v2\/product_tag?post=732406"}],"curies":[{"name":"wp","href":"https:\/\/api.w.org\/{rel}","templated":true}]}}