{"id":732403,"date":"2025-08-27T21:49:35","date_gmt":"2025-08-27T18:49:35","guid":{"rendered":"https:\/\/roveyayinevi.com.tr\/index.php\/urun\/turk-edebiyatinda-agit-yakma-gelenegi-ve-agit-destanlar\/"},"modified":"2026-04-16T02:40:18","modified_gmt":"2026-04-15T23:40:18","slug":"turk-edebiyatinda-agit-yakma-gelenegi-ve-agit-destanlar","status":"publish","type":"product","link":"https:\/\/roveyayinevi.com.tr\/index.php\/urun\/turk-edebiyatinda-agit-yakma-gelenegi-ve-agit-destanlar\/","title":{"rendered":"T\u00fcrk Edebiyat\u0131nda A\u011f\u0131t Yakma Gelene\u011fi  ve A\u011f\u0131t Destanlar"},"content":{"rendered":"<p>\u0130nsano\u011flu ya\u015fad\u0131\u011f\u0131 m\u00fcddet boyunca etraf\u0131nda vuku bulan hadiselerden etkilenmi\u015ftir. Onu derinden etkileyen en ac\u0131 olay, \u00f6l\u00fcmd\u00fcr. \u0130nsanlar, tarihin ba\u015flang\u0131c\u0131ndan itibaren \u00f6l\u00fcm kar\u015f\u0131s\u0131ndaki hislerini, yazd\u0131klar\u0131 \u015fiirlerle dile getirmeye \u00e7al\u0131\u015fm\u0131\u015flard\u0131r. \u00d6l\u00fcm olay\u0131, her insan\u0131n kaderinde olan bir hadisedir; bu nedenle \u00f6l\u00fcm\u00fc konu alarak yaz\u0131lan eserlerin \u00e7ok\u00e7a ilgi g\u00f6rmesi ve okunmas\u0131 normaldir. Ba\u015flang\u0131\u00e7tan bu yana, T\u00fcrk edebiyat\u0131nda i\u00e7inde \u00f6len insanlar\u0131m\u0131z arkas\u0131ndan yaz\u0131lan ve \u00f6len ki\u015finin \u00f6zelliklerini anlatan a\u011f\u0131tlar\u0131n, toplum hayat\u0131 i\u00e7indeki i\u015flevi ve k\u00f6kl\u00fc bir a\u011f\u0131t yakma gelene\u011fine sahip olu\u015fumuzun hik\u00e2yesini bu kitapta okuyacaks\u0131n\u0131z. A\u011f\u0131t s\u00f6yleme ve a\u011f\u0131t yakma gelene\u011fi, \u0130slamiyetten \u00f6nceki d\u00f6nemden itibaren k\u00fclt\u00fcr\u00fcm\u00fczde var olan ve bug\u00fcn de devam eden bir gelenektir. \u0130lk d\u00f6nemlerden ba\u015flayarak daha \u00e7ok a\u011flay\u0131c\u0131, a\u011f\u0131t\u00e7\u0131 kad\u0131nlar taraf\u0131ndan sipari\u015fle para kar\u015f\u0131l\u0131\u011f\u0131 ya da hi\u00e7bir \u00fccret al\u0131nmadan s\u00f6ylenen a\u011f\u0131tlar, matbaan\u0131n k\u00fclt\u00fcr hayat\u0131m\u0131za girmesiyle beraber teknolojik geli\u015fmelerin de katk\u0131s\u0131yla biraz farkl\u0131la\u015farak matbaalarda destanc\u0131lar taraf\u0131ndan bast\u0131r\u0131lan a\u011f\u0131t-destan metinleriyle devam ettirilmi\u015ftir. Teknolojik geli\u015fmelerin \u00e7ok\u00e7a hayat\u0131m\u0131za tesir etmedi\u011fi \u00f6nemlerde kaleme al\u0131nan a\u011f\u0131t-destan metinlerinin de yer ald\u0131\u011f\u0131 bu kitapta, gelene\u011fin de\u011fi\u015ferek devam etti\u011fine ve \u00f6l\u00fcme dair s\u00f6ylemlerin ge\u00e7mi\u015ften bug\u00fcne \u00e7ok farkl\u0131la\u015fmad\u0131\u011f\u0131na tan\u0131kl\u0131k edeceksiniz. <\/p>\n","protected":false},"excerpt":{"rendered":"<p>\u0130nsano\u011flu ya\u015fad\u0131\u011f\u0131 m\u00fcddet boyunca etraf\u0131nda vuku bulan hadiselerden etkilenmi\u015ftir. Onu derinden etkileyen en ac\u0131 olay, \u00f6l\u00fcmd\u00fcr. \u0130nsanlar, tarihin ba\u015flang\u0131c\u0131ndan itibaren \u00f6l\u00fcm kar\u015f\u0131s\u0131ndaki hislerini, yazd\u0131klar\u0131 \u015fiirlerle dile<span class=\"excerpt-hellip\"> [\u2026]<\/span><\/p>\n","protected":false},"featured_media":0,"template":"","meta":{"_monsterinsights_skip_tracking":false,"_monsterinsights_sitenote_active":false,"_monsterinsights_sitenote_note":"","_monsterinsights_sitenote_category":0},"product_brand":[],"product_cat":[12291,13706],"product_tag":[],"class_list":{"0":"post-732403","1":"product","2":"type-product","3":"status-publish","5":"product_cat-edebiyat","6":"product_cat-efsane-destan-masal","7":"pa_cilt-ciltsiz","8":"pa_tur-kitap","9":"pa_yayinevi-imbik-yayinlari","10":"pa_yazar-mehmet-nuri-parmaksiz","12":"first","13":"instock","14":"sale","15":"shipping-taxable","16":"purchasable","17":"product-type-simple"},"_links":{"self":[{"href":"https:\/\/roveyayinevi.com.tr\/index.php\/wp-json\/wp\/v2\/product\/732403","targetHints":{"allow":["GET"]}}],"collection":[{"href":"https:\/\/roveyayinevi.com.tr\/index.php\/wp-json\/wp\/v2\/product"}],"about":[{"href":"https:\/\/roveyayinevi.com.tr\/index.php\/wp-json\/wp\/v2\/types\/product"}],"wp:attachment":[{"href":"https:\/\/roveyayinevi.com.tr\/index.php\/wp-json\/wp\/v2\/media?parent=732403"}],"wp:term":[{"taxonomy":"product_brand","embeddable":true,"href":"https:\/\/roveyayinevi.com.tr\/index.php\/wp-json\/wp\/v2\/product_brand?post=732403"},{"taxonomy":"product_cat","embeddable":true,"href":"https:\/\/roveyayinevi.com.tr\/index.php\/wp-json\/wp\/v2\/product_cat?post=732403"},{"taxonomy":"product_tag","embeddable":true,"href":"https:\/\/roveyayinevi.com.tr\/index.php\/wp-json\/wp\/v2\/product_tag?post=732403"}],"curies":[{"name":"wp","href":"https:\/\/api.w.org\/{rel}","templated":true}]}}