{"id":732402,"date":"2025-08-27T21:49:34","date_gmt":"2025-08-27T18:49:34","guid":{"rendered":"https:\/\/roveyayinevi.com.tr\/index.php\/urun\/milli-birlik-ve-beraberlik\/"},"modified":"2026-04-16T02:40:18","modified_gmt":"2026-04-15T23:40:18","slug":"milli-birlik-ve-beraberlik","status":"publish","type":"product","link":"https:\/\/roveyayinevi.com.tr\/index.php\/urun\/milli-birlik-ve-beraberlik\/","title":{"rendered":"Milli Birlik ve Beraberlik"},"content":{"rendered":"<p>T\u00fcrk milletinin bir ve beraber olmas\u0131n\u0131 sa\u011flayan temel de\u011ferler, kavramlar, d\u00fc\u015f\u00fcnceler de\u011fi\u015fik a\u00e7\u0131lardan incelenmi\u015ftir. Bug\u00fcn d\u0131\u015far\u0131dan ve i\u00e7erden olan T\u00fcrk d\u00fc\u015fmanlar\u0131 T\u00fcrk milletini etnik gruplara, mezheplere, tarikatlara, cemaatlere, hayat tarz\u0131 farkl\u0131l\u0131klar\u0131na ve co\u011frafyalara g\u00f6re b\u00f6lme, par\u00e7alama \u00e7al\u0131\u015fmalar\u0131 yapmaktad\u0131rlar. Bu t\u00fcr emperyalist projelere kar\u015f\u0131 mill\u00ee birlik ve beraberlik \u00e7al\u0131\u015fma ve faaliyetlerini yo\u011funla\u015ft\u0131rmam\u0131z gerekiyor.<\/p>\n","protected":false},"excerpt":{"rendered":"<p>T\u00fcrk milletinin bir ve beraber olmas\u0131n\u0131 sa\u011flayan temel de\u011ferler, kavramlar, d\u00fc\u015f\u00fcnceler de\u011fi\u015fik a\u00e7\u0131lardan incelenmi\u015ftir. Bug\u00fcn d\u0131\u015far\u0131dan ve i\u00e7erden olan T\u00fcrk d\u00fc\u015fmanlar\u0131 T\u00fcrk milletini etnik gruplara, mezheplere,<span class=\"excerpt-hellip\"> [\u2026]<\/span><\/p>\n","protected":false},"featured_media":0,"template":"","meta":{"_monsterinsights_skip_tracking":false,"_monsterinsights_sitenote_active":false,"_monsterinsights_sitenote_note":"","_monsterinsights_sitenote_category":0},"product_brand":[],"product_cat":[13590,12337],"product_tag":[],"class_list":{"0":"post-732402","1":"product","2":"type-product","3":"status-publish","5":"product_cat-arastirma-inceleme-politika-siyaset","6":"product_cat-politika-siyaset","7":"pa_cilt-ciltsiz","8":"pa_tur-kitap","9":"pa_yayinevi-imbik-yayinlari","10":"pa_yazar-nurullah-cetin","12":"first","13":"instock","14":"sale","15":"shipping-taxable","16":"purchasable","17":"product-type-simple"},"_links":{"self":[{"href":"https:\/\/roveyayinevi.com.tr\/index.php\/wp-json\/wp\/v2\/product\/732402","targetHints":{"allow":["GET"]}}],"collection":[{"href":"https:\/\/roveyayinevi.com.tr\/index.php\/wp-json\/wp\/v2\/product"}],"about":[{"href":"https:\/\/roveyayinevi.com.tr\/index.php\/wp-json\/wp\/v2\/types\/product"}],"wp:attachment":[{"href":"https:\/\/roveyayinevi.com.tr\/index.php\/wp-json\/wp\/v2\/media?parent=732402"}],"wp:term":[{"taxonomy":"product_brand","embeddable":true,"href":"https:\/\/roveyayinevi.com.tr\/index.php\/wp-json\/wp\/v2\/product_brand?post=732402"},{"taxonomy":"product_cat","embeddable":true,"href":"https:\/\/roveyayinevi.com.tr\/index.php\/wp-json\/wp\/v2\/product_cat?post=732402"},{"taxonomy":"product_tag","embeddable":true,"href":"https:\/\/roveyayinevi.com.tr\/index.php\/wp-json\/wp\/v2\/product_tag?post=732402"}],"curies":[{"name":"wp","href":"https:\/\/api.w.org\/{rel}","templated":true}]}}