{"id":732401,"date":"2025-08-27T21:49:33","date_gmt":"2025-08-27T18:49:33","guid":{"rendered":"https:\/\/roveyayinevi.com.tr\/index.php\/urun\/bir-baska-acidan-ozel-gun-ve-bayramlar\/"},"modified":"2026-04-16T02:40:18","modified_gmt":"2026-04-15T23:40:18","slug":"bir-baska-acidan-ozel-gun-ve-bayramlar","status":"publish","type":"product","link":"https:\/\/roveyayinevi.com.tr\/index.php\/urun\/bir-baska-acidan-ozel-gun-ve-bayramlar\/","title":{"rendered":"Bir Ba\u015fka A\u00e7\u0131dan \u00d6zel G\u00fcn ve Bayramlar"},"content":{"rendered":"<p>Bu kitapta mill\u00ee, din\u00ee ve evrensel nitelikli olarak ilan edilmi\u015f ve kutlanmakta olan g\u00fcn ve bayramlar hakk\u0131nda farkl\u0131 de\u011ferlendirme, yorum ve ele\u015ftirel yakla\u015f\u0131mlara yer verilmi\u015ftir. Kutlanan \u00f6zel g\u00fcn ve bayramlara bir ba\u015fka a\u00e7\u0131dan yakla\u015f\u0131m i\u00e7eren ve deneme niteli\u011finde olan yaz\u0131lara yer verildi. \u00d6zel g\u00fcn ve bayram kutlamalar\u0131nda okunacak olan bu yaz\u0131lar toplam\u0131, o g\u00fcnleri s\u0131radanl\u0131ktan kurtaracak, g\u00fcne dair yeni anlamlar y\u00fckleyecektir<\/p>\n","protected":false},"excerpt":{"rendered":"<p>Bu kitapta mill\u00ee, din\u00ee ve evrensel nitelikli olarak ilan edilmi\u015f ve kutlanmakta olan g\u00fcn ve bayramlar hakk\u0131nda farkl\u0131 de\u011ferlendirme, yorum ve ele\u015ftirel yakla\u015f\u0131mlara yer verilmi\u015ftir. Kutlanan<span class=\"excerpt-hellip\"> [\u2026]<\/span><\/p>\n","protected":false},"featured_media":0,"template":"","meta":{"_monsterinsights_skip_tracking":false,"_monsterinsights_sitenote_active":false,"_monsterinsights_sitenote_note":"","_monsterinsights_sitenote_category":0},"product_brand":[],"product_cat":[13072,12291],"product_tag":[],"class_list":{"0":"post-732401","1":"product","2":"type-product","3":"status-publish","5":"product_cat-arastirma-inceleme-referans","6":"product_cat-edebiyat","7":"pa_cilt-ciltsiz","8":"pa_tur-kitap","9":"pa_yayinevi-imbik-yayinlari","10":"pa_yazar-nurullah-cetin","12":"first","13":"instock","14":"sale","15":"shipping-taxable","16":"purchasable","17":"product-type-simple"},"_links":{"self":[{"href":"https:\/\/roveyayinevi.com.tr\/index.php\/wp-json\/wp\/v2\/product\/732401","targetHints":{"allow":["GET"]}}],"collection":[{"href":"https:\/\/roveyayinevi.com.tr\/index.php\/wp-json\/wp\/v2\/product"}],"about":[{"href":"https:\/\/roveyayinevi.com.tr\/index.php\/wp-json\/wp\/v2\/types\/product"}],"wp:attachment":[{"href":"https:\/\/roveyayinevi.com.tr\/index.php\/wp-json\/wp\/v2\/media?parent=732401"}],"wp:term":[{"taxonomy":"product_brand","embeddable":true,"href":"https:\/\/roveyayinevi.com.tr\/index.php\/wp-json\/wp\/v2\/product_brand?post=732401"},{"taxonomy":"product_cat","embeddable":true,"href":"https:\/\/roveyayinevi.com.tr\/index.php\/wp-json\/wp\/v2\/product_cat?post=732401"},{"taxonomy":"product_tag","embeddable":true,"href":"https:\/\/roveyayinevi.com.tr\/index.php\/wp-json\/wp\/v2\/product_tag?post=732401"}],"curies":[{"name":"wp","href":"https:\/\/api.w.org\/{rel}","templated":true}]}}