{"id":732393,"date":"2025-08-27T21:49:25","date_gmt":"2025-08-27T18:49:25","guid":{"rendered":"https:\/\/roveyayinevi.com.tr\/index.php\/urun\/iman-sevki\/"},"modified":"2026-04-16T02:40:18","modified_gmt":"2026-04-15T23:40:18","slug":"iman-sevki","status":"publish","type":"product","link":"https:\/\/roveyayinevi.com.tr\/index.php\/urun\/iman-sevki\/","title":{"rendered":"\u0130man \u015eevki"},"content":{"rendered":"<p>Bu kitapta \u0130slam iman\u0131n\u0131n hayata verdi\u011fi anlam ve \u015fevk, hayata bilgece yakla\u015f\u0131mlar, \u0130slam\u2019la bulu\u015fanlar, deizm, \u0130slam\u2019\u0131n sosyal, k\u00fclt\u00fcrel, estetik g\u00f6r\u00fcn\u00fcmleri de\u011fi\u015fik bak\u0131\u015f a\u00e7\u0131lar\u0131yla i\u015flenmi\u015ftir. Bu kitap, \u0130slam inanc\u0131na ve ya\u015fant\u0131s\u0131na bilinen s\u0131radan yakla\u015f\u0131mlardan, cahil ve k\u00f6t\u00fc niyetli ki\u015fi ve yap\u0131lar\u0131n telkin eti\u011fi yanl\u0131\u015f \u0130slam\u2019dan farkl\u0131 olarak olabildi\u011fince Kur\u2019an ve Hz. Muhammed merkezli bir \u0130slam alg\u0131s\u0131na yaslanmaktad\u0131r.<\/p>\n","protected":false},"excerpt":{"rendered":"<p>Bu kitapta \u0130slam iman\u0131n\u0131n hayata verdi\u011fi anlam ve \u015fevk, hayata bilgece yakla\u015f\u0131mlar, \u0130slam\u2019la bulu\u015fanlar, deizm, \u0130slam\u2019\u0131n sosyal, k\u00fclt\u00fcrel, estetik g\u00f6r\u00fcn\u00fcmleri de\u011fi\u015fik bak\u0131\u015f a\u00e7\u0131lar\u0131yla i\u015flenmi\u015ftir. Bu kitap,<span class=\"excerpt-hellip\"> [\u2026]<\/span><\/p>\n","protected":false},"featured_media":0,"template":"","meta":{"_monsterinsights_skip_tracking":false,"_monsterinsights_sitenote_active":false,"_monsterinsights_sitenote_note":"","_monsterinsights_sitenote_category":0},"product_brand":[],"product_cat":[13036,12718,12719],"product_tag":[],"class_list":{"0":"post-732393","1":"product","2":"type-product","3":"status-publish","5":"product_cat-arastirma-inceleme-islam","6":"product_cat-din","7":"product_cat-islam","8":"pa_cilt-ciltsiz","9":"pa_tur-kitap","10":"pa_yayinevi-imbik-yayinlari","11":"pa_yazar-nurullah-cetin","13":"first","14":"instock","15":"sale","16":"shipping-taxable","17":"purchasable","18":"product-type-simple"},"_links":{"self":[{"href":"https:\/\/roveyayinevi.com.tr\/index.php\/wp-json\/wp\/v2\/product\/732393","targetHints":{"allow":["GET"]}}],"collection":[{"href":"https:\/\/roveyayinevi.com.tr\/index.php\/wp-json\/wp\/v2\/product"}],"about":[{"href":"https:\/\/roveyayinevi.com.tr\/index.php\/wp-json\/wp\/v2\/types\/product"}],"wp:attachment":[{"href":"https:\/\/roveyayinevi.com.tr\/index.php\/wp-json\/wp\/v2\/media?parent=732393"}],"wp:term":[{"taxonomy":"product_brand","embeddable":true,"href":"https:\/\/roveyayinevi.com.tr\/index.php\/wp-json\/wp\/v2\/product_brand?post=732393"},{"taxonomy":"product_cat","embeddable":true,"href":"https:\/\/roveyayinevi.com.tr\/index.php\/wp-json\/wp\/v2\/product_cat?post=732393"},{"taxonomy":"product_tag","embeddable":true,"href":"https:\/\/roveyayinevi.com.tr\/index.php\/wp-json\/wp\/v2\/product_tag?post=732393"}],"curies":[{"name":"wp","href":"https:\/\/api.w.org\/{rel}","templated":true}]}}