{"id":732372,"date":"2025-08-27T21:49:07","date_gmt":"2025-08-27T18:49:07","guid":{"rendered":"https:\/\/roveyayinevi.com.tr\/index.php\/urun\/ender-kus\/"},"modified":"2026-04-16T02:40:18","modified_gmt":"2026-04-15T23:40:18","slug":"ender-kus","status":"publish","type":"product","link":"https:\/\/roveyayinevi.com.tr\/index.php\/urun\/ender-kus\/","title":{"rendered":"Ender Ku\u015f"},"content":{"rendered":"<p>\u00c7a\u011fda\u015f Amerikan edebiyat\u0131n\u0131n \u00f6d\u00fcll\u00fc yazar\u0131 Shelley Pearsall, bak\u0131\u015f a\u00e7\u0131s\u0131n\u0131n, empatinin ve yarat\u0131c\u0131l\u0131\u011f\u0131n birle\u015ftirici etkisini g\u00f6zler \u00f6n\u00fcne seriyor. Her ya\u015ftan okuru, ya\u015fam\u0131 bamba\u015fka g\u00f6rebilen \u00e7ocuklar\u0131n d\u00fcnyas\u0131na davet eden roman, bak\u0131\u015f a\u00e7\u0131s\u0131n\u0131n \u00f6nemini \u00e7arp\u0131c\u0131 bir hik\u00e2yeyle resmediyor. \u00d6zel bir \u00e7ocu\u011fun, s\u0131rad\u0131\u015f\u0131 g\u00f6zlem g\u00fcc\u00fcne sahip bir ba\u015fka \u00e7ocu\u011fun g\u00f6z\u00fcnden anlat\u0131lan yolculu\u011fu, zengin karakterlerle renkleniyor, usta i\u015fi bir kurguyla i\u015fleniyor. Sanattan spora, otizmden arkada\u015fl\u0131\u011fa uzanan ve ger\u00e7ek bir hik\u00e2yeden esinlenerek kaleme al\u0131nan roman, hepimize farkl\u0131l\u0131klar\u0131n uyumunu ve de\u011fi\u015fimin g\u00fcc\u00fcn\u00fc duyumsat\u0131yor. April, ders aralar\u0131nda k\u00fc\u00e7\u00fck s\u0131n\u0131flar\u0131n g\u00f6n\u00fcll\u00fc g\u00f6zetmenli\u011fini yapar. Herkesin tuhaf bulup d\u0131\u015flad\u0131\u011f\u0131 Joey\u2019nin okul bah\u00e7esindeki s\u0131rad\u0131\u015f\u0131 hareketleri dikkatini \u00e7eker. Kimseyle ileti\u015fim kurmayan Joey\u2019yi izledik\u00e7e, onun rastgele daireler \u00e7izmedi\u011fini, asl\u0131nda bamba\u015fka bir bak\u0131\u015f a\u00e7\u0131s\u0131na sahip oldu\u011funu ke\u015ffeder. Yeni arkada\u015f\u0131 Veena ile birlikte Joey\u2019nin ola\u011fan\u00fcst\u00fc desenlerinin s\u0131rr\u0131n\u0131 \u00e7\u00f6zmeye \u00e7al\u0131\u015f\u0131rlar. Onlar\u0131n sayesinde okulun ilgi oda\u011f\u0131 oluveren Joey i\u00e7inse \u00e7ok \u015fey de\u011fi\u015fecektir&#8230;<\/p>\n","protected":false},"excerpt":{"rendered":"<p>\u00c7a\u011fda\u015f Amerikan edebiyat\u0131n\u0131n \u00f6d\u00fcll\u00fc yazar\u0131 Shelley Pearsall, bak\u0131\u015f a\u00e7\u0131s\u0131n\u0131n, empatinin ve yarat\u0131c\u0131l\u0131\u011f\u0131n birle\u015ftirici etkisini g\u00f6zler \u00f6n\u00fcne seriyor. Her ya\u015ftan okuru, ya\u015fam\u0131 bamba\u015fka g\u00f6rebilen \u00e7ocuklar\u0131n d\u00fcnyas\u0131na davet<span class=\"excerpt-hellip\"> [\u2026]<\/span><\/p>\n","protected":false},"featured_media":0,"template":"","meta":{"_monsterinsights_skip_tracking":false,"_monsterinsights_sitenote_active":false,"_monsterinsights_sitenote_note":"","_monsterinsights_sitenote_category":0},"product_brand":[],"product_cat":[12275,12274],"product_tag":[],"class_list":{"0":"post-732372","1":"product","2":"type-product","3":"status-publish","5":"product_cat-6-12-yas-kitaplari","6":"product_cat-cocuk-ve-genclik-kitaplari","7":"pa_cilt-ciltsiz","8":"pa_tur-kitap","9":"pa_yayinevi-gunisigi-kitapligi","10":"pa_yazar-shelley-pearsall","12":"first","13":"instock","14":"sale","15":"shipping-taxable","16":"purchasable","17":"product-type-simple"},"_links":{"self":[{"href":"https:\/\/roveyayinevi.com.tr\/index.php\/wp-json\/wp\/v2\/product\/732372","targetHints":{"allow":["GET"]}}],"collection":[{"href":"https:\/\/roveyayinevi.com.tr\/index.php\/wp-json\/wp\/v2\/product"}],"about":[{"href":"https:\/\/roveyayinevi.com.tr\/index.php\/wp-json\/wp\/v2\/types\/product"}],"wp:attachment":[{"href":"https:\/\/roveyayinevi.com.tr\/index.php\/wp-json\/wp\/v2\/media?parent=732372"}],"wp:term":[{"taxonomy":"product_brand","embeddable":true,"href":"https:\/\/roveyayinevi.com.tr\/index.php\/wp-json\/wp\/v2\/product_brand?post=732372"},{"taxonomy":"product_cat","embeddable":true,"href":"https:\/\/roveyayinevi.com.tr\/index.php\/wp-json\/wp\/v2\/product_cat?post=732372"},{"taxonomy":"product_tag","embeddable":true,"href":"https:\/\/roveyayinevi.com.tr\/index.php\/wp-json\/wp\/v2\/product_tag?post=732372"}],"curies":[{"name":"wp","href":"https:\/\/api.w.org\/{rel}","templated":true}]}}