{"id":732358,"date":"2025-08-27T21:48:55","date_gmt":"2025-08-27T18:48:55","guid":{"rendered":"https:\/\/roveyayinevi.com.tr\/index.php\/urun\/cocuklar-icin-sudoku-2\/"},"modified":"2026-04-16T02:40:17","modified_gmt":"2026-04-15T23:40:17","slug":"cocuklar-icin-sudoku-2","status":"publish","type":"product","link":"https:\/\/roveyayinevi.com.tr\/index.php\/urun\/cocuklar-icin-sudoku-2\/","title":{"rendered":"\u00c7ocuklar \u0130\u00e7in Sudoku 2"},"content":{"rendered":"<p>\u00c7OCUKLAR \u0130\u00c7\u0130N SUDOKU-2 Daha \u00f6nce hi\u00e7 sudoku oynad\u0131n\u0131z m\u0131? Kurallar\u0131n\u0131n ne kadar basit oldu\u011funu biliyor musunuz? Peki, sudokunun konsantrasyonu ve yarat\u0131c\u0131l\u0131\u011f\u0131 art\u0131rd\u0131\u011f\u0131ndan haberiniz var m\u0131? Bu sorulara cevab\u0131n\u0131z &#8220;Hay\u0131r!&#8221; ise sudoku oynaman\u0131n zaman\u0131 gelmi\u015f demektir. Sudoku; zek\u00e2y\u0131 geli\u015ftiren, zihni dinlendiren, matematik problemlerini \u00e7\u00f6zme becerisini art\u0131ran, haf\u0131zay\u0131 g\u00fc\u00e7lendiren bir oyundur. Sudoku oynad\u0131\u011f\u0131n\u0131zda \u00e7ok zevk alacaks\u0131n\u0131z hatta al\u0131\u015fkanl\u0131k yaratacak. Haydi ba\u015flayal\u0131m! <\/p>\n","protected":false},"excerpt":{"rendered":"<p>\u00c7OCUKLAR \u0130\u00c7\u0130N SUDOKU-2 Daha \u00f6nce hi\u00e7 sudoku oynad\u0131n\u0131z m\u0131? Kurallar\u0131n\u0131n ne kadar basit oldu\u011funu biliyor musunuz? Peki, sudokunun konsantrasyonu ve yarat\u0131c\u0131l\u0131\u011f\u0131 art\u0131rd\u0131\u011f\u0131ndan haberiniz var m\u0131? Bu<span class=\"excerpt-hellip\"> [\u2026]<\/span><\/p>\n","protected":false},"featured_media":0,"template":"","meta":{"_monsterinsights_skip_tracking":false,"_monsterinsights_sitenote_active":false,"_monsterinsights_sitenote_note":"","_monsterinsights_sitenote_category":0},"product_brand":[],"product_cat":[12492,12274],"product_tag":[],"class_list":{"0":"post-732358","1":"product","2":"type-product","3":"status-publish","5":"product_cat-bilmece-bulmaca","6":"product_cat-cocuk-ve-genclik-kitaplari","7":"pa_cilt-ciltsiz","8":"pa_tur-kitap10","9":"pa_yayinevi-beyaz-balina-yayinlari","10":"pa_yazar-ramazan-oktay","12":"first","13":"instock","14":"sale","15":"shipping-taxable","16":"purchasable","17":"product-type-simple"},"_links":{"self":[{"href":"https:\/\/roveyayinevi.com.tr\/index.php\/wp-json\/wp\/v2\/product\/732358","targetHints":{"allow":["GET"]}}],"collection":[{"href":"https:\/\/roveyayinevi.com.tr\/index.php\/wp-json\/wp\/v2\/product"}],"about":[{"href":"https:\/\/roveyayinevi.com.tr\/index.php\/wp-json\/wp\/v2\/types\/product"}],"wp:attachment":[{"href":"https:\/\/roveyayinevi.com.tr\/index.php\/wp-json\/wp\/v2\/media?parent=732358"}],"wp:term":[{"taxonomy":"product_brand","embeddable":true,"href":"https:\/\/roveyayinevi.com.tr\/index.php\/wp-json\/wp\/v2\/product_brand?post=732358"},{"taxonomy":"product_cat","embeddable":true,"href":"https:\/\/roveyayinevi.com.tr\/index.php\/wp-json\/wp\/v2\/product_cat?post=732358"},{"taxonomy":"product_tag","embeddable":true,"href":"https:\/\/roveyayinevi.com.tr\/index.php\/wp-json\/wp\/v2\/product_tag?post=732358"}],"curies":[{"name":"wp","href":"https:\/\/api.w.org\/{rel}","templated":true}]}}